{"id":24567,"date":"2024-03-05T20:01:53","date_gmt":"2024-03-05T19:01:53","guid":{"rendered":"https:\/\/sp1hrubieszow.pl\/?page_id=24567"},"modified":"2024-03-05T20:02:36","modified_gmt":"2024-03-05T19:02:36","slug":"z-wizyta-w-grenadzie","status":"publish","type":"page","link":"https:\/\/sp1hrubieszow.pl\/index.php\/kronika-2020-2021\/z-wizyta-w-grenadzie\/","title":{"rendered":"Z wizyt\u0105 w Grenadzie"},"content":{"rendered":"\n<p><img loading=\"lazy\" decoding=\"async\" class=\"alignnone size-medium wp-image-24284 aligncenter\" src=\"http:\/\/sp1hrubieszow.pl\/wp-content\/uploads\/2024\/01\/logo_4_dof-300x67.png\" alt=\"\" width=\"300\" height=\"67\" srcset=\"https:\/\/sp1hrubieszow.pl\/wp-content\/uploads\/2024\/01\/logo_4_dof-300x67.png 300w, https:\/\/sp1hrubieszow.pl\/wp-content\/uploads\/2024\/01\/logo_4_dof.png 418w\" sizes=\"auto, (max-width: 300px) 100vw, 300px\" \/><\/p>\n<p><span style=\"color: #000080;\">Od 12 do 25 lutego trwa\u0142a nasza hiszpa\u0144ska przygoda w ramach projektu&nbsp;<strong>ERASMUS+ \u201eHola Espa\u00f1a! Rozwijanie kompetencji uczni\u00f3w Szko\u0142y Podstawowej im. B. Prusa w Hrubieszowie\u201d, nr projektu: 2023-1-PL01-KA122-SCH-000119355.&nbsp;<\/strong><\/span><\/p>\n<p><span style=\"background-color: #ffffff; color: #000080;\">Podczas wyjazdu edukacyjnego mieli\u015bmy mo\u017cliwo\u015b\u0107 uczestniczenia w lekcjach wraz z m\u0142odzie\u017c\u0105 hiszpa\u0144sk\u0105.&nbsp; Poznali\u015bmy wielu wspania\u0142ych m\u0142odych ludzi oraz ich nauczycieli. Na pewno d\u0142ugo b\u0119dziemy wspomina\u0107 lekcj\u0119 fizyki, podczas kt\u00f3rej robili\u015bmy czekolad\u0119. Uczestniczyli\u015bmy tak\u017ce &#8211; w ramach zaj\u0119\u0107 lekcyjnych &#8211; w warsztatach flamenco.&nbsp; Brali\u015bmy tak\u017ce udzia\u0142 w zaj\u0119ciach organizowanych w siedzibie Fundacji &#8221; Universal Mobility&#8221; oraz w grze miejskiej w centrum Grenady.&nbsp;<\/span><\/p>\n<p><span style=\"color: #000080;\">Zwiedzali\u015bmy przepi\u0119kn\u0105 Grenad\u0119 i jej szczeg\u00f3lne miejsca: Albayzin, Alhambra, Realejo i wiele innych. Uczestniczyli\u015bmy r\u00f3wnie\u017c w wycieczce do urokliwej miejscowo\u015bci Nerja, gdzie zwiedzali\u015bmy jaskini\u0119 oraz zachwycali\u015bmy si\u0119 pi\u0119knem Morza \u015ar\u00f3dziemnego. A tak\u017ce odwiedzili\u015bmy Cordob\u0119 i jej najpopularniejsz\u0105 atrakcj\u0119 &#8211; wielki meczet, w kt\u00f3rym obecnie znajduje si\u0119 katedra chrze\u015bcija\u0144ska.<\/span>&nbsp;<\/p>\n<p><span style=\"color: #000080;\">Poznali\u015bmy hiszpa\u0144skie zwyczaje np. te zwi\u0105zane ze \u015arod\u0105 Popielcow\u0105, hiszpa\u0144sk\u0105 kuchni\u0119 oraz podstawy j\u0119zyka hiszpa\u0144skiego.&nbsp;<\/span><\/p>\n<p><span style=\"color: #000080;\">To by\u0142 wspania\u0142y i niezapomniany czas. \u017bal by\u0142o nam opuszcza\u0107 tereny Andaluzji i po\u017cegna\u0107 si\u0119 z nowymi znajomymi. Na szcz\u0119\u015bcie projekt jeszcze si\u0119 nie zako\u0144czy\u0142. Przed nami wiele dzia\u0142a\u0144, kt\u00f3re pozwol\u0105 wr\u00f3ci\u0107 nam do Grenady przynajmniej we wspomnieniach. \ud83d\ude42<\/span><\/p>\nngg_shortcode_0_placeholder\nngg_shortcode_1_placeholder\n<p>&nbsp;<\/p>\n","protected":false},"excerpt":{"rendered":"<p>Od 12 do 25 lutego trwa\u0142a nasza hiszpa\u0144ska przygoda w ramach projektu&nbsp;ERASMUS+ \u201eHola Espa\u00f1a! Rozwijanie kompetencji uczni\u00f3w Szko\u0142y Podstawowej im. B. Prusa w Hrubieszowie\u201d, nr projektu: 2023-1-PL01-KA122-SCH-000119355.&nbsp; Podczas wyjazdu edukacyjnego mieli\u015bmy mo\u017cliwo\u015b\u0107 uczestniczenia w lekcjach wraz z m\u0142odzie\u017c\u0105 hiszpa\u0144sk\u0105.&nbsp; Poznali\u015bmy wielu wspania\u0142ych m\u0142odych ludzi oraz ich nauczycieli. Na pewno d\u0142ugo b\u0119dziemy wspomina\u0107 lekcj\u0119 fizyki, podczas [&hellip;]<\/p>\n","protected":false},"author":2,"featured_media":0,"parent":5983,"menu_order":0,"comment_status":"closed","ping_status":"closed","template":"","meta":{"ngg_post_thumbnail":0,"footnotes":""},"class_list":["post-24567","page","type-page","status-publish","hentry"],"_links":{"self":[{"href":"https:\/\/sp1hrubieszow.pl\/index.php\/wp-json\/wp\/v2\/pages\/24567","targetHints":{"allow":["GET"]}}],"collection":[{"href":"https:\/\/sp1hrubieszow.pl\/index.php\/wp-json\/wp\/v2\/pages"}],"about":[{"href":"https:\/\/sp1hrubieszow.pl\/index.php\/wp-json\/wp\/v2\/types\/page"}],"author":[{"embeddable":true,"href":"https:\/\/sp1hrubieszow.pl\/index.php\/wp-json\/wp\/v2\/users\/2"}],"replies":[{"embeddable":true,"href":"https:\/\/sp1hrubieszow.pl\/index.php\/wp-json\/wp\/v2\/comments?post=24567"}],"version-history":[{"count":2,"href":"https:\/\/sp1hrubieszow.pl\/index.php\/wp-json\/wp\/v2\/pages\/24567\/revisions"}],"predecessor-version":[{"id":24660,"href":"https:\/\/sp1hrubieszow.pl\/index.php\/wp-json\/wp\/v2\/pages\/24567\/revisions\/24660"}],"up":[{"embeddable":true,"href":"https:\/\/sp1hrubieszow.pl\/index.php\/wp-json\/wp\/v2\/pages\/5983"}],"wp:attachment":[{"href":"https:\/\/sp1hrubieszow.pl\/index.php\/wp-json\/wp\/v2\/media?parent=24567"}],"curies":[{"name":"wp","href":"https:\/\/api.w.org\/{rel}","templated":true}]}}