{"id":24363,"date":"2024-02-16T15:43:06","date_gmt":"2024-02-16T14:43:06","guid":{"rendered":"https:\/\/sp1hrubieszow.pl\/?page_id=24363"},"modified":"2024-02-16T15:43:06","modified_gmt":"2024-02-16T14:43:06","slug":"walentynki","status":"publish","type":"page","link":"https:\/\/sp1hrubieszow.pl\/index.php\/kronika-2019-2020\/walentynki\/","title":{"rendered":"WALENTYNKI"},"content":{"rendered":"\n<p><span style=\"color: #000080;\">14 lutego nasza szko\u0142a obchodzi\u0142a Dzie\u0144 Zakochanych. Jak co roku, tak i w tym dzia\u0142a\u0142a poczta walentynkowa. Kartek by\u0142o bardzo du\u017co, dlatego te\u017c Samorz\u0105d Uczniowski mia\u0142 sporo pracy w dostarczeniu ich do adresat\u00f3w. W szkole panowa\u0142 mi\u0142y nastr\u00f3j, korytarze by\u0142y pi\u0119knie udekorowane serduszkami, du\u017co os\u00f3b za\u0142o\u017cy\u0142o czerwony element ubioru, by podkre\u015bli\u0107 dzie\u0144 \u015awi\u0119tego Walentego. W bibliotece czytelnicy stworzyli plakat <\/span><br><span style=\"color: #000080;\">o walentynkowych skojarzeniach. &nbsp;By\u0142 to bardzo mi\u0142y dzie\u0144 \ud83d\ude42<\/span><\/p>\nngg_shortcode_0_placeholder\n<p>&nbsp;<\/p>\n","protected":false},"excerpt":{"rendered":"<p>14 lutego nasza szko\u0142a obchodzi\u0142a Dzie\u0144 Zakochanych. Jak co roku, tak i w tym dzia\u0142a\u0142a poczta walentynkowa. Kartek by\u0142o bardzo du\u017co, dlatego te\u017c Samorz\u0105d Uczniowski mia\u0142 sporo pracy w dostarczeniu ich do adresat\u00f3w. W szkole panowa\u0142 mi\u0142y nastr\u00f3j, korytarze by\u0142y pi\u0119knie udekorowane serduszkami, du\u017co os\u00f3b za\u0142o\u017cy\u0142o czerwony element ubioru, by podkre\u015bli\u0107 dzie\u0144 \u015awi\u0119tego Walentego. W [&hellip;]<\/p>\n","protected":false},"author":4,"featured_media":0,"parent":2167,"menu_order":0,"comment_status":"closed","ping_status":"closed","template":"","meta":{"ngg_post_thumbnail":0,"footnotes":""},"class_list":["post-24363","page","type-page","status-publish","hentry"],"_links":{"self":[{"href":"https:\/\/sp1hrubieszow.pl\/index.php\/wp-json\/wp\/v2\/pages\/24363","targetHints":{"allow":["GET"]}}],"collection":[{"href":"https:\/\/sp1hrubieszow.pl\/index.php\/wp-json\/wp\/v2\/pages"}],"about":[{"href":"https:\/\/sp1hrubieszow.pl\/index.php\/wp-json\/wp\/v2\/types\/page"}],"author":[{"embeddable":true,"href":"https:\/\/sp1hrubieszow.pl\/index.php\/wp-json\/wp\/v2\/users\/4"}],"replies":[{"embeddable":true,"href":"https:\/\/sp1hrubieszow.pl\/index.php\/wp-json\/wp\/v2\/comments?post=24363"}],"version-history":[{"count":1,"href":"https:\/\/sp1hrubieszow.pl\/index.php\/wp-json\/wp\/v2\/pages\/24363\/revisions"}],"predecessor-version":[{"id":24364,"href":"https:\/\/sp1hrubieszow.pl\/index.php\/wp-json\/wp\/v2\/pages\/24363\/revisions\/24364"}],"up":[{"embeddable":true,"href":"https:\/\/sp1hrubieszow.pl\/index.php\/wp-json\/wp\/v2\/pages\/2167"}],"wp:attachment":[{"href":"https:\/\/sp1hrubieszow.pl\/index.php\/wp-json\/wp\/v2\/media?parent=24363"}],"curies":[{"name":"wp","href":"https:\/\/api.w.org\/{rel}","templated":true}]}}