{"id":24327,"date":"2024-02-04T11:57:37","date_gmt":"2024-02-04T10:57:37","guid":{"rendered":"https:\/\/sp1hrubieszow.pl\/?page_id=24327"},"modified":"2024-02-06T15:12:27","modified_gmt":"2024-02-06T14:12:27","slug":"terminy-rekrutacji-do-klasy-pierwszej","status":"publish","type":"page","link":"https:\/\/sp1hrubieszow.pl\/index.php\/kronika-2020-2021\/terminy-rekrutacji-do-klasy-pierwszej\/","title":{"rendered":"Terminy rekrutacji do klasy pierwszej"},"content":{"rendered":"\n\n\n<p><span style=\"color: #000080;\">Zainteresowanych prosimy o zapoznanie si\u0119 z poni\u017cszym dokumentem:<\/span><\/p>\n<h2><span style=\"color: #000080;\"><strong><a style=\"color: #000080;\" href=\"http:\/\/sp1hrubieszow.pl\/wp-content\/uploads\/2024\/02\/Illustration-School-Material-Stationary-Blank-Paper-A4-Document-1.pdf\">REKRUTACJA DO KLASY 1<\/a><\/strong><\/span><\/h2>\n<p><span style=\"color: #000080;\">Wymagane dokumenty s\u0105 dost\u0119pne w zak\u0142adce REKRUTACJA oraz w sekretariacie szko\u0142y.&nbsp;<\/span><\/p>\n<p style=\"text-align: center;\"><span style=\"color: #000080;\">ZAPRASZAMY!!!<\/span><\/p>\n\n\n","protected":false},"excerpt":{"rendered":"<p>Zainteresowanych prosimy o zapoznanie si\u0119 z poni\u017cszym dokumentem: REKRUTACJA DO KLASY 1 Wymagane dokumenty s\u0105 dost\u0119pne w zak\u0142adce REKRUTACJA oraz w sekretariacie szko\u0142y.&nbsp; ZAPRASZAMY!!!<\/p>\n","protected":false},"author":2,"featured_media":0,"parent":5983,"menu_order":0,"comment_status":"closed","ping_status":"closed","template":"","meta":{"ngg_post_thumbnail":0,"footnotes":""},"class_list":["post-24327","page","type-page","status-publish","hentry"],"_links":{"self":[{"href":"https:\/\/sp1hrubieszow.pl\/index.php\/wp-json\/wp\/v2\/pages\/24327","targetHints":{"allow":["GET"]}}],"collection":[{"href":"https:\/\/sp1hrubieszow.pl\/index.php\/wp-json\/wp\/v2\/pages"}],"about":[{"href":"https:\/\/sp1hrubieszow.pl\/index.php\/wp-json\/wp\/v2\/types\/page"}],"author":[{"embeddable":true,"href":"https:\/\/sp1hrubieszow.pl\/index.php\/wp-json\/wp\/v2\/users\/2"}],"replies":[{"embeddable":true,"href":"https:\/\/sp1hrubieszow.pl\/index.php\/wp-json\/wp\/v2\/comments?post=24327"}],"version-history":[{"count":2,"href":"https:\/\/sp1hrubieszow.pl\/index.php\/wp-json\/wp\/v2\/pages\/24327\/revisions"}],"predecessor-version":[{"id":24350,"href":"https:\/\/sp1hrubieszow.pl\/index.php\/wp-json\/wp\/v2\/pages\/24327\/revisions\/24350"}],"up":[{"embeddable":true,"href":"https:\/\/sp1hrubieszow.pl\/index.php\/wp-json\/wp\/v2\/pages\/5983"}],"wp:attachment":[{"href":"https:\/\/sp1hrubieszow.pl\/index.php\/wp-json\/wp\/v2\/media?parent=24327"}],"curies":[{"name":"wp","href":"https:\/\/api.w.org\/{rel}","templated":true}]}}