{"id":24270,"date":"2024-01-30T13:26:41","date_gmt":"2024-01-30T12:26:41","guid":{"rendered":"https:\/\/sp1hrubieszow.pl\/?page_id=24270"},"modified":"2024-01-30T21:38:10","modified_gmt":"2024-01-30T20:38:10","slug":"wizyta-przygotowawcza-w-ramach-projektu-erasmus","status":"publish","type":"page","link":"https:\/\/sp1hrubieszow.pl\/index.php\/kronika-2020-2021\/wizyta-przygotowawcza-w-ramach-projektu-erasmus\/","title":{"rendered":"Wizyta przygotowawcza w ramach projektu Erasmus+"},"content":{"rendered":"\n<p>&nbsp;<\/p>\n<p style=\"text-align: left;\"><img loading=\"lazy\" decoding=\"async\" class=\" wp-image-24284 aligncenter\" src=\"http:\/\/sp1hrubieszow.pl\/wp-content\/uploads\/2024\/01\/logo_4_dof-300x67.png\" alt=\"\" width=\"479\" height=\"107\" srcset=\"https:\/\/sp1hrubieszow.pl\/wp-content\/uploads\/2024\/01\/logo_4_dof-300x67.png 300w, https:\/\/sp1hrubieszow.pl\/wp-content\/uploads\/2024\/01\/logo_4_dof.png 418w\" sizes=\"auto, (max-width: 479px) 100vw, 479px\" \/><\/p>\n<p style=\"text-align: left;\"><span style=\"color: #000080;\">W dniach 24.01.-26.01. 2024 odby\u0142a si\u0119 wizyta przygotowawcza w Hiszpanii w ramach projektu ERASMUS+ &#8222;Hola Espa\u00f1a! Rozwijanie kompetencji uczni\u00f3w Szko\u0142y Podstawowej im. B. Prusa w Hrubieszowie&#8221;, nr projektu: 2023-1-PL01-KA122-SCH-000119355. Podczas wizyty nauczyciele odwiedzili Centro Ave Maria Vistillas, szko\u0142\u0119 z ponad stuletni\u0105 histori\u0105, w kt\u00f3rej nasi uczniowie realizowali b\u0119d\u0105 sw\u00f3j plan mobilno\u015bci. Wizyta przygotowawcza s\u0142u\u017cy\u0142a organizacji mobilno\u015bci uczestnik\u00f3w projektu Erasmus+ i ustaleniu szczeg\u00f3\u0142owego programu wyjazdu do Granady. Nauczyciele mieli mo\u017cliwo\u015b\u0107 poznania warunk\u00f3w panuj\u0105cych w szkole, om\u00f3wiono program mobilno\u015bci oraz sprawy zwi\u0105zane z zakwaterowaniem i logistyk\u0105 pobytu uczestnik\u00f3w projektu w Hiszpanii. Program realizowany przez uczni\u00f3w obejmuje r\u00f3wnie\u017c cz\u0119\u015b\u0107 kulturow\u0105 w zwi\u0105zku z tym nauczyciele w czasie pobytu mieli mo\u017cliwo\u015b\u0107 zobaczenia najpi\u0119kniejszych miejsc Granady. <\/span><\/p>\n<p style=\"text-align: left;\"><span style=\"color: #000080;\">Projekt mo\u017cemy realizowa\u0107 dzi\u0119ki wsparciu pani Marty Majewskiej &#8211; Burmistrz Miasta Hrubieszowa oraz Hrubiesz\u00f3w Miasto z Klimatem, za co serdecznie dzi\u0119kujemy.<\/span><\/p>\nngg_shortcode_0_placeholder\n\n\n","protected":false},"excerpt":{"rendered":"<p>&nbsp; W dniach 24.01.-26.01. 2024 odby\u0142a si\u0119 wizyta przygotowawcza w Hiszpanii w ramach projektu ERASMUS+ &#8222;Hola Espa\u00f1a! Rozwijanie kompetencji uczni\u00f3w Szko\u0142y Podstawowej im. B. Prusa w Hrubieszowie&#8221;, nr projektu: 2023-1-PL01-KA122-SCH-000119355. Podczas wizyty nauczyciele odwiedzili Centro Ave Maria Vistillas, szko\u0142\u0119 z ponad stuletni\u0105 histori\u0105, w kt\u00f3rej nasi uczniowie realizowali b\u0119d\u0105 sw\u00f3j plan mobilno\u015bci. Wizyta przygotowawcza s\u0142u\u017cy\u0142a [&hellip;]<\/p>\n","protected":false},"author":2,"featured_media":0,"parent":5983,"menu_order":0,"comment_status":"closed","ping_status":"closed","template":"","meta":{"ngg_post_thumbnail":0,"footnotes":""},"class_list":["post-24270","page","type-page","status-publish","hentry"],"_links":{"self":[{"href":"https:\/\/sp1hrubieszow.pl\/index.php\/wp-json\/wp\/v2\/pages\/24270","targetHints":{"allow":["GET"]}}],"collection":[{"href":"https:\/\/sp1hrubieszow.pl\/index.php\/wp-json\/wp\/v2\/pages"}],"about":[{"href":"https:\/\/sp1hrubieszow.pl\/index.php\/wp-json\/wp\/v2\/types\/page"}],"author":[{"embeddable":true,"href":"https:\/\/sp1hrubieszow.pl\/index.php\/wp-json\/wp\/v2\/users\/2"}],"replies":[{"embeddable":true,"href":"https:\/\/sp1hrubieszow.pl\/index.php\/wp-json\/wp\/v2\/comments?post=24270"}],"version-history":[{"count":2,"href":"https:\/\/sp1hrubieszow.pl\/index.php\/wp-json\/wp\/v2\/pages\/24270\/revisions"}],"predecessor-version":[{"id":24285,"href":"https:\/\/sp1hrubieszow.pl\/index.php\/wp-json\/wp\/v2\/pages\/24270\/revisions\/24285"}],"up":[{"embeddable":true,"href":"https:\/\/sp1hrubieszow.pl\/index.php\/wp-json\/wp\/v2\/pages\/5983"}],"wp:attachment":[{"href":"https:\/\/sp1hrubieszow.pl\/index.php\/wp-json\/wp\/v2\/media?parent=24270"}],"curies":[{"name":"wp","href":"https:\/\/api.w.org\/{rel}","templated":true}]}}