{"id":24208,"date":"2024-01-29T20:17:13","date_gmt":"2024-01-29T19:17:13","guid":{"rendered":"https:\/\/sp1hrubieszow.pl\/?page_id=24208"},"modified":"2024-02-20T20:53:35","modified_gmt":"2024-02-20T19:53:35","slug":"lektura-w-pudelku-plastyczne-talenty-klasy-4a","status":"publish","type":"page","link":"https:\/\/sp1hrubieszow.pl\/index.php\/kronika-2019-2020\/lektura-w-pudelku-plastyczne-talenty-klasy-4a\/","title":{"rendered":"LEKTURA W PUDE\u0141KU \u2013 plastyczne talenty klasy 4a"},"content":{"rendered":"\n\n\n<p><span style=\"color: #000080;\">Uczniowie klasy 4a postanowili w spos\u00f3b wizualny zaprezentowa\u0107 jedn\u0105 z omawianych na j\u0119zyku polskim lektur. &nbsp;Wyb\u00f3r pad\u0142 na \u201eMiko\u0142ajka\u201d Rene Goscinnego i Jeana-Jacques`a Sempego. Ka\u017cdy ucze\u0144 mia\u0142 za zadanie wybra\u0107 sobie jedno opowiadanie&nbsp; i przedstawi\u0107 je w formie LEKTURY W PUDE\u0141KU. Wykonane przez czwartoklasist\u00f3w prace prezentuj\u0105 si\u0119 naprawd\u0119 ciekawie.<\/span><\/p>\nngg_shortcode_0_placeholder\n","protected":false},"excerpt":{"rendered":"<p>Uczniowie klasy 4a postanowili w spos\u00f3b wizualny zaprezentowa\u0107 jedn\u0105 z omawianych na j\u0119zyku polskim lektur. &nbsp;Wyb\u00f3r pad\u0142 na \u201eMiko\u0142ajka\u201d Rene Goscinnego i Jeana-Jacques`a Sempego. Ka\u017cdy ucze\u0144 mia\u0142 za zadanie wybra\u0107 sobie jedno opowiadanie&nbsp; i przedstawi\u0107 je w formie LEKTURY W PUDE\u0141KU. Wykonane przez czwartoklasist\u00f3w prace prezentuj\u0105 si\u0119 naprawd\u0119 ciekawie.<\/p>\n","protected":false},"author":4,"featured_media":0,"parent":2167,"menu_order":0,"comment_status":"closed","ping_status":"closed","template":"","meta":{"ngg_post_thumbnail":0,"footnotes":""},"class_list":["post-24208","page","type-page","status-publish","hentry"],"_links":{"self":[{"href":"https:\/\/sp1hrubieszow.pl\/index.php\/wp-json\/wp\/v2\/pages\/24208","targetHints":{"allow":["GET"]}}],"collection":[{"href":"https:\/\/sp1hrubieszow.pl\/index.php\/wp-json\/wp\/v2\/pages"}],"about":[{"href":"https:\/\/sp1hrubieszow.pl\/index.php\/wp-json\/wp\/v2\/types\/page"}],"author":[{"embeddable":true,"href":"https:\/\/sp1hrubieszow.pl\/index.php\/wp-json\/wp\/v2\/users\/4"}],"replies":[{"embeddable":true,"href":"https:\/\/sp1hrubieszow.pl\/index.php\/wp-json\/wp\/v2\/comments?post=24208"}],"version-history":[{"count":3,"href":"https:\/\/sp1hrubieszow.pl\/index.php\/wp-json\/wp\/v2\/pages\/24208\/revisions"}],"predecessor-version":[{"id":24400,"href":"https:\/\/sp1hrubieszow.pl\/index.php\/wp-json\/wp\/v2\/pages\/24208\/revisions\/24400"}],"up":[{"embeddable":true,"href":"https:\/\/sp1hrubieszow.pl\/index.php\/wp-json\/wp\/v2\/pages\/2167"}],"wp:attachment":[{"href":"https:\/\/sp1hrubieszow.pl\/index.php\/wp-json\/wp\/v2\/media?parent=24208"}],"curies":[{"name":"wp","href":"https:\/\/api.w.org\/{rel}","templated":true}]}}