{"id":24111,"date":"2024-01-22T20:06:00","date_gmt":"2024-01-22T19:06:00","guid":{"rendered":"https:\/\/sp1hrubieszow.pl\/?page_id=24111"},"modified":"2024-01-22T20:06:56","modified_gmt":"2024-01-22T19:06:56","slug":"uwaga-dodatkowa-rekrutacja","status":"publish","type":"page","link":"https:\/\/sp1hrubieszow.pl\/index.php\/kronika-2020-2021\/uwaga-dodatkowa-rekrutacja\/","title":{"rendered":"Uwaga! &#8211; dodatkowa rekrutacja"},"content":{"rendered":"\n\n\n<p><strong><img loading=\"lazy\" decoding=\"async\" class=\"alignnone  wp-image-22398\" src=\"http:\/\/sp1hrubieszow.pl\/wp-content\/uploads\/2023\/11\/fundusze-europejskie-300x41.png\" alt=\"\" width=\"769\" height=\"105\" srcset=\"https:\/\/sp1hrubieszow.pl\/wp-content\/uploads\/2023\/11\/fundusze-europejskie-300x41.png 300w, https:\/\/sp1hrubieszow.pl\/wp-content\/uploads\/2023\/11\/fundusze-europejskie-768x106.png 768w, https:\/\/sp1hrubieszow.pl\/wp-content\/uploads\/2023\/11\/fundusze-europejskie-624x86.png 624w, https:\/\/sp1hrubieszow.pl\/wp-content\/uploads\/2023\/11\/fundusze-europejskie.png 943w\" sizes=\"auto, (max-width: 769px) 100vw, 769px\" \/><\/strong><\/p>\n<p><span style=\"color: #000080;\"><strong>Og\u0142aszamy uzupe\u0142niaj\u0105c\u0105 rekrutacj\u0119 do Projektu \u201eHola Espa\u00f1a!<\/strong> Rozwijanie kompetencji uczni\u00f3w Szko\u0142y Podstawowej im. B. Prusa w Hrubieszowie\u201d Nr projektu: 2022-2-PL01-KA122-SCH-000096582 w ramach programu Fundusze Europejskie dla Rozwoju Spo\u0142ecznego 2021-2027 realizowanego na zasadach Programu Erasmus+ w ramach projektu <em>Zagraniczna mobilno\u015b\u0107 edukacyjna uczni\u00f3w i kadry edukacji szkolnej <\/em>Okres realizacji projektu: 02.10.2023 \u2013 01.10.2024<\/span><\/p>\n<p><strong><span style=\"color: #000080;\">Dokumenty mo\u017cna sk\u0142ada\u0107 w sekretariacie szko\u0142y do 26 stycznia do godziny 14.00<\/span><\/strong><\/p>\n\n\n\n<p><span style=\"color: #000080;\"><strong><a style=\"color: #000080;\" href=\"http:\/\/sp1hrubieszow.pl\/wp-content\/uploads\/2023\/11\/Formularz-zgloszeniowy-1.docx\">Formularz zg\u0142oszeniowy<\/a><\/strong><\/span><\/p>\n<p><span style=\"color: #000080;\"><strong><a style=\"color: #000080;\" href=\"http:\/\/sp1hrubieszow.pl\/wp-content\/uploads\/2023\/11\/Formularz-rekrutacji.docx\">Formularz rekrutacji<\/a><\/strong><\/span><\/p>\n","protected":false},"excerpt":{"rendered":"<p>Og\u0142aszamy uzupe\u0142niaj\u0105c\u0105 rekrutacj\u0119 do Projektu \u201eHola Espa\u00f1a! Rozwijanie kompetencji uczni\u00f3w Szko\u0142y Podstawowej im. B. Prusa w Hrubieszowie\u201d Nr projektu: 2022-2-PL01-KA122-SCH-000096582 w ramach programu Fundusze Europejskie dla Rozwoju Spo\u0142ecznego 2021-2027 realizowanego na zasadach Programu Erasmus+ w ramach projektu Zagraniczna mobilno\u015b\u0107 edukacyjna uczni\u00f3w i kadry edukacji szkolnej Okres realizacji projektu: 02.10.2023 \u2013 01.10.2024 Dokumenty mo\u017cna sk\u0142ada\u0107 w [&hellip;]<\/p>\n","protected":false},"author":2,"featured_media":0,"parent":5983,"menu_order":0,"comment_status":"closed","ping_status":"closed","template":"","meta":{"ngg_post_thumbnail":0,"footnotes":""},"class_list":["post-24111","page","type-page","status-publish","hentry"],"_links":{"self":[{"href":"https:\/\/sp1hrubieszow.pl\/index.php\/wp-json\/wp\/v2\/pages\/24111","targetHints":{"allow":["GET"]}}],"collection":[{"href":"https:\/\/sp1hrubieszow.pl\/index.php\/wp-json\/wp\/v2\/pages"}],"about":[{"href":"https:\/\/sp1hrubieszow.pl\/index.php\/wp-json\/wp\/v2\/types\/page"}],"author":[{"embeddable":true,"href":"https:\/\/sp1hrubieszow.pl\/index.php\/wp-json\/wp\/v2\/users\/2"}],"replies":[{"embeddable":true,"href":"https:\/\/sp1hrubieszow.pl\/index.php\/wp-json\/wp\/v2\/comments?post=24111"}],"version-history":[{"count":1,"href":"https:\/\/sp1hrubieszow.pl\/index.php\/wp-json\/wp\/v2\/pages\/24111\/revisions"}],"predecessor-version":[{"id":24112,"href":"https:\/\/sp1hrubieszow.pl\/index.php\/wp-json\/wp\/v2\/pages\/24111\/revisions\/24112"}],"up":[{"embeddable":true,"href":"https:\/\/sp1hrubieszow.pl\/index.php\/wp-json\/wp\/v2\/pages\/5983"}],"wp:attachment":[{"href":"https:\/\/sp1hrubieszow.pl\/index.php\/wp-json\/wp\/v2\/media?parent=24111"}],"curies":[{"name":"wp","href":"https:\/\/api.w.org\/{rel}","templated":true}]}}