{"id":24062,"date":"2024-01-16T19:36:23","date_gmt":"2024-01-16T18:36:23","guid":{"rendered":"https:\/\/sp1hrubieszow.pl\/?page_id=24062"},"modified":"2024-01-16T19:36:52","modified_gmt":"2024-01-16T18:36:52","slug":"warsztaty-z-projektorem-2","status":"publish","type":"page","link":"https:\/\/sp1hrubieszow.pl\/index.php\/kronika-2020-2021\/warsztaty-z-projektorem-2\/","title":{"rendered":"Warsztaty z PROJEKTOREM"},"content":{"rendered":"\n<div dir=\"auto\"><span style=\"color: #000080;\">Kolejny raz klasa 6c bra\u0142a udzia\u0142 w zaj\u0119ciach organizowanych w ramach Programu PROJEKTOR.<\/span><\/div>\n<div dir=\"auto\"><span style=\"color: #000080;\">Celem Warsztat\u00f3w z PROJEKTOREM by\u0142o kszta\u0142towanie i wzmacnianie u dzieci postawy prospo\u0142ecznej i obywatelskiej. Warsztaty pozwoli\u0142y im do\u015bwiadczy\u0107 poczucia sprawczo\u015bci i pokazuj\u0105 pola do dokonywania zmian w lokalnej spo\u0142eczno\u015bci. Panie prowadz\u0105ce stwarza\u0142y uczniom przestrze\u0144 do rozwijania kompetencji komunikacji, krytycznego my\u015blenia, kreatywno\u015bci i wsp\u00f3\u0142pracy.<\/span><\/div>\n<div dir=\"auto\">\nngg_shortcode_0_placeholder\n<\/div>\n","protected":false},"excerpt":{"rendered":"<p>Kolejny raz klasa 6c bra\u0142a udzia\u0142 w zaj\u0119ciach organizowanych w ramach Programu PROJEKTOR. Celem Warsztat\u00f3w z PROJEKTOREM by\u0142o kszta\u0142towanie i wzmacnianie u dzieci postawy prospo\u0142ecznej i obywatelskiej. Warsztaty pozwoli\u0142y im do\u015bwiadczy\u0107 poczucia sprawczo\u015bci i pokazuj\u0105 pola do dokonywania zmian w lokalnej spo\u0142eczno\u015bci. Panie prowadz\u0105ce stwarza\u0142y uczniom przestrze\u0144 do rozwijania kompetencji komunikacji, krytycznego my\u015blenia, kreatywno\u015bci i [&hellip;]<\/p>\n","protected":false},"author":2,"featured_media":0,"parent":5983,"menu_order":0,"comment_status":"closed","ping_status":"closed","template":"","meta":{"ngg_post_thumbnail":0,"footnotes":""},"class_list":["post-24062","page","type-page","status-publish","hentry"],"_links":{"self":[{"href":"https:\/\/sp1hrubieszow.pl\/index.php\/wp-json\/wp\/v2\/pages\/24062","targetHints":{"allow":["GET"]}}],"collection":[{"href":"https:\/\/sp1hrubieszow.pl\/index.php\/wp-json\/wp\/v2\/pages"}],"about":[{"href":"https:\/\/sp1hrubieszow.pl\/index.php\/wp-json\/wp\/v2\/types\/page"}],"author":[{"embeddable":true,"href":"https:\/\/sp1hrubieszow.pl\/index.php\/wp-json\/wp\/v2\/users\/2"}],"replies":[{"embeddable":true,"href":"https:\/\/sp1hrubieszow.pl\/index.php\/wp-json\/wp\/v2\/comments?post=24062"}],"version-history":[{"count":1,"href":"https:\/\/sp1hrubieszow.pl\/index.php\/wp-json\/wp\/v2\/pages\/24062\/revisions"}],"predecessor-version":[{"id":24063,"href":"https:\/\/sp1hrubieszow.pl\/index.php\/wp-json\/wp\/v2\/pages\/24062\/revisions\/24063"}],"up":[{"embeddable":true,"href":"https:\/\/sp1hrubieszow.pl\/index.php\/wp-json\/wp\/v2\/pages\/5983"}],"wp:attachment":[{"href":"https:\/\/sp1hrubieszow.pl\/index.php\/wp-json\/wp\/v2\/media?parent=24062"}],"curies":[{"name":"wp","href":"https:\/\/api.w.org\/{rel}","templated":true}]}}