{"id":23945,"date":"2024-01-10T19:43:09","date_gmt":"2024-01-10T18:43:09","guid":{"rendered":"https:\/\/sp1hrubieszow.pl\/?page_id=23945"},"modified":"2024-01-10T19:46:24","modified_gmt":"2024-01-10T18:46:24","slug":"klauzula-informacyjna-facebook","status":"publish","type":"page","link":"https:\/\/sp1hrubieszow.pl\/index.php\/przykladowa-strona\/rodo\/klauzula-informacyjna-facebook\/","title":{"rendered":"Klauzula informacyjna \u2013 Facebook"},"content":{"rendered":"\n<p>Stosownie do&nbsp;Rozporz\u0105dzenia Parlamentu Europejskiego i&nbsp;Rady (UE) 2016\/679 z&nbsp;dnia 27 kwietnia 2016 r. w&nbsp;sprawie ochrony os\u00f3b fizycznych w&nbsp;zwi\u0105zku z&nbsp;przetwarzaniem danych osobowych i&nbsp;w sprawie swobodnego przep\u0142ywu takich danych oraz&nbsp;uchylenia dyrektywy 94\/46\/WE (dalej \u201eRODO\u201d) informujemy w&nbsp;jaki spos\u00f3b przetwarza\u0107 b\u0119dziemy Pa\u0144stwa dane osobowe udost\u0119pnione w&nbsp;trakcie korzystania z&nbsp;profilu Szko\u0142y Podstawowej Nr 1 im. Boles\u0142awa Prusa &nbsp;w&nbsp;Hrubieszowie w&nbsp;serwisie Facebook (dalej \u201efanpage\u201d):<\/p>\n<ol>\n<li><strong>Kategorie os\u00f3b, kt\u00f3rych dane s\u0105 przetwarzane:<\/strong><\/li>\n<li>&nbsp;<\/li>\n<\/ol>\n<p>Niniejszym informujemy, \u017ce&nbsp;Szko\u0142a Podstawowa Nr 1 im. Boles\u0142awa Prusa &nbsp;w&nbsp;Hrubieszowie przetwarza dane osobowe os\u00f3b, kt\u00f3re:<\/p>\n<ul>\n<li>dokona\u0142y subskrypcji fanpage poprzez klikni\u0119cie ikony \u201eLubi\u0119 to\u201d lub&nbsp;\u201eObserwuj\u201d,<\/li>\n<li>opublikowa\u0142y sw\u00f3j komentarz pod&nbsp;kt\u00f3rymkolwiek z&nbsp;post\u00f3w zamieszczonych na&nbsp;fanpage\u2019u,<\/li>\n<li>wys\u0142a\u0142 wiadomo\u015b\u0107 za&nbsp;po\u015brednictwem Messengera.<\/li>\n<li>&nbsp;<\/li>\n<li><strong>Administrator danych osobowych:<\/strong><\/li>\n<\/ul>\n<p>&nbsp;<\/p>\n<p>Administratorem danych osobowych os\u00f3b okre\u015blonych w&nbsp;pkt I&nbsp;jest Szko\u0142a Podstawowa Nr 1 &nbsp;im. Boles\u0142awa Prusa &nbsp;w&nbsp;Hrubieszowie , tel. 846962074 , e-mail: sp1@sp1hrubieszow.pl<\/p>\n<ol>\n<li><strong>Cele i&nbsp;podstawy przetwarzania:<\/strong><\/li>\n<\/ol>\n<p>&nbsp;<\/p>\n<p>Dane osobowe os\u00f3b okre\u015blonych w&nbsp;pkt I&nbsp;przetwarzane s\u0105 w&nbsp;nast\u0119puj\u0105cych celach:<\/p>\n<ul>\n<li>w&nbsp;celu prowadzenia fanpage szko\u0142y, na&nbsp;portalu spo\u0142eczno\u015bciowym Facebook, na&nbsp;warunkach oraz&nbsp;na zasadach okre\u015blonych przez&nbsp;Facebook Inc. i&nbsp;informowania za&nbsp;jego pomoc\u0105 o&nbsp;naszej aktywno\u015bci, promowaniu r\u00f3\u017cnych wydarze\u0144, kt\u00f3re organizujemy, budowaniu i&nbsp;utrzymaniu spo\u0142eczno\u015bci z&nbsp;nami zwi\u0105zanej oraz&nbsp;w celu komunikacji za&nbsp;po\u015brednictwem dost\u0119pnych funkcjonalno\u015bci serwisu Facebook (komentarze, chat, wiadomo\u015bci) co jest prawnie uzasadniony interesem administratora (podstawa z&nbsp;art. 6 ust. 1 lit f. RODO);<\/li>\n<li>w&nbsp;celu ewentualnego ustalenia, dochodzenia lub&nbsp;obrony przed roszczeniami, co jest prawnie uzasadnionym interesem administratora (podstawa art. 6 ust. 1 lit. f RODO);<\/li>\n<li>w&nbsp;celach analitycznych dotycz\u0105cych analiz funkcjonowania, popularno\u015bci, sposobu korzystania z&nbsp;fanpage\u2019a, co jest prawnie uzasadnionym interesem administratora (podstawa z&nbsp;art. 6 ust. 1 lit. f RODO);<\/li>\n<li>Pa\u0144stwa dane osobowe przetwarzane mog\u0105 by\u0107 r\u00f3wnie\u017c na&nbsp;podstawie odr\u0119bnie udzielonej zgody w&nbsp;zakresie i&nbsp;celu okre\u015blonym w&nbsp;tre\u015bci zgody i&nbsp;przez&nbsp;czas do&nbsp;wycofania zgody (podstawa z&nbsp;art. 6 ust. 1 lit a. RODO);<\/li>\n<li>Pa\u0144stwa dane osobowe przetwarzane mog\u0105 by\u0107 r\u00f3wnie\u017c na&nbsp;podstawie wymog\u00f3w ustawowych (podstawa z&nbsp;art. 6 ust. 1 lit. c RODO) w&nbsp;celu wype\u0142nienia przez&nbsp;administratora obowi\u0105zk\u00f3w prawnych wynikaj\u0105cych z&nbsp;przepis\u00f3w prawa.<\/li>\n<\/ul>\n<ol>\n<li><strong>Kategorie przetwarzanych danych osobowych:<\/strong><\/li>\n<\/ol>\n<p>&nbsp;<\/p>\n<p>Administrator danych osobowych b\u0119dzie przetwarza\u0142 nast\u0119puj\u0105c dane:<\/p>\n<ul>\n<li>podstawowe dane identyfikacyjne (imi\u0119 i&nbsp;nazwisko) w&nbsp;zakresie opublikowanym przez&nbsp;Pa\u0144stwa na&nbsp;Pa\u0144stwa w\u0142asnym profilu na&nbsp;portalu spo\u0142eczno\u015bciowym Facebook;<\/li>\n<li>dane opublikowane przez&nbsp;Pa\u0144stwa na&nbsp;profilu Facebook;<\/li>\n<li>anonimowe dane statystyczne dotycz\u0105ce os\u00f3b odwiedzaj\u0105cych fanpage\u2019a dost\u0119pne za&nbsp;pomoc\u0105 funkcji \u201eFacebook Insights\u201d udost\u0119pnionej przez&nbsp;Facebooka stosownie do&nbsp;niepodlegaj\u0105cych zmianie warunk\u00f3w korzystania z&nbsp;serwisu Facebook, gromadzone dzi\u0119ki plikom szpieguj\u0105cym (zwanym \u201eplikami cookies\u201d), z&nbsp;kt\u00f3rych ka\u017cdy zawiera niepowtarzalny kod u\u017cytkownika, kt\u00f3ry mo\u017cna powi\u0105za\u0107 z&nbsp;danymi po\u0142\u0105czenia u\u017cytkownik\u00f3w zarejestrowanych na&nbsp;Facebooku, a&nbsp;kt\u00f3ry zostaje pobrany i&nbsp;przetworzony w&nbsp;chwili otwarcia fanpage\u2019a.<\/li>\n<\/ul>\n<ol>\n<li><strong> Odbiorcy danych:<\/strong><\/li>\n<\/ol>\n<p>Administrator danych osobowych udost\u0119pnia dane osobowe:<\/p>\n<ul>\n<li>organom w\u0142adzy publicznej oraz&nbsp;podmiotom wykonuj\u0105ce zadania publiczne lub&nbsp;dzia\u0142aj\u0105cym na&nbsp;zlecenie organ\u00f3w w\u0142adzy publicznej, w&nbsp;zakresie i&nbsp;w celach, kt\u00f3re wynikaj\u0105 z&nbsp;przepis\u00f3w powszechnie obowi\u0105zuj\u0105cego prawa;<\/li>\n<li>w\u0142a\u015bcicielowi portalu spo\u0142eczno\u015bciowego Facebook na&nbsp;niepodlegaj\u0105cych zmianie zasadach dotycz\u0105cych danych okre\u015blonych przez&nbsp;Facebook dost\u0119pnych pod&nbsp;adresem <a href=\"https:\/\/www.facebook.com\/about\/privacy\">https:\/\/www.facebook.com\/about\/privacy<\/a><\/li>\n<\/ul>\n<p>&nbsp;<\/p>\n<p><strong>VII. Przekazywanie danych do&nbsp;pa\u0144stw trzecich lub&nbsp;organizacji mi\u0119dzynarodowych:<\/strong><\/p>\n<p>Administrator danych nie przekazuje danych poza teren Polski\/ UE\/ Europejskiego Obszaru Gospodarczego z&nbsp;zastrze\u017ceniem ponadnarodowego charakteru przep\u0142ywu danych w&nbsp;ramach serwisu Facebook z&nbsp;zastosowaniem stosowanych przez&nbsp;Facebook klauzul umownych zatwierdzonych przez&nbsp;Komisj\u0119 Europejsk\u0105 i&nbsp;decyzji Komisji Europejskiej stwierdzaj\u0105cych odpowiedni stopie\u0144 ochrony danych w&nbsp;odniesieniu do&nbsp;okre\u015blonych kraj\u00f3w zgodnie z&nbsp;zasadami okre\u015blonymi przez&nbsp;Facebook pod&nbsp;adresem&nbsp;https:\/\/www.facebook.com\/about\/privacy.<\/p>\n<p><strong>VIII. Okres przechowywania danych:<\/strong><\/p>\n<p>Okres przetwarzania danych jest zwi\u0105zany z&nbsp;celami i&nbsp;podstawami ich przetwarzania. W&nbsp; zwi\u0105zku z&nbsp;czym:<\/p>\n<ul>\n<li>dane przetwarzane na&nbsp;podstawie zgody b\u0119d\u0105 przetwarzane do&nbsp;czasu cofni\u0119cia zgody,<\/li>\n<li>dane przetwarzane na&nbsp;podstawie wymog\u00f3w ustawowych b\u0119d\u0105 przetwarzane przez&nbsp;czas, w&nbsp;kt\u00f3rym przepisy prawa nakazuj\u0105 przechowanie danych,<\/li>\n<li>dane przetwarzane na&nbsp;podstawie prawnie uzasadnionego interesu Administratora b\u0119d\u0105 przetwarzane do&nbsp;czasu skutecznego z\u0142o\u017cenia sprzeciwu lub&nbsp;ustania tego interesu np.&nbsp;dane przetwarzane w&nbsp;celu dochodzenia lub&nbsp;obrony przed roszczeniami b\u0119d\u0105 przetwarzane przez&nbsp;czas r\u00f3wny okresowi przedawnienia tych roszcze\u0144,<\/li>\n<li>dane statystyczne dotycz\u0105ce os\u00f3b odwiedzaj\u0105cych fanpage\u2019a dost\u0119pne za&nbsp;pomoc\u0105 funkcji \u201eFacebook Insights\u201d b\u0119d\u0105 przetwarzane przez&nbsp;czas dost\u0119pno\u015bci tych danych w&nbsp;serwisie Facebook wynosz\u0105cy 2 lata.<\/li>\n<\/ul>\n<p><strong>&nbsp;<\/strong><\/p>\n<ol>\n<li><strong> Pa\u0144stwa prawa:<\/strong><\/li>\n<\/ol>\n<p>Przys\u0142uguj\u0105 Pa\u0144stwu:<\/p>\n<ul>\n<li>prawo dost\u0119pu do&nbsp;swoich danych oraz&nbsp;otrzymania ich kopii;<\/li>\n<li>prawo do&nbsp;sprostowania (poprawiania ) swoich danych;<\/li>\n<li>prawo do&nbsp;usuni\u0119cia danych;<\/li>\n<li>prawo do&nbsp;ograniczenia przetwarzania danych;<\/li>\n<li>prawo do&nbsp;wniesienia sprzeciwu wobec przetwarzania danych;<\/li>\n<li>prawo do&nbsp;przenoszenia danych;<\/li>\n<li>prawo do&nbsp;wniesienia skargi do&nbsp;organu nadzorczego;<\/li>\n<li>prawo wniesienia skargi do&nbsp;Prezesa Urz\u0119du Ochrony Danych Osobowych, ul. Stawki 2; 00-193 Warszawa; https:\/\/www.uodo.gov.pl\/pl\/p\/kontakt; tel. (22) 531 03 00.<\/li>\n<\/ul>\n<p>W&nbsp;przypadku przetwarzania danych na&nbsp;podstawie Pa\u0144stwa zgody, maj\u0105 Pa\u0144stwo prawo do&nbsp;cofni\u0119cia zgody w&nbsp;dowolnym momencie bez wp\u0142ywu na&nbsp;zgodno\u015b\u0107 z&nbsp;prawem przetwarzania, kt\u00f3rego dokonano na&nbsp;podstawie zgody przed jej cofni\u0119ciem.<\/p>\n<p>Administrator wyznaczy\u0142 Inspektora Ochrony Danych, z&nbsp;kt\u00f3rym mo\u017cna si\u0119 skontaktowa\u0107 w&nbsp;sprawach dotycz\u0105cych przetwarzania danych osobowych a&nbsp;tak\u017ce przys\u0142uguj\u0105cych Pani\/Panu uprawnie\u0144 pod&nbsp;adresem e-mail: inspektor@grelam.pl.<\/p>\n<ol>\n<li><strong> Informacje o&nbsp;\u017ar\u00f3dle danych:<\/strong><\/li>\n<\/ol>\n<p>Pa\u0144stwa dane uzyskujemy od firmy Facebook oraz&nbsp;z Pa\u0144stwa publicznego profilu oraz&nbsp;wpis\u00f3w na&nbsp;fanpage\u2019u na&nbsp;platformie internetowej Facebook.<\/p>\n<ol>\n<li><strong> Pozosta\u0142e informacje:<\/strong><\/li>\n<\/ol>\n<p>Dane osobowe nie b\u0119d\u0105 przedmiotem zautomatyzowanego podejmowania decyzji, w&nbsp;tym profilowania. Przetwarzanie pozyskanych od Pa\u0144stwo danych przez&nbsp;Administratora opiera\u0107 si\u0119 b\u0119dzie na&nbsp;zasadzie dobrowolno\u015bci ich podania, w&nbsp;sytuacji, gdy przetwarzanie danych osobowych odbywa si\u0119 na&nbsp;podstawie zgody. Przetwarzanie mo\u017ce te\u017c by\u0107 wymogiem ustawowym np.&nbsp;w&nbsp;wypadku konieczno\u015bci archiwizacji dokumentuj\u0105cej zawieraj\u0105cej dane zgodnie z&nbsp;obowi\u0105zuj\u0105cymi przepisami prawa.<\/p>\n","protected":false},"excerpt":{"rendered":"<p>Stosownie do&nbsp;Rozporz\u0105dzenia Parlamentu Europejskiego i&nbsp;Rady (UE) 2016\/679 z&nbsp;dnia 27 kwietnia 2016 r. w&nbsp;sprawie ochrony os\u00f3b fizycznych w&nbsp;zwi\u0105zku z&nbsp;przetwarzaniem danych osobowych i&nbsp;w sprawie swobodnego przep\u0142ywu takich danych oraz&nbsp;uchylenia dyrektywy 94\/46\/WE (dalej \u201eRODO\u201d) informujemy w&nbsp;jaki spos\u00f3b przetwarza\u0107 b\u0119dziemy Pa\u0144stwa dane osobowe udost\u0119pnione w&nbsp;trakcie korzystania z&nbsp;profilu Szko\u0142y Podstawowej Nr 1 im. Boles\u0142awa Prusa &nbsp;w&nbsp;Hrubieszowie w&nbsp;serwisie Facebook (dalej \u201efanpage\u201d): [&hellip;]<\/p>\n","protected":false},"author":2,"featured_media":0,"parent":56,"menu_order":0,"comment_status":"closed","ping_status":"closed","template":"page-templates\/full-width.php","meta":{"ngg_post_thumbnail":0,"footnotes":""},"class_list":["post-23945","page","type-page","status-publish","hentry"],"_links":{"self":[{"href":"https:\/\/sp1hrubieszow.pl\/index.php\/wp-json\/wp\/v2\/pages\/23945","targetHints":{"allow":["GET"]}}],"collection":[{"href":"https:\/\/sp1hrubieszow.pl\/index.php\/wp-json\/wp\/v2\/pages"}],"about":[{"href":"https:\/\/sp1hrubieszow.pl\/index.php\/wp-json\/wp\/v2\/types\/page"}],"author":[{"embeddable":true,"href":"https:\/\/sp1hrubieszow.pl\/index.php\/wp-json\/wp\/v2\/users\/2"}],"replies":[{"embeddable":true,"href":"https:\/\/sp1hrubieszow.pl\/index.php\/wp-json\/wp\/v2\/comments?post=23945"}],"version-history":[{"count":1,"href":"https:\/\/sp1hrubieszow.pl\/index.php\/wp-json\/wp\/v2\/pages\/23945\/revisions"}],"predecessor-version":[{"id":23946,"href":"https:\/\/sp1hrubieszow.pl\/index.php\/wp-json\/wp\/v2\/pages\/23945\/revisions\/23946"}],"up":[{"embeddable":true,"href":"https:\/\/sp1hrubieszow.pl\/index.php\/wp-json\/wp\/v2\/pages\/56"}],"wp:attachment":[{"href":"https:\/\/sp1hrubieszow.pl\/index.php\/wp-json\/wp\/v2\/media?parent=23945"}],"curies":[{"name":"wp","href":"https:\/\/api.w.org\/{rel}","templated":true}]}}