{"id":23942,"date":"2024-01-10T14:12:04","date_gmt":"2024-01-10T13:12:04","guid":{"rendered":"https:\/\/sp1hrubieszow.pl\/?page_id=23942"},"modified":"2024-01-10T19:35:24","modified_gmt":"2024-01-10T18:35:24","slug":"polityka-prywatnosci-2","status":"publish","type":"page","link":"https:\/\/sp1hrubieszow.pl\/index.php\/przykladowa-strona\/rodo\/polityka-prywatnosci-2\/","title":{"rendered":"Polityka prywatno\u015bci"},"content":{"rendered":"\n<h1 style=\"text-align: center;\"><span style=\"color: #000080;\"><strong>Polityka prywatno\u015bci&nbsp;<\/strong><\/span><\/h1>\n<p><strong><span style=\"color: #000080;\">I. Postanowienia og\u00f3lne<\/span><\/strong><\/p>\n<ol>\n<li>Polityka prywatno\u015bci okre\u015bla, jak zbierane, przetwarzane i przechowywane s\u0105 dane osobowe U\u017cytkownik\u00f3w niezb\u0119dne do \u015bwiadczenia us\u0142ug drog\u0105 elektroniczn\u0105 za po\u015brednictwem serwis\u00f3w internetowych sp1@sp1hrubieszow.pl, sp1@sp1hrubieszow.pl\/bip<\/li>\n<li>Serwis zbiera wy\u0142\u0105cznie dane osobowe niezb\u0119dne do \u015bwiadczenia i rozwoju us\u0142ug w nim oferowanych.<\/li>\n<li>Dane osobowe zbierane za po\u015brednictwem Serwisu s\u0105 przetwarzane zgodnie z Rozporz\u0105dzeniem Parlamentu Europejskiego i Rady (UE) 2016\/679 z dnia 27 kwietnia 2016 r. w sprawie ochrony os\u00f3b fizycznych w zwi\u0105zku z przetwarzaniem danych osobowych i w sprawie swobodnego przep\u0142ywu takich danych oraz uchylenia dyrektywy 95\/46\/WE (og\u00f3lne rozporz\u0105dzenie o ochronie danych, dalej RODO) oraz ustaw\u0105 o ochronie danych osobowych z dnia 10 maja 2018 r.<\/li>\n<\/ol>\n<p><strong><span style=\"color: #000080;\">II. Administrator danych<\/span><\/strong><\/p>\n<ol>\n<li>Administratorem danych osobowych zbieranych poprzez Serwis jest Szko\u0142a Podstawowa Nr 1 im. Boles\u0142awa Prusa w Hrubieszowie, adres ul. Listopadowa 12 , 22-500 Hrubiesz\u00f3w, tel.\/fax 846962074, e-mail: <span id=\"cloak2106ab5a12500f20b771285d92b54aef\"><\/span><a href=\"mailto:sekretariat@sp3-hrubieszow.pl\">sp1@sp1hrubieszow.pl<\/a>.<\/li>\n<li>Administrator wyznaczy\u0142 Inspektora Ochrony Danych, z kt\u00f3rym mo\u017cna si\u0119 skontaktowa\u0107 w sprawach dotycz\u0105cych przetwarzania danych osobowych oraz korzystania z praw zwi\u0105zanych z przetwarzaniem danych pod adresem e-mail:&nbsp;<span id=\"cloaka6dda51eac29794d7d54dd23dcd2975f\"><a href=\"mailto:iod@sp3-hrubieszow.pl\">iod@sp1hrubieszow.pl<\/a><\/span><\/li>\n<\/ol>\n<p><span style=\"color: #000080;\"><strong>III. Gromadzenie i wykorzystywanie danych<\/strong><\/span><\/p>\n<ol>\n<li>Serwis nie zbiera w spos\u00f3b automatyczny \u017cadnych informacji, z wyj\u0105tkiem informacji zawartych w plikach cookies.<\/li>\n<li>Dane te przetwarzane b\u0119d\u0105 g\u0142\u00f3wnie w celach statystycznych i do rozwijania naszego Serwisu.<\/li>\n<li>Wykorzystywanie plik\u00f3w cookies przez administratora nie s\u0142u\u017c\u0105 do tworzenia profili ani identyfikacji os\u00f3b.<\/li>\n<li>Podstaw\u0105 prawn\u0105 przetwarzania danych zbieranych za po\u015brednictwem plik\u00f3w cookies jest prawnie uzasadniony interes administratora.<\/li>\n<li>Korzystaj\u0105c z serwisu internetowego u\u017cytkownik ko\u0144cowy wyra\u017ca zgod\u0119 na wykorzystywanie plik\u00f3w cookies.<\/li>\n<li>U\u017cytkownik ko\u0144cowy ma mo\u017cliwo\u015b\u0107 korzystania z serwisu internetowego bez wykorzystywania plik\u00f3w cookies, ale oznacza to, \u017ce niekt\u00f3re funkcje serwisu nie b\u0119d\u0105 dzia\u0142a\u0107 poprawnie.<\/li>\n<li>U\u017cytkownik mo\u017ce okre\u015bli\u0107 zakres dost\u0119pu plik\u00f3w cookies do swojego urz\u0105dzenia w ustawieniach przegl\u0105darki.<\/li>\n<li>Poni\u017cej znajduj\u0105 si\u0119 informacje jak zmieni\u0107 ustawienia dotycz\u0105ce wykorzystywania plik\u00f3w cookies w popularnych przegl\u0105darkach internetowych:\n<ul>\n<li>Microsoft Edge:\n<ul>\n<li>Otw\u00f3rz przegl\u0105dark\u0119 Microsoft Edge i wybierz Ustawienia i nie tylko &gt; Ustawienia &gt; Uprawnienia witryny.<\/li>\n<li>Wybierz Pliki cookie i dane witryn. W tym miejscu mo\u017cna ustawi\u0107 okre\u015blone kontrolki dla plik\u00f3w cookie.<\/li>\n<li>Wybierz Wy\u015bwietl wszystkie pliki cookie i dane witryn.<\/li>\n<li>Wybierz strza\u0142k\u0119 dla opcji Wy\u015bwietl wszystkie pliki cookie i dane witryn, aby wy\u015bwietli\u0107 wszystkie pliki cookie zapisane na urz\u0105dzeniu.<\/li>\n<\/ul>\n<\/li>\n<\/ul>\n<ul>\n<li>Mozilla Firefox:\n<ul>\n<li>Otw\u00f3rz kart\u0119: Prywatno\u015b\u0107.<\/li>\n<li>W menu przegl\u0105darki nale\u017cy wybra\u0107: Narz\u0119dzia &gt; Opcje &gt; Prywatno\u015b\u0107 &gt; wybra\u0107 odpowiednie ustawienia.<\/li>\n<\/ul>\n<\/li>\n<\/ul>\n<ul>\n<li>Google Chrome:\n<ul>\n<li>W prawym g\u00f3rnym rogu kliknij Wi\u0119cej a potem Ustawienia.<\/li>\n<li>W sekcji \u201ePrywatno\u015b\u0107 i bezpiecze\u0144stwo\u201d kliknij Ustawienia witryn.<\/li>\n<li>Kliknij Pliki cookie i inne dane witryn.<\/li>\n<li>Tutaj mo\u017cesz: W\u0142\u0105czy\u0107 pliki cookie: kliknij prze\u0142\u0105cznik obok \u201eZablokowane\u201d. Wy\u0142\u0105czy\u0107 pliki cookie: wy\u0142\u0105cz opcj\u0119 Zezw\u00f3l na wszystkie pliki cookie.<\/li>\n<\/ul>\n<\/li>\n<\/ul>\n<\/li>\n<\/ol>\n<p><span style=\"color: #000080;\"><strong>IV. Okres przechowywania danych<\/strong><\/span><\/p>\n<ol>\n<li>Dane zgromadzone w plikach cookies przetwarzane b\u0119d\u0105 przez okres zgodny z funkcjonowaniem cookies, kt\u00f3rych opis znajduje si\u0119 poni\u017cej.<\/li>\n<li>Gdy Pa\u0144stwa dane b\u0119d\u0105 niezb\u0119dne do ustalenia i dochodzenia roszcze\u0144, przetwarzane b\u0119d\u0105 do czasu zako\u0144czenia zwi\u0105zanej z tym sprawy oraz w okresie niezb\u0119dnym do spe\u0142nienia obowi\u0105zku archiwizacji tj. w okresie co najmniej 10 lat od zako\u0144czenia sprawy (zgodnie z instrukcj\u0105 kancelaryjn\u0105).<\/li>\n<\/ol>\n<p><span style=\"color: #000080;\"><strong>V. Odbiorcy danych<\/strong><\/span><\/p>\n<ol>\n<li>Niniejszy Serwis internetowy zawiera przyciski, narz\u0119dzia lub tre\u015bci kieruj\u0105ce do us\u0142ug innych firm, m.in. Facebook (przycisk \u201eLubi\u0119 to\u201d), Google (Google Maps), Youtube (filmy)<\/li>\n<li>Korzystanie z aplikacji i serwis\u00f3w innych firm mo\u017ce powodowa\u0107 przesy\u0142anie informacji do urz\u0105dzenia u\u017cytkownika ko\u0144cowego przez zewn\u0119trzny podmiot.<\/li>\n<li>Informacji na temat wykorzystania plik\u00f3w cookies przez zewn\u0119trzne aplikacje nale\u017cy szuka\u0107 w polityce prywatno\u015bci poszczeg\u00f3lnych podmiot\u00f3w:<br>Facebook \u2013&nbsp;<a href=\"https:\/\/www.facebook.com\/legal\/FB_Work_Privacy,\">https:\/\/www.facebook.com\/legal\/FB_Work_Privacy<\/a><br>Google \u2013&nbsp;<a href=\"https:\/\/policies.google.com\/privacy?hl=pl,\">https:\/\/policies.google.com\/privacy?hl=pl<\/a><br>YouTube \u2013&nbsp;<a href=\"https:\/\/support.google.com\/youtube\/answer\/7671399.\">https:\/\/support.google.com\/youtube\/answer\/7671399<\/a><\/li>\n<\/ol>\n<p><span style=\"color: #000080;\"><strong>VI. Udost\u0119pnianie danych osobowych<\/strong><\/span><\/p>\n<ol>\n<li>Dane osobowe U\u017cytkownik\u00f3w mog\u0105 by\u0107 przekazywane: podmiotom powi\u0105zanym z Administratorem, jego podwykonawcom, podmiotom wsp\u00f3\u0142pracuj\u0105cym z Administratorem np. firmom hostingowym.<\/li>\n<li>Dane osobowe U\u017cytkownik\u00f3w nie b\u0119d\u0105 przekazywane poza teren Europejskiego Obszaru Gospodarczego (EOG).<\/li>\n<\/ol>\n<p><span style=\"color: #000080;\"><strong>VII. Prawa os\u00f3b, kt\u00f3rych dane dotycz\u0105<\/strong><\/span><\/p>\n<ol>\n<li>W zwi\u0105zku z przetwarzaniem danych osobowych u\u017cytkownicy Serwisu maj\u0105 prawo do:\n<ul>\n<li>usuni\u0119cia danych osobowych, cofni\u0119cia zgody na przetwarzanie danych osobowych &#8211; za wyj\u0105tkiem danych osobowych niezb\u0119dnych do ustalenia i dochodzenia roszcze\u0144,<\/li>\n<li>dost\u0119pu do danych osobowych, ich sprostowania lub ograniczenia przetwarzania a tak\u017ce do wniesienia sprzeciwu.<\/li>\n<\/ul>\n<\/li>\n<li>Aby skorzysta\u0107 z powy\u017cszych uprawnie\u0144, prosimy wys\u0142a\u0107 wiadomo\u015b\u0107 e-mail na adres inprektor@grelam.pl;&nbsp; <span id=\"cloak04ad16d854d048e6b70e9ef439006efc\"><a href=\"mailto:iod@sp3-hrubieszow.pl\">sp1@sp1hrubieszow.pl<\/a><\/span> lub skontaktowa\u0107 si\u0119 z Administratorem korespondencyjnie pod adresem Szko\u0142a Podstawowa Nr 1w Hrubieszowie, ul. Listopadowa 12, 22-500 Hrubiesz\u00f3w.<\/li>\n<li>W przypadku powzi\u0119cia informacji o niezgodnym z prawem przetwarzaniu danych osobowych, u\u017cytkownicy Serwisu maj\u0105 prawo wniesienia skargi do organu nadzorczego, na adres Biuro Prezesa Urz\u0119du Ochrony Danych Osobowych, ul. Stawki 2, 00-193 Warszawa.<\/li>\n<\/ol>\n<p><span style=\"color: #000080;\"><strong>VIII. Zautomatyzowane podejmowanie decyzji i profilowanie<\/strong><\/span><\/p>\n<ol>\n<li>Dane U\u017cytkownik\u00f3w nie s\u0105 przetwarzane w zautomatyzowany spos\u00f3b tak, \u017ce na skutek tego mog\u0142yby zapa\u015b\u0107 wobec nich jakiekolwiek decyzje.<\/li>\n<li>Dane U\u017cytkownik\u00f3w nie s\u0105 profilowane celem dostosowania tre\u015bci i personalizacji zawarto\u015bci Serwisu.<\/li>\n<\/ol>\n<p><span style=\"color: #000080;\"><strong>IX. Postanowienia ko\u0144cowe<\/strong><\/span><\/p>\n<ol>\n<li>Administrator ma prawo do wprowadzenia zmian w Polityce prywatno\u015bci, przy czym prawa U\u017cytkownik\u00f3w nie zostan\u0105 ograniczone.<\/li>\n<li>Informacja o wprowadzonych zmianach pojawi si\u0119 w formie komunikatu dost\u0119pnego w Serwisie.<\/li>\n<li>W sprawach nieuregulowanych w niniejszej Polityce prywatno\u015bci obowi\u0105zuj\u0105 przepisy RODO i przepisy prawa polskiego.<\/li>\n<\/ol>\n\n\n","protected":false},"excerpt":{"rendered":"<p>Polityka prywatno\u015bci&nbsp; I. Postanowienia og\u00f3lne Polityka prywatno\u015bci okre\u015bla, jak zbierane, przetwarzane i przechowywane s\u0105 dane osobowe U\u017cytkownik\u00f3w niezb\u0119dne do \u015bwiadczenia us\u0142ug drog\u0105 elektroniczn\u0105 za po\u015brednictwem serwis\u00f3w internetowych sp1@sp1hrubieszow.pl, sp1@sp1hrubieszow.pl\/bip Serwis zbiera wy\u0142\u0105cznie dane osobowe niezb\u0119dne do \u015bwiadczenia i rozwoju us\u0142ug w nim oferowanych. Dane osobowe zbierane za po\u015brednictwem Serwisu s\u0105 przetwarzane zgodnie z Rozporz\u0105dzeniem Parlamentu [&hellip;]<\/p>\n","protected":false},"author":2,"featured_media":0,"parent":56,"menu_order":0,"comment_status":"closed","ping_status":"closed","template":"","meta":{"ngg_post_thumbnail":0,"footnotes":""},"class_list":["post-23942","page","type-page","status-publish","hentry"],"_links":{"self":[{"href":"https:\/\/sp1hrubieszow.pl\/index.php\/wp-json\/wp\/v2\/pages\/23942","targetHints":{"allow":["GET"]}}],"collection":[{"href":"https:\/\/sp1hrubieszow.pl\/index.php\/wp-json\/wp\/v2\/pages"}],"about":[{"href":"https:\/\/sp1hrubieszow.pl\/index.php\/wp-json\/wp\/v2\/types\/page"}],"author":[{"embeddable":true,"href":"https:\/\/sp1hrubieszow.pl\/index.php\/wp-json\/wp\/v2\/users\/2"}],"replies":[{"embeddable":true,"href":"https:\/\/sp1hrubieszow.pl\/index.php\/wp-json\/wp\/v2\/comments?post=23942"}],"version-history":[{"count":1,"href":"https:\/\/sp1hrubieszow.pl\/index.php\/wp-json\/wp\/v2\/pages\/23942\/revisions"}],"predecessor-version":[{"id":23943,"href":"https:\/\/sp1hrubieszow.pl\/index.php\/wp-json\/wp\/v2\/pages\/23942\/revisions\/23943"}],"up":[{"embeddable":true,"href":"https:\/\/sp1hrubieszow.pl\/index.php\/wp-json\/wp\/v2\/pages\/56"}],"wp:attachment":[{"href":"https:\/\/sp1hrubieszow.pl\/index.php\/wp-json\/wp\/v2\/media?parent=23942"}],"curies":[{"name":"wp","href":"https:\/\/api.w.org\/{rel}","templated":true}]}}