{"id":23672,"date":"2023-12-20T18:45:06","date_gmt":"2023-12-20T17:45:06","guid":{"rendered":"https:\/\/sp1hrubieszow.pl\/?page_id=23672"},"modified":"2023-12-20T18:45:45","modified_gmt":"2023-12-20T17:45:45","slug":"rozstrzygniecie-szkolnego-konkursu-profilaktycznego2023","status":"publish","type":"page","link":"https:\/\/sp1hrubieszow.pl\/index.php\/kronika-2020-2021\/rozstrzygniecie-szkolnego-konkursu-profilaktycznego2023\/","title":{"rendered":"Rozstrzygni\u0119cie Szkolnego Konkursu Profilaktycznego&#8217;2023"},"content":{"rendered":"\n<div class=\"xdj266r x11i5rnm xat24cr x1mh8g0r x1vvkbs x126k92a\">\n<div dir=\"auto\"><span style=\"font-size: 1rem; color: #000080;\">W dniu 20.12.2023r. wr\u0119czono dyplomy i nagrody w konkursach profilaktycznych, zorganizowanych z okazji Szkolnego Dnia Profilaktyki.<\/span><\/div>\n<\/div>\n<div class=\"x11i5rnm xat24cr x1mh8g0r x1vvkbs xtlvy1s x126k92a\">\n<div dir=\"auto\"><span style=\"color: #000080;\">W konkursie plastycznym dla uczni\u00f3w klas 1-3 pt. &#8222;Razem <\/span><span style=\"color: #000080;\">z kolegami i kole\u017cankami o zdrowie i bezpiecze\u0144stwo dbamy&#8221; nagrody i wyr\u00f3\u017cnienia zdobyli nast\u0119puj\u0105cy uczniowie:<\/span><\/div>\n<div dir=\"auto\"><span style=\"color: #000080;\">I miejsce: Adriana Mazurek, kl. 3a<\/span><\/div>\n<div dir=\"auto\"><span style=\"color: #000080;\">II miejsce: Julia Michalczewska, kl. 3b<\/span><\/div>\n<div dir=\"auto\"><span style=\"color: #000080;\">III miejsce: Antonina Zieli\u0144ska, kl. 2a<\/span><\/div>\n<div dir=\"auto\"><span style=\"color: #000080;\">Wyr\u00f3\u017cnienia:<\/span><\/div>\n<div dir=\"auto\"><span style=\"color: #000080;\">1.Karol Senderek, kl. 1b<\/span><\/div>\n<div dir=\"auto\"><span style=\"color: #000080;\">2.Sandra G\u00f3ral, kl. 3a<\/span><\/div>\n<div dir=\"auto\"><span style=\"color: #000080;\">3.Zuzanna \u0141uczuk, kl. 2b<\/span><\/div>\n<div dir=\"auto\"><span style=\"color: #000080;\">4.Natalia Balcer, kl. 3a<\/span><\/div>\n<div dir=\"auto\"><span style=\"color: #000080;\">5.Magdalena Chabros, kl. 2b<\/span><\/div>\n<div dir=\"auto\"><span style=\"color: #000080;\">6.Micha\u0142 Zaj\u0105c, kl. 1c<\/span><\/div>\n<div dir=\"auto\"><span style=\"color: #000080;\">7. Aleksandra Dziewulska, kl. 3b<\/span><\/div>\n<div dir=\"auto\">&nbsp;<\/div>\n<\/div>\n<div class=\"x11i5rnm xat24cr x1mh8g0r x1vvkbs xtlvy1s x126k92a\">\n<div dir=\"auto\"><span style=\"color: #000080;\">W konkursie zespo\u0142owym na gazetk\u0119 \u015bcienn\u0105 lub plakat profilaktyczny pt. &#8222;Profilaktyka z moj\u0105 klas\u0105&#8221; dla klas 4-8, <\/span><span style=\"color: #000080;\">nagrody i wyr\u00f3\u017cnienia zdoby\u0142y nast\u0119puj\u0105ce klasy:<\/span><\/div>\n<div dir=\"auto\"><span style=\"color: #000080;\">LAUREACI:<\/span><\/div>\n<div dir=\"auto\"><span style=\"color: #000080;\">Klasa 4b, wych. p. Ma\u0142gorzata Szumiata<\/span><\/div>\n<div dir=\"auto\"><span style=\"color: #000080;\">Klasa 5b, wych. p. Arleta Kowalska<\/span><\/div>\n<div dir=\"auto\"><span style=\"color: #000080;\">Klasa 6c, wych. p. Monika Jako\u015b-W\u00f3r<\/span><\/div>\n<div dir=\"auto\"><span style=\"color: #000080;\">Klasa 7b-wych p. Ewa Filipowicz-Sidorczuk<\/span><\/div>\n<div dir=\"auto\"><span style=\"color: #000080;\">WYR\u00d3\u017bNIENI:<\/span><\/div>\n<div dir=\"auto\"><span style=\"color: #000080;\">Klasa 4a, wych. p. Monika Anigacz<\/span><\/div>\n<div dir=\"auto\"><span style=\"color: #000080;\">Klasa 6a, wych. p. Edyta Miller-Wiatrowska<\/span><\/div>\n<div dir=\"auto\"><span style=\"color: #000080;\">Klasa 6b-wych. p. Marta Lackowska<\/span><\/div>\n<div dir=\"auto\">&nbsp;<\/div>\n<\/div>\n<div class=\"x11i5rnm xat24cr x1mh8g0r x1vvkbs xtlvy1s x126k92a\">\n<div dir=\"auto\"><span style=\"color: #000080;\">Konkursy zosta\u0142y zorganizowane w ramach programu profilaktycznego pt. &#8222;Profilaktyka z (moj\u0105) klas\u0105&#8221; przez pedagoga szkolnego Mart\u0119 Kuczy\u0144sk\u0105. Nagrody zosta\u0142y ufundowane przez Gmin\u0119 Miejsk\u0105 Hrubiesz\u00f3w.<\/span><\/div>\n<div dir=\"auto\">\nngg_shortcode_0_placeholder\n<\/div>\n<\/div>\n","protected":false},"excerpt":{"rendered":"<p>W dniu 20.12.2023r. wr\u0119czono dyplomy i nagrody w konkursach profilaktycznych, zorganizowanych z okazji Szkolnego Dnia Profilaktyki. W konkursie plastycznym dla uczni\u00f3w klas 1-3 pt. &#8222;Razem z kolegami i kole\u017cankami o zdrowie i bezpiecze\u0144stwo dbamy&#8221; nagrody i wyr\u00f3\u017cnienia zdobyli nast\u0119puj\u0105cy uczniowie: I miejsce: Adriana Mazurek, kl. 3a II miejsce: Julia Michalczewska, kl. 3b III miejsce: Antonina [&hellip;]<\/p>\n","protected":false},"author":2,"featured_media":0,"parent":5983,"menu_order":0,"comment_status":"closed","ping_status":"closed","template":"","meta":{"ngg_post_thumbnail":0,"footnotes":""},"class_list":["post-23672","page","type-page","status-publish","hentry"],"_links":{"self":[{"href":"https:\/\/sp1hrubieszow.pl\/index.php\/wp-json\/wp\/v2\/pages\/23672","targetHints":{"allow":["GET"]}}],"collection":[{"href":"https:\/\/sp1hrubieszow.pl\/index.php\/wp-json\/wp\/v2\/pages"}],"about":[{"href":"https:\/\/sp1hrubieszow.pl\/index.php\/wp-json\/wp\/v2\/types\/page"}],"author":[{"embeddable":true,"href":"https:\/\/sp1hrubieszow.pl\/index.php\/wp-json\/wp\/v2\/users\/2"}],"replies":[{"embeddable":true,"href":"https:\/\/sp1hrubieszow.pl\/index.php\/wp-json\/wp\/v2\/comments?post=23672"}],"version-history":[{"count":1,"href":"https:\/\/sp1hrubieszow.pl\/index.php\/wp-json\/wp\/v2\/pages\/23672\/revisions"}],"predecessor-version":[{"id":23673,"href":"https:\/\/sp1hrubieszow.pl\/index.php\/wp-json\/wp\/v2\/pages\/23672\/revisions\/23673"}],"up":[{"embeddable":true,"href":"https:\/\/sp1hrubieszow.pl\/index.php\/wp-json\/wp\/v2\/pages\/5983"}],"wp:attachment":[{"href":"https:\/\/sp1hrubieszow.pl\/index.php\/wp-json\/wp\/v2\/media?parent=23672"}],"curies":[{"name":"wp","href":"https:\/\/api.w.org\/{rel}","templated":true}]}}