{"id":23322,"date":"2023-12-05T21:13:44","date_gmt":"2023-12-05T20:13:44","guid":{"rendered":"https:\/\/sp1hrubieszow.pl\/?page_id=23322"},"modified":"2023-12-05T21:15:29","modified_gmt":"2023-12-05T20:15:29","slug":"szkola-myslenia-pozytywnego-2-0-zadanie-na-miesiac-listopad-samoocena-i-prawa-dziecka","status":"publish","type":"page","link":"https:\/\/sp1hrubieszow.pl\/index.php\/kronika-2020-2021\/szkola-myslenia-pozytywnego-2-0-zadanie-na-miesiac-listopad-samoocena-i-prawa-dziecka\/","title":{"rendered":"Szko\u0142a My\u015blenia Pozytywnego 2.0-zadanie na miesi\u0105c listopad-Samoocena i Prawa Dziecka"},"content":{"rendered":"\n<div class=\"x11i5rnm xat24cr x1mh8g0r x1vvkbs xtlvy1s x126k92a\">\n<div dir=\"auto\"><span style=\"color: #000080;\">W ramach udzia\u0142u SP Nr 1 w Hrubieszowie w og\u00f3lnopolskim programie Szko\u0142a My\u015blenia Pozytywnego 2.0, w miesi\u0105cu listopadzie klasy i zespo\u0142y realizowa\u0142y zadanie certyfikacyjne na temat: &#8222;Samoocena i Prawa Dziecka&#8221;. Podczas realizacji tego zadania, uczniowie przypomnieli sobie wa\u017cne prawa dziecka oraz rozmawiali o tym, co sprawia, \u017ce dziecko mo\u017ce wychowywa\u0107 si\u0119 w sprzyjaj\u0105cej atmosferze. M\u0142odsze dzieci ogl\u0105da\u0142y filmy i wykonywa\u0142y prace plastyczne, za\u015b uczniowie starsi-plakaty i mapy my\u015bli dotycz\u0105ce podstawowych praw. Uczniowie zostali r\u00f3wnie\u017c poinformowani o istnieniu telefon\u00f3w zaufania, gdzie dzieci mog\u0105 szuka\u0107 pomocy w przypadku \u0142amania ich praw. Cz\u0119\u015b\u0107 zespo\u0142\u00f3w klasowych i grup podj\u0119\u0142a tak\u017ce temat w\u0142a\u015bciwej samooceny. W szkole zorganizowano imprezy towarzysz\u0105ce zadaniu listopadowemu takie jak: Tydzie\u0144 \u017byczliwo\u015bci i Empatii oraz Mi\u0119dzynarodowy Dzie\u0144 Praw Dziecka i Dzie\u0144 Pluszowego Misia.<\/span><\/div>\n<div dir=\"auto\"><span style=\"color: #000080;\">W realizacj\u0119 zadania certyfikacyjnego zaanga\u017cowa\u0142y si\u0119 nast\u0119puj\u0105ce klasy i zespo\u0142y:<\/span><\/div>\n<div dir=\"auto\"><span style=\"color: #000080;\">Klasa 1a-wych.p. Katarzyna Sztuk<\/span><\/div>\n<div dir=\"auto\"><span style=\"color: #000080;\">Klasa 1c-wych.p. Marta Rutkowska<\/span><\/div>\n<div dir=\"auto\"><span style=\"color: #000080;\">Klasa 2a-wych.p. Renata Pacza\u0142a<\/span><\/div>\n<div dir=\"auto\"><span style=\"color: #000080;\">Klasa 3a-wych.p. Ma\u0142gorzata Serafin<\/span><\/div>\n<div dir=\"auto\"><span style=\"color: #000080;\">Klasa 3b-wych.p. Monika Korneluk<\/span><\/div>\n<div dir=\"auto\"><span style=\"color: #000080;\">Klasa 4a-wych.p. Monika Anigacz<\/span><\/div>\n<div dir=\"auto\"><span style=\"color: #000080;\">Klasa 6b-wych.p. Marta Lackowska<\/span><\/div>\n<div dir=\"auto\"><span style=\"color: #000080;\">Klasa 7c-wych.p. Anna Lewandowska<\/span><\/div>\n<div dir=\"auto\"><span style=\"color: #000080;\">Szkolny Klub Mediatora i grupy terapeutyczne-p. Marta Kuczy\u0144ska<\/span><\/div>\n<\/div>\n<div class=\"x11i5rnm xat24cr x1mh8g0r x1vvkbs xtlvy1s x126k92a\">\n<div dir=\"auto\"><span style=\"color: #000080;\">Ju\u017c dzi\u015b zapraszamy ca\u0142\u0105 spo\u0142eczno\u015b\u0107 szkoln\u0105 do w\u0142\u0105czenia si\u0119 w realizacj\u0119 zadania na miesi\u0105c grudzie\u0144 &#8222;Dzieci ratuj\u0105 Gwiazdk\u0119&#8221;. Wsp\u00f3lnie sprawmy, by te \u015bwi\u0119ta by\u0142y dobrym i \u017cyczliwym czasem dla nas samych i dla wszystkich dooko\u0142a.&nbsp;<\/span><\/div>\n<div dir=\"auto\">\nngg_shortcode_0_placeholder\n<\/div>\n<\/div>\n","protected":false},"excerpt":{"rendered":"<p>W ramach udzia\u0142u SP Nr 1 w Hrubieszowie w og\u00f3lnopolskim programie Szko\u0142a My\u015blenia Pozytywnego 2.0, w miesi\u0105cu listopadzie klasy i zespo\u0142y realizowa\u0142y zadanie certyfikacyjne na temat: &#8222;Samoocena i Prawa Dziecka&#8221;. Podczas realizacji tego zadania, uczniowie przypomnieli sobie wa\u017cne prawa dziecka oraz rozmawiali o tym, co sprawia, \u017ce dziecko mo\u017ce wychowywa\u0107 si\u0119 w sprzyjaj\u0105cej atmosferze. M\u0142odsze [&hellip;]<\/p>\n","protected":false},"author":2,"featured_media":0,"parent":5983,"menu_order":0,"comment_status":"closed","ping_status":"closed","template":"","meta":{"ngg_post_thumbnail":0,"footnotes":""},"class_list":["post-23322","page","type-page","status-publish","hentry"],"_links":{"self":[{"href":"https:\/\/sp1hrubieszow.pl\/index.php\/wp-json\/wp\/v2\/pages\/23322","targetHints":{"allow":["GET"]}}],"collection":[{"href":"https:\/\/sp1hrubieszow.pl\/index.php\/wp-json\/wp\/v2\/pages"}],"about":[{"href":"https:\/\/sp1hrubieszow.pl\/index.php\/wp-json\/wp\/v2\/types\/page"}],"author":[{"embeddable":true,"href":"https:\/\/sp1hrubieszow.pl\/index.php\/wp-json\/wp\/v2\/users\/2"}],"replies":[{"embeddable":true,"href":"https:\/\/sp1hrubieszow.pl\/index.php\/wp-json\/wp\/v2\/comments?post=23322"}],"version-history":[{"count":1,"href":"https:\/\/sp1hrubieszow.pl\/index.php\/wp-json\/wp\/v2\/pages\/23322\/revisions"}],"predecessor-version":[{"id":23323,"href":"https:\/\/sp1hrubieszow.pl\/index.php\/wp-json\/wp\/v2\/pages\/23322\/revisions\/23323"}],"up":[{"embeddable":true,"href":"https:\/\/sp1hrubieszow.pl\/index.php\/wp-json\/wp\/v2\/pages\/5983"}],"wp:attachment":[{"href":"https:\/\/sp1hrubieszow.pl\/index.php\/wp-json\/wp\/v2\/media?parent=23322"}],"curies":[{"name":"wp","href":"https:\/\/api.w.org\/{rel}","templated":true}]}}