{"id":23069,"date":"2023-11-29T21:44:54","date_gmt":"2023-11-29T20:44:54","guid":{"rendered":"https:\/\/sp1hrubieszow.pl\/?page_id=23069"},"modified":"2023-11-29T21:45:31","modified_gmt":"2023-11-29T20:45:31","slug":"tydzien-empatii-i-zyczliwosci","status":"publish","type":"page","link":"https:\/\/sp1hrubieszow.pl\/index.php\/kronika-2020-2021\/tydzien-empatii-i-zyczliwosci\/","title":{"rendered":"Tydzie\u0144 Empatii i \u017byczliwo\u015bci"},"content":{"rendered":"\n<div dir=\"auto\"><span style=\"color: #000080;\">W dniach 20-24.11.2023r. zorganizowali\u015bmy w naszej szkole Tydzie\u0144 Empatii i \u017byczliwo\u015bci, za\u015b 21.11.2023r. obchodzili\u015bmy Dzie\u0144 \u017byczliwo\u015bci i Pozdrowie\u0144. Tydzie\u0144 Empatii i \u017byczliwo\u015bci obfitowa\u0142 w mi\u0142e wydarzenia, kt\u00f3re mia\u0142y na celu podkre\u015blenie faktu, jak wielkie znaczenia ma w\u015br\u00f3d ludzi \u017cyczliwa i empatyczna postawa. Na korytarzach pojawi\u0142y si\u0119 gazetki promuj\u0105ce \u017cyczliwo\u015b\u0107 oraz plakaty, kt\u00f3re mia\u0142y za zadanie dodawa\u0107 uczniom otuchy i przypomina\u0107 im, \u017ce maj\u0105 wok\u00f3\u0142 siebie \u017cyczliwe osoby. Uczni\u00f3w zach\u0119cono do udzia\u0142u w mini-konkursie, polegaj\u0105cym na doko\u0144czeniu zda\u0144: &#8222;Cz\u0142owiek \u017cyczliwy posiada nast\u0119puj\u0105ce cechy&#8230;&#8221; oraz &#8222;Empatia oznacza&#8230;&#8221; Mo\u017cna by\u0142o skorzysta\u0107 z &#8222;Poczty Pozdrowie\u0144&#8221; i przes\u0142a\u0107 za jej po\u015brednictwem \u017cyczenia, pozdrowienia lub podzi\u0119kowania wybranej osobie. W dniach 21-22.11.2023r. cz\u0142onkowie Szkolnego Klubu Mediatora zorganizowali akcje czytelnicze w\u015br\u00f3d najm\u0142odszych uczni\u00f3w. Tematem przewodnim by\u0142a empatyczna komunikacja tzw. &#8222;J\u0119zyk \u017cyrafy&#8221;, kt\u00f3ry przedstawiony by\u0142 najm\u0142odszym uczniom za pomoc\u0105 odpowiednio dobranej literatury. Uczestnicy zaj\u0119\u0107 wzi\u0119li udzia\u0142 w mini-konkursie na naj\u0142adniej pokolorowan\u0105 kolorowank\u0119 antystresow\u0105- \u017cyraf\u0119.<\/span><\/div>\n<div dir=\"auto\"><span style=\"color: #000080;\">Laureatami tego konkursu zostali:<\/span><\/div>\n<div dir=\"auto\"><span style=\"color: #000080;\">1.Eliza Foks, 2b<\/span><\/div>\n<div dir=\"auto\"><span style=\"color: #000080;\">2.Zuzanna \u0141uczuk, 2b<\/span><\/div>\n<div dir=\"auto\"><span style=\"color: #000080;\">3.Oliwia \u015awider, 2b<\/span><\/div>\n<div dir=\"auto\"><span style=\"color: #000080;\">4.Wiktor Du\u0142awski, 1b<\/span><\/div>\n<div dir=\"auto\"><span style=\"color: #000080;\">5.Julia Bogucka, 1b<\/span><\/div>\n<div dir=\"auto\"><span style=\"color: #000080;\">6.Bartek Dragun, 1a<\/span><\/div>\n<div dir=\"auto\"><span style=\"color: #000080;\">7.Lena Dominik, 1a<\/span><\/div>\n<div dir=\"auto\"><span style=\"color: #000080;\">8. Magdalena Socha, 1a<\/span><\/div>\n<div dir=\"auto\"><span style=\"color: #000080;\">9.Antoni Pilu\u015b, 1c<\/span><\/div>\n<div dir=\"auto\"><span style=\"color: #000080;\">10. Martyna Ciemi\u0119ga, 1c<\/span><\/div>\n<div dir=\"auto\"><span style=\"color: #000080;\">Laureatami mini-konkursu polegaj\u0105cego na doko\u0144czeniu zda\u0144 o \u017cyczliwo\u015bci i empatii zostali:<\/span><\/div>\n<div dir=\"auto\"><span style=\"color: #000080;\">1.Szymon Mielniczuk, 6b<\/span><\/div>\n<div dir=\"auto\"><span style=\"color: #000080;\">2.Iga Nowosad, 6a<\/span><\/div>\n<div dir=\"auto\"><span style=\"color: #000080;\">3.Jakub Bajerczak, 7c<\/span><\/div>\n<div dir=\"auto\"><span style=\"color: #000080;\">4.Amelia Wieczorek, 8a<\/span><\/div>\n<div dir=\"auto\"><span style=\"color: #000080;\">5.Karolina Chojnacka, 6c<\/span><\/div>\n<div dir=\"auto\"><span style=\"color: #000080;\">6.Brajan Kluczyk, 5b<\/span><\/div>\n<div dir=\"auto\"><span style=\"color: #000080;\">7.Joel Szymon, 3a<\/span><\/div>\n<div dir=\"auto\"><span style=\"color: #000080;\">8.Amelia B\u0142aszczuk, 3b<\/span><\/div>\n<div dir=\"auto\"><span style=\"color: #000080;\">9. Alicja Arcaba, 3a<\/span><\/div>\n<div dir=\"auto\"><span style=\"color: #000080;\">10.Nikola Bia\u0142ek, 3c<\/span><\/div>\n<div dir=\"auto\"><span style=\"color: #000080;\">11.Maja Chadaj, 3c<\/span><\/div>\n<div dir=\"auto\"><span style=\"color: #000080;\">Laureaci mini-konkurs\u00f3w otrzymali drobne nagrody.<\/span><\/div>\n<div dir=\"auto\"><span style=\"color: #000080;\">Mamy nadziej\u0119, \u017ce dzi\u0119ki obchodom Tygodnia Empatii i \u017byczliwo\u015bci, uczniowie u\u015bwiadomili sobie, jak wiele korzy\u015bci przynosz\u0105 te pozytywne postawy i b\u0119d\u0105 je stosowa\u0107 na co dzie\u0144.<\/span><\/div>\n<div dir=\"auto\"><span style=\"color: #000080;\">Organizatorami wydarzenia byli: uczniowie klasy 6b wraz z wychowawc\u0105 p. Mart\u0105 Lackowsk\u0105, Szkolny Klub Mediatora wraz z opiekunem p. Mart\u0105 Kuczy\u0144sk\u0105 oraz Samorz\u0105d Uczniowski wraz z opiekunami p. Ann\u0105 Lewandowsk\u0105 i p. Sylwi\u0105 Wojak.<\/span><\/div>\n<div dir=\"auto\">\nngg_shortcode_0_placeholder\n<\/div>\n","protected":false},"excerpt":{"rendered":"<p>W dniach 20-24.11.2023r. zorganizowali\u015bmy w naszej szkole Tydzie\u0144 Empatii i \u017byczliwo\u015bci, za\u015b 21.11.2023r. obchodzili\u015bmy Dzie\u0144 \u017byczliwo\u015bci i Pozdrowie\u0144. Tydzie\u0144 Empatii i \u017byczliwo\u015bci obfitowa\u0142 w mi\u0142e wydarzenia, kt\u00f3re mia\u0142y na celu podkre\u015blenie faktu, jak wielkie znaczenia ma w\u015br\u00f3d ludzi \u017cyczliwa i empatyczna postawa. Na korytarzach pojawi\u0142y si\u0119 gazetki promuj\u0105ce \u017cyczliwo\u015b\u0107 oraz plakaty, kt\u00f3re mia\u0142y za zadanie [&hellip;]<\/p>\n","protected":false},"author":2,"featured_media":0,"parent":5983,"menu_order":0,"comment_status":"closed","ping_status":"closed","template":"","meta":{"ngg_post_thumbnail":0,"footnotes":""},"class_list":["post-23069","page","type-page","status-publish","hentry"],"_links":{"self":[{"href":"https:\/\/sp1hrubieszow.pl\/index.php\/wp-json\/wp\/v2\/pages\/23069","targetHints":{"allow":["GET"]}}],"collection":[{"href":"https:\/\/sp1hrubieszow.pl\/index.php\/wp-json\/wp\/v2\/pages"}],"about":[{"href":"https:\/\/sp1hrubieszow.pl\/index.php\/wp-json\/wp\/v2\/types\/page"}],"author":[{"embeddable":true,"href":"https:\/\/sp1hrubieszow.pl\/index.php\/wp-json\/wp\/v2\/users\/2"}],"replies":[{"embeddable":true,"href":"https:\/\/sp1hrubieszow.pl\/index.php\/wp-json\/wp\/v2\/comments?post=23069"}],"version-history":[{"count":1,"href":"https:\/\/sp1hrubieszow.pl\/index.php\/wp-json\/wp\/v2\/pages\/23069\/revisions"}],"predecessor-version":[{"id":23070,"href":"https:\/\/sp1hrubieszow.pl\/index.php\/wp-json\/wp\/v2\/pages\/23069\/revisions\/23070"}],"up":[{"embeddable":true,"href":"https:\/\/sp1hrubieszow.pl\/index.php\/wp-json\/wp\/v2\/pages\/5983"}],"wp:attachment":[{"href":"https:\/\/sp1hrubieszow.pl\/index.php\/wp-json\/wp\/v2\/media?parent=23069"}],"curies":[{"name":"wp","href":"https:\/\/api.w.org\/{rel}","templated":true}]}}

Tydzień Empatii i Życzliwości

<div dir="auto"><span style="color: #000080;">W dniach 20-24.11.2023r. zorganizowaliśmy w naszej szkole Tydzień Empatii i Życzliwości, zaś 21.11.2023r. obchodziliśmy Dzień Życzliwości i Pozdrowień. Tydzień Empatii i Życzliwości obfitował w miłe wydarzenia, które miały na celu podkreślenie faktu, jak wielkie znaczenia ma wśród ludzi życzliwa i empatyczna postawa. Na korytarzach pojawiły się gazetki promujące życzliwość oraz plakaty, które miały za zadanie dodawać uczniom otuchy i przypominać im, że mają wokół siebie życzliwe osoby. Uczniów zachęcono do udziału w mini-konkursie, polegającym na dokończeniu zdań: &#8222;Człowiek życzliwy posiada następujące cechy&#8230;&#8221; oraz &#8222;Empatia oznacza&#8230;&#8221; Można było skorzystać z &#8222;Poczty Pozdrowień&#8221; i przesłać za jej pośrednictwem życzenia, pozdrowienia lub podziękowania wybranej osobie. W dniach 21-22.11.2023r. członkowie Szkolnego Klubu Mediatora zorganizowali akcje czytelnicze wśród najmłodszych uczniów. Tematem przewodnim była empatyczna komunikacja tzw. &#8222;Język żyrafy&#8221;, który przedstawiony był najmłodszym uczniom za pomocą odpowiednio dobranej literatury. Uczestnicy zajęć wzięli udział w mini-konkursie na najładniej pokolorowaną kolorowankę antystresową- żyrafę.</span></div>
<div dir="auto"><span style="color: #000080;">Laureatami tego konkursu zostali:</span></div>
<div dir="auto"><span style="color: #000080;">1.Eliza Foks, 2b</span></div>
<div dir="auto"><span style="color: #000080;">2.Zuzanna Łuczuk, 2b</span></div>
<div dir="auto"><span style="color: #000080;">3.Oliwia Świder, 2b</span></div>
<div dir="auto"><span style="color: #000080;">4.Wiktor Duławski, 1b</span></div>
<div dir="auto"><span style="color: #000080;">5.Julia Bogucka, 1b</span></div>
<div dir="auto"><span style="color: #000080;">6.Bartek Dragun, 1a</span></div>
<div dir="auto"><span style="color: #000080;">7.Lena Dominik, 1a</span></div>
<div dir="auto"><span style="color: #000080;">8. Magdalena Socha, 1a</span></div>
<div dir="auto"><span style="color: #000080;">9.Antoni Piluś, 1c</span></div>
<div dir="auto"><span style="color: #000080;">10. Martyna Ciemięga, 1c</span></div>
<div dir="auto"><span style="color: #000080;">Laureatami mini-konkursu polegającego na dokończeniu zdań o życzliwości i empatii zostali:</span></div>
<div dir="auto"><span style="color: #000080;">1.Szymon Mielniczuk, 6b</span></div>
<div dir="auto"><span style="color: #000080;">2.Iga Nowosad, 6a</span></div>
<div dir="auto"><span style="color: #000080;">3.Jakub Bajerczak, 7c</span></div>
<div dir="auto"><span style="color: #000080;">4.Amelia Wieczorek, 8a</span></div>
<div dir="auto"><span style="color: #000080;">5.Karolina Chojnacka, 6c</span></div>
<div dir="auto"><span style="color: #000080;">6.Brajan Kluczyk, 5b</span></div>
<div dir="auto"><span style="color: #000080;">7.Joel Szymon, 3a</span></div>
<div dir="auto"><span style="color: #000080;">8.Amelia Błaszczuk, 3b</span></div>
<div dir="auto"><span style="color: #000080;">9. Alicja Arcaba, 3a</span></div>
<div dir="auto"><span style="color: #000080;">10.Nikola Białek, 3c</span></div>
<div dir="auto"><span style="color: #000080;">11.Maja Chadaj, 3c</span></div>
<div dir="auto"><span style="color: #000080;">Laureaci mini-konkursów otrzymali drobne nagrody.</span></div>
<div dir="auto"><span style="color: #000080;">Mamy nadzieję, że dzięki obchodom Tygodnia Empatii i Życzliwości, uczniowie uświadomili sobie, jak wiele korzyści przynoszą te pozytywne postawy i będą je stosować na co dzień.</span></div>
<div dir="auto"><span style="color: #000080;">Organizatorami wydarzenia byli: uczniowie klasy 6b wraz z wychowawcą p. Martą Lackowską, Szkolny Klub Mediatora wraz z opiekunem p. Martą Kuczyńską oraz Samorząd Uczniowski wraz z opiekunami p. Anną Lewandowską i p. Sylwią Wojak.</span></div>
<div dir="auto">
ngg_shortcode_0_placeholder
</div>

<p>W dniach 20-24.11.2023r. zorganizowaliśmy w naszej szkole Tydzień Empatii i Życzliwości, zaś 21.11.2023r. obchodziliśmy Dzień Życzliwości i Pozdrowień. Tydzień Empatii i Życzliwości obfitował w miłe wydarzenia, które miały na celu podkreślenie faktu, jak wielkie znaczenia ma wśród ludzi życzliwa i empatyczna postawa. Na korytarzach pojawiły się gazetki promujące życzliwość oraz plakaty, które miały za zadanie [&hellip;]</p>
