{"id":23061,"date":"2023-11-29T15:52:09","date_gmt":"2023-11-29T14:52:09","guid":{"rendered":"https:\/\/sp1hrubieszow.pl\/?page_id=23061"},"modified":"2023-12-05T20:04:17","modified_gmt":"2023-12-05T19:04:17","slug":"xiii-swiatowy-dzien-tabliczki-mnozenia","status":"publish","type":"page","link":"https:\/\/sp1hrubieszow.pl\/index.php\/kronika-2019-2020\/xiii-swiatowy-dzien-tabliczki-mnozenia\/","title":{"rendered":"XIII \u015aWIATOWY DZIE\u0143 TABLICZKI MNO\u017bENIA"},"content":{"rendered":"\n<p><span style=\"color: #000080;\">17 listopada 2023 roku po raz kolejny obchodzili\u015bmy w naszej szkole XIII \u015awiatowy Dzie\u0144 Tabliczki Mno\u017cenia. Uczniowie klas 3-8 mieli okazj\u0119 wykaza\u0107 si\u0119 znajomo\u015bci\u0105 tabliczki mno\u017cenia. Powtarzali i utrwalali tabliczk\u0119 mno\u017cenia w r\u00f3\u017cnej formie. <\/span><br><span style=\"color: #000080;\">Pi\u0119kne kolorowanki zdobi\u0105 teraz nasz korytarz szkolny. Uczniowie mieli te\u017c okazj\u0119 u\u015bwiadomi\u0107 sobie, jak cz\u0119sto w naszym \u017cyciu korzystamy z wiedzy matematycznej ogl\u0105daj\u0105c gazetk\u0119 \u201eDzisiaj u\u017cywali\u015bcie matematyki?\u201d &nbsp;<\/span><\/p>\n<p><span style=\"color: #000080;\">&nbsp;&nbsp;&nbsp;&nbsp;&nbsp;&nbsp;&nbsp;&nbsp;&nbsp;&nbsp;&nbsp; <strong>Pami\u0105tkowe dyplomy z tytu\u0142em Klasowych Mistrz\u00f3w Tabliczki Mno\u017cenia otrzymali nast\u0119puj\u0105cy uczniowie:<\/strong><\/span><\/p>\n<p><span style=\"color: #000080;\"><strong>klasa 3a \u2013 Zuzanna Korneluk<\/strong><\/span><\/p>\n<p><span style=\"color: #000080;\"><strong>klasa 3b \u2013Alan Flisiak<\/strong><\/span><\/p>\n<p><span style=\"color: #000080;\"><strong>klasa 3c \u2013Bartosz Grabowski<\/strong><\/span><\/p>\n<p><span style=\"color: #000080;\"><strong>klasa 4a \u2013 Patrycja Kotko<\/strong><\/span><\/p>\n<p><span style=\"color: #000080;\"><strong>klasa 4b \u2013 Micha\u0142 Buta<\/strong><\/span><\/p>\n<p><span style=\"color: #000080;\"><strong>klasa 5a \u2013 Adam \u0141opatiuk<\/strong><\/span><\/p>\n<p><span style=\"color: #000080;\"><strong>klasa 5b \u2013 Paulina Karcz<\/strong><\/span><\/p>\n<p><span style=\"color: #000080;\"><strong>klasa 5c \u2013 Maria Stepaniuk<\/strong><\/span><\/p>\n<p><span style=\"color: #000080;\"><strong>klasa 6a \u2013 Kacper \u017bur<\/strong><\/span><\/p>\n<p><span style=\"color: #000080;\"><strong>klasa 6b \u2013 Szymon Koko\u0107<\/strong><\/span><\/p>\n<p><span style=\"color: #000080;\"><strong>klasa 6c \u2013 Wojciech Rodzik<\/strong><\/span><\/p>\n<p><span style=\"color: #000080;\"><strong>klasa 7a \u2013 Dominik Dubienko<\/strong><\/span><\/p>\n<p><span style=\"color: #000080;\"><strong>klasa 7b \u2013 Wiktoria Dynkiewicz<\/strong><\/span><\/p>\n<p><span style=\"color: #000080;\"><strong>klasa 7c \u2013 Dawid Ka\u0144ski<\/strong><\/span><\/p>\n<p><span style=\"color: #000080;\"><strong>klasa 8a \u2013 Karol Stadnicki i Micha\u0142 Grzeszczuk<\/strong><\/span><\/p>\n<p><span style=\"color: #000080;\">Gratulujemy!<\/span><\/p>\nngg_shortcode_0_placeholder\n","protected":false},"excerpt":{"rendered":"<p>17 listopada 2023 roku po raz kolejny obchodzili\u015bmy w naszej szkole XIII \u015awiatowy Dzie\u0144 Tabliczki Mno\u017cenia. Uczniowie klas 3-8 mieli okazj\u0119 wykaza\u0107 si\u0119 znajomo\u015bci\u0105 tabliczki mno\u017cenia. Powtarzali i utrwalali tabliczk\u0119 mno\u017cenia w r\u00f3\u017cnej formie. Pi\u0119kne kolorowanki zdobi\u0105 teraz nasz korytarz szkolny. Uczniowie mieli te\u017c okazj\u0119 u\u015bwiadomi\u0107 sobie, jak cz\u0119sto w naszym \u017cyciu korzystamy z wiedzy [&hellip;]<\/p>\n","protected":false},"author":4,"featured_media":0,"parent":2167,"menu_order":0,"comment_status":"closed","ping_status":"closed","template":"","meta":{"ngg_post_thumbnail":0,"footnotes":""},"class_list":["post-23061","page","type-page","status-publish","hentry"],"_links":{"self":[{"href":"https:\/\/sp1hrubieszow.pl\/index.php\/wp-json\/wp\/v2\/pages\/23061","targetHints":{"allow":["GET"]}}],"collection":[{"href":"https:\/\/sp1hrubieszow.pl\/index.php\/wp-json\/wp\/v2\/pages"}],"about":[{"href":"https:\/\/sp1hrubieszow.pl\/index.php\/wp-json\/wp\/v2\/types\/page"}],"author":[{"embeddable":true,"href":"https:\/\/sp1hrubieszow.pl\/index.php\/wp-json\/wp\/v2\/users\/4"}],"replies":[{"embeddable":true,"href":"https:\/\/sp1hrubieszow.pl\/index.php\/wp-json\/wp\/v2\/comments?post=23061"}],"version-history":[{"count":5,"href":"https:\/\/sp1hrubieszow.pl\/index.php\/wp-json\/wp\/v2\/pages\/23061\/revisions"}],"predecessor-version":[{"id":23228,"href":"https:\/\/sp1hrubieszow.pl\/index.php\/wp-json\/wp\/v2\/pages\/23061\/revisions\/23228"}],"up":[{"embeddable":true,"href":"https:\/\/sp1hrubieszow.pl\/index.php\/wp-json\/wp\/v2\/pages\/2167"}],"wp:attachment":[{"href":"https:\/\/sp1hrubieszow.pl\/index.php\/wp-json\/wp\/v2\/media?parent=23061"}],"curies":[{"name":"wp","href":"https:\/\/api.w.org\/{rel}","templated":true}]}}