{"id":22977,"date":"2023-11-23T21:41:35","date_gmt":"2023-11-23T20:41:35","guid":{"rendered":"https:\/\/sp1hrubieszow.pl\/?page_id=22977"},"modified":"2023-11-23T21:42:00","modified_gmt":"2023-11-23T20:42:00","slug":"uwaga-3","status":"publish","type":"page","link":"https:\/\/sp1hrubieszow.pl\/index.php\/kronika-2020-2021\/uwaga-3\/","title":{"rendered":"UWAGA!!!"},"content":{"rendered":"\n\n\n<div dir=\"auto\"><span style=\"color: #000080;\">Informujemy, \u017ce 24 listopada mija termin sk\u0142adania dokument\u00f3w do projektu Erasmus + oraz do projektu mobilno\u015b\u0107 zagraniczna uczni\u00f3w ( na zasadzie Erasmus+).<\/span><\/div>\n<div dir=\"auto\"><span style=\"color: #000080;\">W poniedzia\u0142ek 27 listopada o godzinie 15.00 w szkole odb\u0119d\u0105 si\u0119 testy kwalifikacyjne dla kandydat\u00f3w: j\u0119zyk angielski, kompetencje cyfrowe, og\u00f3lna wiedza o Hiszpanii.<\/span><\/div>\n<div dir=\"auto\"><span style=\"color: #000080;\">Uczniowie, kt\u00f3rzy nie b\u0119d\u0105 mogli przyst\u0105pi\u0107 do test\u00f3w w tym dniu, zobowi\u0105zani s\u0105 do kontaktu z osobami odpowiedzialnymi za projekt (p. Magdalena S\u0142owik, p. Marta Lackowska, P. Monika Czulak, ks. Tomasz Szady) w celu ustalenia zasad pisania test\u00f3w w innym terminie.<\/span><\/div>\n\n\n","protected":false},"excerpt":{"rendered":"<p>Informujemy, \u017ce 24 listopada mija termin sk\u0142adania dokument\u00f3w do projektu Erasmus + oraz do projektu mobilno\u015b\u0107 zagraniczna uczni\u00f3w ( na zasadzie Erasmus+). W poniedzia\u0142ek 27 listopada o godzinie 15.00 w szkole odb\u0119d\u0105 si\u0119 testy kwalifikacyjne dla kandydat\u00f3w: j\u0119zyk angielski, kompetencje cyfrowe, og\u00f3lna wiedza o Hiszpanii. Uczniowie, kt\u00f3rzy nie b\u0119d\u0105 mogli przyst\u0105pi\u0107 do test\u00f3w w tym [&hellip;]<\/p>\n","protected":false},"author":2,"featured_media":0,"parent":5983,"menu_order":0,"comment_status":"closed","ping_status":"closed","template":"","meta":{"ngg_post_thumbnail":0,"footnotes":""},"class_list":["post-22977","page","type-page","status-publish","hentry"],"_links":{"self":[{"href":"https:\/\/sp1hrubieszow.pl\/index.php\/wp-json\/wp\/v2\/pages\/22977","targetHints":{"allow":["GET"]}}],"collection":[{"href":"https:\/\/sp1hrubieszow.pl\/index.php\/wp-json\/wp\/v2\/pages"}],"about":[{"href":"https:\/\/sp1hrubieszow.pl\/index.php\/wp-json\/wp\/v2\/types\/page"}],"author":[{"embeddable":true,"href":"https:\/\/sp1hrubieszow.pl\/index.php\/wp-json\/wp\/v2\/users\/2"}],"replies":[{"embeddable":true,"href":"https:\/\/sp1hrubieszow.pl\/index.php\/wp-json\/wp\/v2\/comments?post=22977"}],"version-history":[{"count":1,"href":"https:\/\/sp1hrubieszow.pl\/index.php\/wp-json\/wp\/v2\/pages\/22977\/revisions"}],"predecessor-version":[{"id":22978,"href":"https:\/\/sp1hrubieszow.pl\/index.php\/wp-json\/wp\/v2\/pages\/22977\/revisions\/22978"}],"up":[{"embeddable":true,"href":"https:\/\/sp1hrubieszow.pl\/index.php\/wp-json\/wp\/v2\/pages\/5983"}],"wp:attachment":[{"href":"https:\/\/sp1hrubieszow.pl\/index.php\/wp-json\/wp\/v2\/media?parent=22977"}],"curies":[{"name":"wp","href":"https:\/\/api.w.org\/{rel}","templated":true}]}}