{"id":22900,"date":"2023-11-22T21:57:42","date_gmt":"2023-11-22T20:57:42","guid":{"rendered":"https:\/\/sp1hrubieszow.pl\/?page_id=22900"},"modified":"2023-11-22T21:57:55","modified_gmt":"2023-11-22T20:57:55","slug":"andrzejkowe-warsztaty","status":"publish","type":"page","link":"https:\/\/sp1hrubieszow.pl\/index.php\/kronika-2020-2021\/andrzejkowe-warsztaty\/","title":{"rendered":"Andrzejkowe warsztaty"},"content":{"rendered":"\n\n\n<p><span style=\"color: #000080;\">22.11.23r. uczniowie klasy 3 a wzi\u0119li udzia\u0142 w warsztatach na temat&#8221; Tradycje, wr\u00f3\u017cby i zabawy andrzejkowe&#8221; w hrubieszowskim muzeum im. Stanis\u0142awa Staszica. Bardzo dzi\u0119kuj\u0105 pani Beatce Bitner kt\u00f3ra, jak co roku, przygotowa\u0142a dla nich zaskakuj\u0105ce wr\u00f3\u017cby, dostarczy\u0142a niezapomnianych wra\u017ce\u0144 oraz umo\u017cliwi\u0142a podtrzymanie tradycji ich klasy.<\/span><\/p>\nngg_shortcode_0_placeholder\n","protected":false},"excerpt":{"rendered":"<p>22.11.23r. uczniowie klasy 3 a wzi\u0119li udzia\u0142 w warsztatach na temat&#8221; Tradycje, wr\u00f3\u017cby i zabawy andrzejkowe&#8221; w hrubieszowskim muzeum im. Stanis\u0142awa Staszica. Bardzo dzi\u0119kuj\u0105 pani Beatce Bitner kt\u00f3ra, jak co roku, przygotowa\u0142a dla nich zaskakuj\u0105ce wr\u00f3\u017cby, dostarczy\u0142a niezapomnianych wra\u017ce\u0144 oraz umo\u017cliwi\u0142a podtrzymanie tradycji ich klasy.<\/p>\n","protected":false},"author":2,"featured_media":0,"parent":5983,"menu_order":0,"comment_status":"closed","ping_status":"closed","template":"","meta":{"ngg_post_thumbnail":0,"footnotes":""},"class_list":["post-22900","page","type-page","status-publish","hentry"],"_links":{"self":[{"href":"https:\/\/sp1hrubieszow.pl\/index.php\/wp-json\/wp\/v2\/pages\/22900","targetHints":{"allow":["GET"]}}],"collection":[{"href":"https:\/\/sp1hrubieszow.pl\/index.php\/wp-json\/wp\/v2\/pages"}],"about":[{"href":"https:\/\/sp1hrubieszow.pl\/index.php\/wp-json\/wp\/v2\/types\/page"}],"author":[{"embeddable":true,"href":"https:\/\/sp1hrubieszow.pl\/index.php\/wp-json\/wp\/v2\/users\/2"}],"replies":[{"embeddable":true,"href":"https:\/\/sp1hrubieszow.pl\/index.php\/wp-json\/wp\/v2\/comments?post=22900"}],"version-history":[{"count":1,"href":"https:\/\/sp1hrubieszow.pl\/index.php\/wp-json\/wp\/v2\/pages\/22900\/revisions"}],"predecessor-version":[{"id":22901,"href":"https:\/\/sp1hrubieszow.pl\/index.php\/wp-json\/wp\/v2\/pages\/22900\/revisions\/22901"}],"up":[{"embeddable":true,"href":"https:\/\/sp1hrubieszow.pl\/index.php\/wp-json\/wp\/v2\/pages\/5983"}],"wp:attachment":[{"href":"https:\/\/sp1hrubieszow.pl\/index.php\/wp-json\/wp\/v2\/media?parent=22900"}],"curies":[{"name":"wp","href":"https:\/\/api.w.org\/{rel}","templated":true}]}}