{"id":22793,"date":"2023-11-18T17:49:52","date_gmt":"2023-11-18T16:49:52","guid":{"rendered":"https:\/\/sp1hrubieszow.pl\/?page_id=22793"},"modified":"2023-11-27T22:17:21","modified_gmt":"2023-11-27T21:17:21","slug":"konkursu-plastyczny-kolory-niepodleglosci","status":"publish","type":"page","link":"https:\/\/sp1hrubieszow.pl\/index.php\/kronika-2020-2021\/konkursu-plastyczny-kolory-niepodleglosci\/","title":{"rendered":"Konkurs plastyczny &#8221; Kolory Niepodleg\u0142o\u015bci&#8221;"},"content":{"rendered":"\n<p><span style=\"color: #000080;\">Mi\u0142o nam poinformowa\u0107, \u017ce 15.11.23r. uczennice klasy 3 a Natalia Balcer oraz klasy 4 a Karolina Banach naszej szko\u0142y bra\u0142y udzia\u0142 w uroczystej gali VI edycji konkursu plastycznego &#8221; Kolory Niepodleg\u0142o\u015bci&#8221; w Zamo\u015bciu. Gratulujemy dziewczynkom sukcesu i jeste\u015bmy dumni, \u017ce reprezentowa\u0142y nasz\u0105 szko\u0142\u0119 w takiej uroczysto\u015bci.<\/span><\/p>\nngg_shortcode_0_placeholder\n","protected":false},"excerpt":{"rendered":"<p>Mi\u0142o nam poinformowa\u0107, \u017ce 15.11.23r. uczennice klasy 3 a Natalia Balcer oraz klasy 4 a Karolina Banach naszej szko\u0142y bra\u0142y udzia\u0142 w uroczystej gali VI edycji konkursu plastycznego &#8221; Kolory Niepodleg\u0142o\u015bci&#8221; w Zamo\u015bciu. Gratulujemy dziewczynkom sukcesu i jeste\u015bmy dumni, \u017ce reprezentowa\u0142y nasz\u0105 szko\u0142\u0119 w takiej uroczysto\u015bci.<\/p>\n","protected":false},"author":2,"featured_media":0,"parent":5983,"menu_order":0,"comment_status":"closed","ping_status":"closed","template":"","meta":{"ngg_post_thumbnail":0,"footnotes":""},"class_list":["post-22793","page","type-page","status-publish","hentry"],"_links":{"self":[{"href":"https:\/\/sp1hrubieszow.pl\/index.php\/wp-json\/wp\/v2\/pages\/22793","targetHints":{"allow":["GET"]}}],"collection":[{"href":"https:\/\/sp1hrubieszow.pl\/index.php\/wp-json\/wp\/v2\/pages"}],"about":[{"href":"https:\/\/sp1hrubieszow.pl\/index.php\/wp-json\/wp\/v2\/types\/page"}],"author":[{"embeddable":true,"href":"https:\/\/sp1hrubieszow.pl\/index.php\/wp-json\/wp\/v2\/users\/2"}],"replies":[{"embeddable":true,"href":"https:\/\/sp1hrubieszow.pl\/index.php\/wp-json\/wp\/v2\/comments?post=22793"}],"version-history":[{"count":3,"href":"https:\/\/sp1hrubieszow.pl\/index.php\/wp-json\/wp\/v2\/pages\/22793\/revisions"}],"predecessor-version":[{"id":23008,"href":"https:\/\/sp1hrubieszow.pl\/index.php\/wp-json\/wp\/v2\/pages\/22793\/revisions\/23008"}],"up":[{"embeddable":true,"href":"https:\/\/sp1hrubieszow.pl\/index.php\/wp-json\/wp\/v2\/pages\/5983"}],"wp:attachment":[{"href":"https:\/\/sp1hrubieszow.pl\/index.php\/wp-json\/wp\/v2\/media?parent=22793"}],"curies":[{"name":"wp","href":"https:\/\/api.w.org\/{rel}","templated":true}]}}