{"id":22717,"date":"2023-11-15T20:16:16","date_gmt":"2023-11-15T19:16:16","guid":{"rendered":"https:\/\/sp1hrubieszow.pl\/?page_id=22717"},"modified":"2023-11-15T20:16:48","modified_gmt":"2023-11-15T19:16:48","slug":"uwaga-zmiany-terminow","status":"publish","type":"page","link":"https:\/\/sp1hrubieszow.pl\/index.php\/kronika-2020-2021\/uwaga-zmiany-terminow\/","title":{"rendered":"Uwaga! Zmiany termin\u00f3w"},"content":{"rendered":"\n<p><span style=\"color: #ff0000;\"><strong>Podaj\u0119 do wiadomo\u015bci:<\/strong><\/span><\/p>\n<p class=\"x_elementToProof\"><span style=\"color: #ff0000;\"><b>Zmian\u0119 &nbsp;termin\u00f3w kalendarza &nbsp;roku szkolnego :<\/b><\/span><\/p>\n<p><span style=\"color: #000080;\"><b>Ostateczny termin wystawiania propozycje ocen &#8211; 16 grudzie\u0144 2023r.<\/b><\/span><\/p>\n<p><span style=\"color: #000080;\"><b>Zebranie z rodzicami &nbsp;&#8211; 18 grudzie\u0144 2023r<\/b><\/span><\/p>\n<p><span style=\"color: #000080;\"><b>Ostateczny termin wystawiania ocen klasyfikacyjnych na I p\u00f3\u0142rocze \u2013 16 stycze\u0144 2024r.<\/b><\/span><\/p>\n<p class=\"x_elementToProof\"><span style=\"color: #000080;\"><b>Zebranie rady pedagogicznej klasyfikacyjnej 19 stycze\u0144 2024r.<\/b><\/span><\/p>\n<p class=\"x_elementToProof\"><span style=\"color: #000080;\">Edyta Kucharska&nbsp;<\/span><\/p>\n","protected":false},"excerpt":{"rendered":"<p>Podaj\u0119 do wiadomo\u015bci: Zmian\u0119 &nbsp;termin\u00f3w kalendarza &nbsp;roku szkolnego : Ostateczny termin wystawiania propozycje ocen &#8211; 16 grudzie\u0144 2023r. Zebranie z rodzicami &nbsp;&#8211; 18 grudzie\u0144 2023r Ostateczny termin wystawiania ocen klasyfikacyjnych na I p\u00f3\u0142rocze \u2013 16 stycze\u0144 2024r. Zebranie rady pedagogicznej klasyfikacyjnej 19 stycze\u0144 2024r. Edyta Kucharska&nbsp;<\/p>\n","protected":false},"author":2,"featured_media":0,"parent":5983,"menu_order":0,"comment_status":"closed","ping_status":"closed","template":"","meta":{"ngg_post_thumbnail":0,"footnotes":""},"class_list":["post-22717","page","type-page","status-publish","hentry"],"_links":{"self":[{"href":"https:\/\/sp1hrubieszow.pl\/index.php\/wp-json\/wp\/v2\/pages\/22717","targetHints":{"allow":["GET"]}}],"collection":[{"href":"https:\/\/sp1hrubieszow.pl\/index.php\/wp-json\/wp\/v2\/pages"}],"about":[{"href":"https:\/\/sp1hrubieszow.pl\/index.php\/wp-json\/wp\/v2\/types\/page"}],"author":[{"embeddable":true,"href":"https:\/\/sp1hrubieszow.pl\/index.php\/wp-json\/wp\/v2\/users\/2"}],"replies":[{"embeddable":true,"href":"https:\/\/sp1hrubieszow.pl\/index.php\/wp-json\/wp\/v2\/comments?post=22717"}],"version-history":[{"count":1,"href":"https:\/\/sp1hrubieszow.pl\/index.php\/wp-json\/wp\/v2\/pages\/22717\/revisions"}],"predecessor-version":[{"id":22718,"href":"https:\/\/sp1hrubieszow.pl\/index.php\/wp-json\/wp\/v2\/pages\/22717\/revisions\/22718"}],"up":[{"embeddable":true,"href":"https:\/\/sp1hrubieszow.pl\/index.php\/wp-json\/wp\/v2\/pages\/5983"}],"wp:attachment":[{"href":"https:\/\/sp1hrubieszow.pl\/index.php\/wp-json\/wp\/v2\/media?parent=22717"}],"curies":[{"name":"wp","href":"https:\/\/api.w.org\/{rel}","templated":true}]}}