{"id":22667,"date":"2023-11-13T20:14:09","date_gmt":"2023-11-13T19:14:09","guid":{"rendered":"https:\/\/sp1hrubieszow.pl\/?page_id=22667"},"modified":"2023-11-18T13:34:18","modified_gmt":"2023-11-18T12:34:18","slug":"tydzien-niepodleglosci","status":"publish","type":"page","link":"https:\/\/sp1hrubieszow.pl\/index.php\/kronika-2020-2021\/tydzien-niepodleglosci\/","title":{"rendered":"TYDZIE\u0143 NIEPODLEG\u0141O\u015aCI"},"content":{"rendered":"\n<p><span style=\"color: #000080;\">W dniach 06-10 listopada z okazji 105-lecia odzyskania przez Polsk\u0119 niepodleg\u0142o\u015bci<br>w naszej szkole odby\u0142 si\u0119 \u201cTydzie\u0144 Niepodleg\u0142o\u015bci\u201d. Jego celem by\u0142o propagowanie warto\u015bci patriotycznych, budowanie szacunku do symboli narodowych, j\u0119zyka ojczystego, kszta\u0142towanie \u015bwiadomo\u015bci obywatelskiej oraz rozwijanie i wzmacnianie poczucia to\u017csamo\u015bci narodowej.<\/span><\/p>\n<p><span style=\"color: #000080;\">W poniedzia\u0142ek 6 listopada szko\u0142a zosta\u0142a udekorowana w barwy bia\u0142o &#8211; czerwone.&nbsp; <\/span><br><span style=\"color: #000080;\">Na gazetkach \u015bciennych pojawi\u0142y si\u0119 informacje na temat naszej ojczyzny oraz jej burzliwej historii.<\/span><\/p>\n<p><span style=\"color: #000080;\">W ramach \u201cTygodnia Niepodleg\u0142o\u015bci\u201d zrealizowali\u015bmy nast\u0119puj\u0105ce zadania:<\/span><\/p>\n<p><span style=\"color: #000080;\">Lekcje wychowawcze na temat \u015awi\u0119ta Niepodleg\u0142o\u015bci.<\/span><\/p>\n<p><span style=\"color: #000080;\">Konkurs \u201e\u017byczenia dla Niepodleg\u0142ej\u201d.<\/span><\/p>\n<p><span style=\"color: #000080;\">Konkurs \u201ePoszukaj swojej historycznej pary\u201d.<\/span><\/p>\n<p><span style=\"color: #000080;\">Dyktando OJCZYZNA \u2013POLSZCZYZNA.<\/span><\/p>\n<p><span style=\"color: #000080;\">Szkolny koncerty patriotyczny.<\/span><\/p>\n<p><span style=\"color: #000080;\">Wsp\u00f3lne od\u015bpiewanie hymnu narodowego.<\/span><\/p>\n<p><span style=\"color: #000080;\">Uczniowie wszystkich klas aktywnie zaanga\u017cowali si\u0119 w poszczeg\u00f3lne dzia\u0142ania.<\/span><\/p>\n\n\n\nngg_shortcode_0_placeholder\n","protected":false},"excerpt":{"rendered":"<p>W dniach 06-10 listopada z okazji 105-lecia odzyskania przez Polsk\u0119 niepodleg\u0142o\u015bciw naszej szkole odby\u0142 si\u0119 \u201cTydzie\u0144 Niepodleg\u0142o\u015bci\u201d. Jego celem by\u0142o propagowanie warto\u015bci patriotycznych, budowanie szacunku do symboli narodowych, j\u0119zyka ojczystego, kszta\u0142towanie \u015bwiadomo\u015bci obywatelskiej oraz rozwijanie i wzmacnianie poczucia to\u017csamo\u015bci narodowej. W poniedzia\u0142ek 6 listopada szko\u0142a zosta\u0142a udekorowana w barwy bia\u0142o &#8211; czerwone.&nbsp; Na gazetkach \u015bciennych [&hellip;]<\/p>\n","protected":false},"author":4,"featured_media":0,"parent":5983,"menu_order":0,"comment_status":"closed","ping_status":"closed","template":"","meta":{"ngg_post_thumbnail":0,"footnotes":""},"class_list":["post-22667","page","type-page","status-publish","hentry"],"_links":{"self":[{"href":"https:\/\/sp1hrubieszow.pl\/index.php\/wp-json\/wp\/v2\/pages\/22667","targetHints":{"allow":["GET"]}}],"collection":[{"href":"https:\/\/sp1hrubieszow.pl\/index.php\/wp-json\/wp\/v2\/pages"}],"about":[{"href":"https:\/\/sp1hrubieszow.pl\/index.php\/wp-json\/wp\/v2\/types\/page"}],"author":[{"embeddable":true,"href":"https:\/\/sp1hrubieszow.pl\/index.php\/wp-json\/wp\/v2\/users\/4"}],"replies":[{"embeddable":true,"href":"https:\/\/sp1hrubieszow.pl\/index.php\/wp-json\/wp\/v2\/comments?post=22667"}],"version-history":[{"count":2,"href":"https:\/\/sp1hrubieszow.pl\/index.php\/wp-json\/wp\/v2\/pages\/22667\/revisions"}],"predecessor-version":[{"id":22783,"href":"https:\/\/sp1hrubieszow.pl\/index.php\/wp-json\/wp\/v2\/pages\/22667\/revisions\/22783"}],"up":[{"embeddable":true,"href":"https:\/\/sp1hrubieszow.pl\/index.php\/wp-json\/wp\/v2\/pages\/5983"}],"wp:attachment":[{"href":"https:\/\/sp1hrubieszow.pl\/index.php\/wp-json\/wp\/v2\/media?parent=22667"}],"curies":[{"name":"wp","href":"https:\/\/api.w.org\/{rel}","templated":true}]}}