{"id":22584,"date":"2023-11-11T13:03:14","date_gmt":"2023-11-11T12:03:14","guid":{"rendered":"https:\/\/sp1hrubieszow.pl\/?page_id=22584"},"modified":"2023-11-11T13:04:15","modified_gmt":"2023-11-11T12:04:15","slug":"lekcja-o-funduszach-europejskich-viii","status":"publish","type":"page","link":"https:\/\/sp1hrubieszow.pl\/index.php\/kronika-2020-2021\/lekcja-o-funduszach-europejskich-viii\/","title":{"rendered":"LEKCJA O FUNDUSZACH EUROPEJSKICH VIII"},"content":{"rendered":"\n\n\n<p><span style=\"color: #000080;\">Na prze\u0142omie pa\u017adziernika i listopada, klasy 6a i 6b uczestniczy\u0142y w akcji edukacyjnej \u201eLekcja o Funduszach Europejskich VIII. Jej organizatorem by\u0142o Ministerstwo Funduszy i Polityki Regionalnej.<\/span><\/p>\n<p><span style=\"color: #000080;\">Tematyka tegorocznej Lekcji dotyczy\u0142a zmian klimatu oraz sposob\u00f3w jego ochrony. Uczniowie zdobyli wiedz\u0119 o klimacie ogl\u0105daj\u0105c film z udzia\u0142em najbardziej znanego polskiego podr\u00f3\u017cnika Tomka Michniewicza, czytaj\u0105c komiks, a tak\u017ce rozwi\u0105zuj\u0105c zadania w zeszycie \u0107wicze\u0144 i broszurach edukacyjnych. <\/span><br><span style=\"color: #000080;\">Na koniec wszyscy uczniowie bior\u0105cy udzia\u0142 w akcji wype\u0142nili ankiet\u0119 ewaluacyjn\u0105 i otrzymali drobne upominki.<\/span><\/p>\n<p><span style=\"color: #000080;\">Zdobyte informacje podczas tych zaj\u0119\u0107 na pewno zaowocuj\u0105 dobrymi praktykami&nbsp; w \u017cyciu codziennym.<\/span><\/p>\nngg_shortcode_0_placeholder\n","protected":false},"excerpt":{"rendered":"<p>Na prze\u0142omie pa\u017adziernika i listopada, klasy 6a i 6b uczestniczy\u0142y w akcji edukacyjnej \u201eLekcja o Funduszach Europejskich VIII. Jej organizatorem by\u0142o Ministerstwo Funduszy i Polityki Regionalnej. Tematyka tegorocznej Lekcji dotyczy\u0142a zmian klimatu oraz sposob\u00f3w jego ochrony. Uczniowie zdobyli wiedz\u0119 o klimacie ogl\u0105daj\u0105c film z udzia\u0142em najbardziej znanego polskiego podr\u00f3\u017cnika Tomka Michniewicza, czytaj\u0105c komiks, a tak\u017ce [&hellip;]<\/p>\n","protected":false},"author":2,"featured_media":0,"parent":5983,"menu_order":0,"comment_status":"closed","ping_status":"closed","template":"","meta":{"ngg_post_thumbnail":0,"footnotes":""},"class_list":["post-22584","page","type-page","status-publish","hentry"],"_links":{"self":[{"href":"https:\/\/sp1hrubieszow.pl\/index.php\/wp-json\/wp\/v2\/pages\/22584","targetHints":{"allow":["GET"]}}],"collection":[{"href":"https:\/\/sp1hrubieszow.pl\/index.php\/wp-json\/wp\/v2\/pages"}],"about":[{"href":"https:\/\/sp1hrubieszow.pl\/index.php\/wp-json\/wp\/v2\/types\/page"}],"author":[{"embeddable":true,"href":"https:\/\/sp1hrubieszow.pl\/index.php\/wp-json\/wp\/v2\/users\/2"}],"replies":[{"embeddable":true,"href":"https:\/\/sp1hrubieszow.pl\/index.php\/wp-json\/wp\/v2\/comments?post=22584"}],"version-history":[{"count":1,"href":"https:\/\/sp1hrubieszow.pl\/index.php\/wp-json\/wp\/v2\/pages\/22584\/revisions"}],"predecessor-version":[{"id":22585,"href":"https:\/\/sp1hrubieszow.pl\/index.php\/wp-json\/wp\/v2\/pages\/22584\/revisions\/22585"}],"up":[{"embeddable":true,"href":"https:\/\/sp1hrubieszow.pl\/index.php\/wp-json\/wp\/v2\/pages\/5983"}],"wp:attachment":[{"href":"https:\/\/sp1hrubieszow.pl\/index.php\/wp-json\/wp\/v2\/media?parent=22584"}],"curies":[{"name":"wp","href":"https:\/\/api.w.org\/{rel}","templated":true}]}}