{"id":22563,"date":"2023-11-09T20:22:44","date_gmt":"2023-11-09T19:22:44","guid":{"rendered":"https:\/\/sp1hrubieszow.pl\/?page_id=22563"},"modified":"2023-11-09T20:23:23","modified_gmt":"2023-11-09T19:23:23","slug":"nasze-wspolne-dziadowanie","status":"publish","type":"page","link":"https:\/\/sp1hrubieszow.pl\/index.php\/kronika-2020-2021\/nasze-wspolne-dziadowanie\/","title":{"rendered":"Nasze wsp\u00f3lne \u201edziadowanie\u201d"},"content":{"rendered":"\n\n\n\n\n<p><span style=\"color: #000080;\">Dnia 08.11.2023 uczniowie klas 7-ych Szko\u0142y Podstawowej nr 1 w Hrubieszowie podtrzymali coroczn\u0105 tradycj\u0119 \u201edziadowania\u201d czyli wsp\u00f3lnego czytania lektury szkolnej pt. \u201eDziady\u201d Adama Mickiewicza.<\/span><\/p>\n<p><span style=\"color: #000080;\">Nic, by\u0107 mo\u017ce, nie by\u0142oby w tym niezwyk\u0142ego, gdyby nie fakt, \u017ce czytamy zawsze ten tekst w okolicy 1 listopada, w przyko\u015bcielnej kaplicy, w p\u00f3\u017anych godzinach wieczornych.<\/span><\/p>\n<p><span style=\"color: #000080;\">Wszystko to robimy po to, by jak najrealniej odda\u0107 nastr\u00f3j opisywanego w dramacie obrz\u0119du, kt\u00f3ry obchodzony by\u0142 przez wieki w\u015br\u00f3d posp\u00f3lstwa, kt\u00f3re musia\u0142o si\u0119 ukrywa\u0107 w starych domach i przycmentarnych kaplicach.<\/span><\/p>\n<p><span style=\"color: #000080;\">Ka\u017cdy z uczestnik\u00f3w spotkania odegra\u0142 rol\u0119 mu przypisan\u0105, a kaplica, kt\u00f3r\u0105 udost\u0119pni\u0142 nam, jak zawsze, ksi\u0105dz proboszcz parafii pw. Ducha \u015awi\u0119tego w Hrubieszowie, doskonale spe\u0142ni\u0142a rol\u0119 tajemnego i mrocznego zak\u0105tka dla odczynienia literackich dziad\u00f3w.<\/span><\/p>\n<p><span style=\"color: #000080;\">Do zorganizowania wieczoru przyczyni\u0142 si\u0119, opr\u00f3cz polonistek, ks. Tomasz \u017burawel, kt\u00f3remu serdecznie dzi\u0119kujemy.<\/span><\/p>\nngg_shortcode_0_placeholder\n<p>&nbsp;<\/p>\n","protected":false},"excerpt":{"rendered":"<p>Dnia 08.11.2023 uczniowie klas 7-ych Szko\u0142y Podstawowej nr 1 w Hrubieszowie podtrzymali coroczn\u0105 tradycj\u0119 \u201edziadowania\u201d czyli wsp\u00f3lnego czytania lektury szkolnej pt. \u201eDziady\u201d Adama Mickiewicza. Nic, by\u0107 mo\u017ce, nie by\u0142oby w tym niezwyk\u0142ego, gdyby nie fakt, \u017ce czytamy zawsze ten tekst w okolicy 1 listopada, w przyko\u015bcielnej kaplicy, w p\u00f3\u017anych godzinach wieczornych. Wszystko to robimy po [&hellip;]<\/p>\n","protected":false},"author":2,"featured_media":0,"parent":5983,"menu_order":0,"comment_status":"closed","ping_status":"closed","template":"","meta":{"ngg_post_thumbnail":0,"footnotes":""},"class_list":["post-22563","page","type-page","status-publish","hentry"],"_links":{"self":[{"href":"https:\/\/sp1hrubieszow.pl\/index.php\/wp-json\/wp\/v2\/pages\/22563","targetHints":{"allow":["GET"]}}],"collection":[{"href":"https:\/\/sp1hrubieszow.pl\/index.php\/wp-json\/wp\/v2\/pages"}],"about":[{"href":"https:\/\/sp1hrubieszow.pl\/index.php\/wp-json\/wp\/v2\/types\/page"}],"author":[{"embeddable":true,"href":"https:\/\/sp1hrubieszow.pl\/index.php\/wp-json\/wp\/v2\/users\/2"}],"replies":[{"embeddable":true,"href":"https:\/\/sp1hrubieszow.pl\/index.php\/wp-json\/wp\/v2\/comments?post=22563"}],"version-history":[{"count":1,"href":"https:\/\/sp1hrubieszow.pl\/index.php\/wp-json\/wp\/v2\/pages\/22563\/revisions"}],"predecessor-version":[{"id":22564,"href":"https:\/\/sp1hrubieszow.pl\/index.php\/wp-json\/wp\/v2\/pages\/22563\/revisions\/22564"}],"up":[{"embeddable":true,"href":"https:\/\/sp1hrubieszow.pl\/index.php\/wp-json\/wp\/v2\/pages\/5983"}],"wp:attachment":[{"href":"https:\/\/sp1hrubieszow.pl\/index.php\/wp-json\/wp\/v2\/media?parent=22563"}],"curies":[{"name":"wp","href":"https:\/\/api.w.org\/{rel}","templated":true}]}}