{"id":22544,"date":"2023-11-09T20:01:33","date_gmt":"2023-11-09T19:01:33","guid":{"rendered":"https:\/\/sp1hrubieszow.pl\/?page_id=22544"},"modified":"2023-11-09T20:02:06","modified_gmt":"2023-11-09T19:02:06","slug":"przedstawiciele-malego-samorzadu-uczniowskiego-uczcili-pamiec-legionistow","status":"publish","type":"page","link":"https:\/\/sp1hrubieszow.pl\/index.php\/kronika-2020-2021\/przedstawiciele-malego-samorzadu-uczniowskiego-uczcili-pamiec-legionistow\/","title":{"rendered":"Przedstawiciele Ma\u0142ego Samorz\u0105du Uczniowskiego uczcili pami\u0119\u0107 Legionist\u00f3w"},"content":{"rendered":"\n\n\n<p><span style=\"color: #000080;\">9 listopada 2023 roku, jak co roku, przedstawiciele Ma\u0142ego Samorz\u0105du Uczniowskiego uczcili pami\u0119\u0107 Legionist\u00f3w poleg\u0142ych za wolno\u015b\u0107 naszej Ojczyzny w latach 1918-1920. Uczniowie wsp\u00f3lnie z opiekunami wykonali wi\u0105zanki, kt\u00f3re z\u0142o\u017cyli na grobach \u017co\u0142nierzy. W atmosferze zadumy wys\u0142uchali kr\u00f3tkiej lekcji historii, odm\u00f3wili modlitw\u0119 i zapalili symboliczny znicz.&nbsp;<\/span><\/p>\nngg_shortcode_0_placeholder\n","protected":false},"excerpt":{"rendered":"<p>9 listopada 2023 roku, jak co roku, przedstawiciele Ma\u0142ego Samorz\u0105du Uczniowskiego uczcili pami\u0119\u0107 Legionist\u00f3w poleg\u0142ych za wolno\u015b\u0107 naszej Ojczyzny w latach 1918-1920. Uczniowie wsp\u00f3lnie z opiekunami wykonali wi\u0105zanki, kt\u00f3re z\u0142o\u017cyli na grobach \u017co\u0142nierzy. W atmosferze zadumy wys\u0142uchali kr\u00f3tkiej lekcji historii, odm\u00f3wili modlitw\u0119 i zapalili symboliczny znicz.&nbsp;<\/p>\n","protected":false},"author":2,"featured_media":0,"parent":5983,"menu_order":0,"comment_status":"closed","ping_status":"closed","template":"","meta":{"ngg_post_thumbnail":0,"footnotes":""},"class_list":["post-22544","page","type-page","status-publish","hentry"],"_links":{"self":[{"href":"https:\/\/sp1hrubieszow.pl\/index.php\/wp-json\/wp\/v2\/pages\/22544","targetHints":{"allow":["GET"]}}],"collection":[{"href":"https:\/\/sp1hrubieszow.pl\/index.php\/wp-json\/wp\/v2\/pages"}],"about":[{"href":"https:\/\/sp1hrubieszow.pl\/index.php\/wp-json\/wp\/v2\/types\/page"}],"author":[{"embeddable":true,"href":"https:\/\/sp1hrubieszow.pl\/index.php\/wp-json\/wp\/v2\/users\/2"}],"replies":[{"embeddable":true,"href":"https:\/\/sp1hrubieszow.pl\/index.php\/wp-json\/wp\/v2\/comments?post=22544"}],"version-history":[{"count":1,"href":"https:\/\/sp1hrubieszow.pl\/index.php\/wp-json\/wp\/v2\/pages\/22544\/revisions"}],"predecessor-version":[{"id":22545,"href":"https:\/\/sp1hrubieszow.pl\/index.php\/wp-json\/wp\/v2\/pages\/22544\/revisions\/22545"}],"up":[{"embeddable":true,"href":"https:\/\/sp1hrubieszow.pl\/index.php\/wp-json\/wp\/v2\/pages\/5983"}],"wp:attachment":[{"href":"https:\/\/sp1hrubieszow.pl\/index.php\/wp-json\/wp\/v2\/media?parent=22544"}],"curies":[{"name":"wp","href":"https:\/\/api.w.org\/{rel}","templated":true}]}}