{"id":22378,"date":"2023-10-31T18:56:02","date_gmt":"2023-10-31T17:56:02","guid":{"rendered":"https:\/\/sp1hrubieszow.pl\/?page_id=22378"},"modified":"2023-10-31T18:57:30","modified_gmt":"2023-10-31T17:57:30","slug":"szkola-pamieta-3","status":"publish","type":"page","link":"https:\/\/sp1hrubieszow.pl\/index.php\/kronika-2020-2021\/szkola-pamieta-3\/","title":{"rendered":"Szko\u0142a pami\u0119ta"},"content":{"rendered":"\n<div class=\"x11i5rnm xat24cr x1mh8g0r x1vvkbs xtlvy1s x126k92a\">\n<div dir=\"auto\"><span style=\"color: #000080;\">W pi\u0105tek 27 pa\u017adziernika uczniowie Szko\u0142y Podstawowej nr 1 uczestnicz\u0105c w akcji koordynowanej przez UM Hrubieszowa po\u0142\u0105czyli szacunek dla dziedzictwa, zdrowy styl \u017cycia oraz chrze\u015bcija\u0144sk\u0105 powinno\u015b\u0107.<\/span><\/div>\n<div dir=\"auto\"><span style=\"color: #000080;\">Grupa 22 uczennic i uczni\u00f3w dzia\u0142aj\u0105cych w Szkolnym Kole Wolontariatu pod okiem opiekun\u00f3w uporz\u0105dkowa\u0142a zabytkowe i opuszczone groby na hrubieszowskim cmentarzu.<\/span><\/div>\n<\/div>\n<div class=\"x11i5rnm xat24cr x1mh8g0r x1vvkbs xtlvy1s x126k92a\">\n<div dir=\"auto\"><span style=\"color: #000080;\">Groby zosta\u0142y oczyszczone z opadaj\u0105cych li\u015bci, umyte oraz uporz\u0105dkowane z nieestetycznych, starych zniczy.<\/span><\/div>\n<\/div>\n<div class=\"x11i5rnm xat24cr x1mh8g0r x1vvkbs xtlvy1s x126k92a\">\n<div dir=\"auto\"><span style=\"color: #000080;\">Uwa\u017camy, \u017ce dzia\u0142ania takie krzewi\u0105 w nas poczucie odpowiedzialno\u015bci za wsp\u00f3lne dobro, a jednocze\u015bnie pozwalaj\u0105 nam przebywa\u0107 w swoim towarzystwie w sytuacjach innych ni\u017c typowo szkolne.<\/span><\/div>\n<div dir=\"auto\"><span style=\"color: #000080;\">Zadowoleni z dobrze wykonanego zadania, zach\u0119camy Wszystkich, by przy okazji wizyt na grobach bliskich pami\u0119ta\u0107, o tych, o kt\u00f3rych ju\u017c niewielu pami\u0119ta.<\/span><\/div>\n<div dir=\"auto\"><span style=\"color: #000080;\">Z\u0142\u00f3\u017cmy ho\u0142d.<\/span><\/div>\n<div dir=\"auto\">\nngg_shortcode_0_placeholder\n<\/div>\n<\/div>\n","protected":false},"excerpt":{"rendered":"<p>W pi\u0105tek 27 pa\u017adziernika uczniowie Szko\u0142y Podstawowej nr 1 uczestnicz\u0105c w akcji koordynowanej przez UM Hrubieszowa po\u0142\u0105czyli szacunek dla dziedzictwa, zdrowy styl \u017cycia oraz chrze\u015bcija\u0144sk\u0105 powinno\u015b\u0107. Grupa 22 uczennic i uczni\u00f3w dzia\u0142aj\u0105cych w Szkolnym Kole Wolontariatu pod okiem opiekun\u00f3w uporz\u0105dkowa\u0142a zabytkowe i opuszczone groby na hrubieszowskim cmentarzu. Groby zosta\u0142y oczyszczone z opadaj\u0105cych li\u015bci, umyte oraz [&hellip;]<\/p>\n","protected":false},"author":2,"featured_media":0,"parent":5983,"menu_order":0,"comment_status":"closed","ping_status":"closed","template":"","meta":{"ngg_post_thumbnail":0,"footnotes":""},"class_list":["post-22378","page","type-page","status-publish","hentry"],"_links":{"self":[{"href":"https:\/\/sp1hrubieszow.pl\/index.php\/wp-json\/wp\/v2\/pages\/22378","targetHints":{"allow":["GET"]}}],"collection":[{"href":"https:\/\/sp1hrubieszow.pl\/index.php\/wp-json\/wp\/v2\/pages"}],"about":[{"href":"https:\/\/sp1hrubieszow.pl\/index.php\/wp-json\/wp\/v2\/types\/page"}],"author":[{"embeddable":true,"href":"https:\/\/sp1hrubieszow.pl\/index.php\/wp-json\/wp\/v2\/users\/2"}],"replies":[{"embeddable":true,"href":"https:\/\/sp1hrubieszow.pl\/index.php\/wp-json\/wp\/v2\/comments?post=22378"}],"version-history":[{"count":1,"href":"https:\/\/sp1hrubieszow.pl\/index.php\/wp-json\/wp\/v2\/pages\/22378\/revisions"}],"predecessor-version":[{"id":22379,"href":"https:\/\/sp1hrubieszow.pl\/index.php\/wp-json\/wp\/v2\/pages\/22378\/revisions\/22379"}],"up":[{"embeddable":true,"href":"https:\/\/sp1hrubieszow.pl\/index.php\/wp-json\/wp\/v2\/pages\/5983"}],"wp:attachment":[{"href":"https:\/\/sp1hrubieszow.pl\/index.php\/wp-json\/wp\/v2\/media?parent=22378"}],"curies":[{"name":"wp","href":"https:\/\/api.w.org\/{rel}","templated":true}]}}