{"id":22355,"date":"2023-10-30T19:46:00","date_gmt":"2023-10-30T18:46:00","guid":{"rendered":"https:\/\/sp1hrubieszow.pl\/?page_id=22355"},"modified":"2023-10-30T19:46:34","modified_gmt":"2023-10-30T18:46:34","slug":"slubowanie-uczniow-klas-pierwszych","status":"publish","type":"page","link":"https:\/\/sp1hrubieszow.pl\/index.php\/kronika-2020-2021\/slubowanie-uczniow-klas-pierwszych\/","title":{"rendered":"\u015alubowanie uczni\u00f3w klas pierwszych"},"content":{"rendered":"\n<p><span style=\"color: #000080;\">&#8222;\u015alubuj\u0119 by\u0107 dobrym uczniem, dba\u0107 o dobre imi\u0119 swojej klasy i szko\u0142y &#8230;&#8221; Dnia 27 pa\u017adziernika 2023 r. odby\u0142o si\u0119 uroczyste \u015blubowanie uczni\u00f3w klas pierwszych. To bardzo wa\u017cne wydarzenie nie tylko dla najm\u0142odszych, ale r\u00f3wnie\u017c dla ich rodzic\u00f3w i ca\u0142ej spo\u0142eczno\u015bci szkolnej.<\/span><\/p>\n<p><span style=\"color: #000080;\"> Kochane pierwszaki ! \u017byczymy Wam, aby\u015bcie byli gotowi do robienia wielkich i pi\u0119knych rzeczy.<\/span><\/p>\nngg_shortcode_0_placeholder\n","protected":false},"excerpt":{"rendered":"<p>&#8222;\u015alubuj\u0119 by\u0107 dobrym uczniem, dba\u0107 o dobre imi\u0119 swojej klasy i szko\u0142y &#8230;&#8221; Dnia 27 pa\u017adziernika 2023 r. odby\u0142o si\u0119 uroczyste \u015blubowanie uczni\u00f3w klas pierwszych. To bardzo wa\u017cne wydarzenie nie tylko dla najm\u0142odszych, ale r\u00f3wnie\u017c dla ich rodzic\u00f3w i ca\u0142ej spo\u0142eczno\u015bci szkolnej. Kochane pierwszaki ! \u017byczymy Wam, aby\u015bcie byli gotowi do robienia wielkich i pi\u0119knych [&hellip;]<\/p>\n","protected":false},"author":2,"featured_media":0,"parent":5983,"menu_order":0,"comment_status":"closed","ping_status":"closed","template":"","meta":{"ngg_post_thumbnail":0,"footnotes":""},"class_list":["post-22355","page","type-page","status-publish","hentry"],"_links":{"self":[{"href":"https:\/\/sp1hrubieszow.pl\/index.php\/wp-json\/wp\/v2\/pages\/22355","targetHints":{"allow":["GET"]}}],"collection":[{"href":"https:\/\/sp1hrubieszow.pl\/index.php\/wp-json\/wp\/v2\/pages"}],"about":[{"href":"https:\/\/sp1hrubieszow.pl\/index.php\/wp-json\/wp\/v2\/types\/page"}],"author":[{"embeddable":true,"href":"https:\/\/sp1hrubieszow.pl\/index.php\/wp-json\/wp\/v2\/users\/2"}],"replies":[{"embeddable":true,"href":"https:\/\/sp1hrubieszow.pl\/index.php\/wp-json\/wp\/v2\/comments?post=22355"}],"version-history":[{"count":1,"href":"https:\/\/sp1hrubieszow.pl\/index.php\/wp-json\/wp\/v2\/pages\/22355\/revisions"}],"predecessor-version":[{"id":22356,"href":"https:\/\/sp1hrubieszow.pl\/index.php\/wp-json\/wp\/v2\/pages\/22355\/revisions\/22356"}],"up":[{"embeddable":true,"href":"https:\/\/sp1hrubieszow.pl\/index.php\/wp-json\/wp\/v2\/pages\/5983"}],"wp:attachment":[{"href":"https:\/\/sp1hrubieszow.pl\/index.php\/wp-json\/wp\/v2\/media?parent=22355"}],"curies":[{"name":"wp","href":"https:\/\/api.w.org\/{rel}","templated":true}]}}