{"id":22185,"date":"2023-10-24T18:15:41","date_gmt":"2023-10-24T16:15:41","guid":{"rendered":"https:\/\/sp1hrubieszow.pl\/?page_id=22185"},"modified":"2023-10-24T18:18:45","modified_gmt":"2023-10-24T16:18:45","slug":"odpowiedzialnosc-prawna-nieletnich-spotkanie-z-pracownikami-saduodpowiedzialnosc-prawna-nieletnich","status":"publish","type":"page","link":"https:\/\/sp1hrubieszow.pl\/index.php\/kronika-2020-2021\/odpowiedzialnosc-prawna-nieletnich-spotkanie-z-pracownikami-saduodpowiedzialnosc-prawna-nieletnich\/","title":{"rendered":"ODPOWIEDZIALNO\u015a\u0106 PRAWNA NIELETNICH &#8211; SPOTKANIE Z PRACOWNIKAMI S\u0104DU"},"content":{"rendered":"\n<p><span style=\"color: #000080;\">Dnia 20 pa\u017adziernika 2023 roku w naszej szkole odby\u0142o si\u0119 spotkanie uczni\u00f3w klasy 8a z&nbsp;pracownikami S\u0105du Rejonowego w Hrubieszowie pani\u0105 Agnieszk\u0105 Kubik \u2013 kuratorem s\u0105dowym oraz panem Bartoszem Kubikiem &#8211;&nbsp; asystentem s\u0119dziego.&nbsp; Celem spotkania by\u0142a szeroko rozumiana profilaktyka, przeciwdzia\u0142anie postawom demoralizuj\u0105cym, zapobieganie czynom karalnym oraz&nbsp;patologiom spo\u0142ecznym. W trakcie prelekcji pan Bartosz Kubik zapozna\u0142 uczni\u00f3w z prawami m\u0142odych ludzi. Przedstawi\u0142 zagro\u017cenia jakie niesie ze sob\u0105 wsp\u00f3\u0142czesny \u015bwiat.&nbsp; Poruszy\u0142 r\u00f3wnie\u017c zagadnienie dotycz\u0105ce:<\/span><\/p>\n<ul>\n<li><span style=\"color: #000080;\">przest\u0119pczo\u015bci internetowej, w tym kr\u0119cenie i upublicznianie film\u00f3w i zdj\u0119\u0107 os\u00f3b bez ich zgody;<\/span><\/li>\n<li><span style=\"color: #000080;\">stalkingu;<\/span><\/li>\n<li><span style=\"color: #000080;\">b\u00f3jka a pobicie;<\/span><\/li>\n<li><span style=\"color: #000080;\">za\u017cywania \u015brodk\u00f3w psychoaktywnych;<\/span><\/li>\n<li><span style=\"color: #000080;\">zagro\u017ce\u0144 zwi\u0105zanych bezpiecze\u0144stwem podczas okazjonalnych spotka\u0144 towarzyskich;<\/span><\/li>\n<li><span style=\"color: #000080;\">przypadk\u00f3w kontrolowania przez policj\u0119 nieletnich.<\/span><\/li>\n<\/ul>\n<p><span style=\"color: #000080;\">Pani kurator opowiedzia\u0142a jakie dzia\u0142ania profilaktyczne s\u0105 &nbsp;stosowane wobec nieletnich. Prelekcja podnios\u0142a \u015bwiadomo\u015b\u0107 m\u0142odzie\u017cy na temat racjonalno\u015bci zagro\u017ce\u0144 we wsp\u00f3\u0142czesnym \u015bwiecie, a tak\u017ce &nbsp;obowi\u0105zk\u00f3w i zasad zachowania si\u0119 w szkole, jak i poza ni\u0105.<\/span><\/p>\nngg_shortcode_0_placeholder\n","protected":false},"excerpt":{"rendered":"<p>Dnia 20 pa\u017adziernika 2023 roku w naszej szkole odby\u0142o si\u0119 spotkanie uczni\u00f3w klasy 8a z&nbsp;pracownikami S\u0105du Rejonowego w Hrubieszowie pani\u0105 Agnieszk\u0105 Kubik \u2013 kuratorem s\u0105dowym oraz panem Bartoszem Kubikiem &#8211;&nbsp; asystentem s\u0119dziego.&nbsp; Celem spotkania by\u0142a szeroko rozumiana profilaktyka, przeciwdzia\u0142anie postawom demoralizuj\u0105cym, zapobieganie czynom karalnym oraz&nbsp;patologiom spo\u0142ecznym. W trakcie prelekcji pan Bartosz Kubik zapozna\u0142 uczni\u00f3w z [&hellip;]<\/p>\n","protected":false},"author":2,"featured_media":0,"parent":5983,"menu_order":0,"comment_status":"closed","ping_status":"closed","template":"","meta":{"ngg_post_thumbnail":0,"footnotes":""},"class_list":["post-22185","page","type-page","status-publish","hentry"],"_links":{"self":[{"href":"https:\/\/sp1hrubieszow.pl\/index.php\/wp-json\/wp\/v2\/pages\/22185","targetHints":{"allow":["GET"]}}],"collection":[{"href":"https:\/\/sp1hrubieszow.pl\/index.php\/wp-json\/wp\/v2\/pages"}],"about":[{"href":"https:\/\/sp1hrubieszow.pl\/index.php\/wp-json\/wp\/v2\/types\/page"}],"author":[{"embeddable":true,"href":"https:\/\/sp1hrubieszow.pl\/index.php\/wp-json\/wp\/v2\/users\/2"}],"replies":[{"embeddable":true,"href":"https:\/\/sp1hrubieszow.pl\/index.php\/wp-json\/wp\/v2\/comments?post=22185"}],"version-history":[{"count":2,"href":"https:\/\/sp1hrubieszow.pl\/index.php\/wp-json\/wp\/v2\/pages\/22185\/revisions"}],"predecessor-version":[{"id":22189,"href":"https:\/\/sp1hrubieszow.pl\/index.php\/wp-json\/wp\/v2\/pages\/22185\/revisions\/22189"}],"up":[{"embeddable":true,"href":"https:\/\/sp1hrubieszow.pl\/index.php\/wp-json\/wp\/v2\/pages\/5983"}],"wp:attachment":[{"href":"https:\/\/sp1hrubieszow.pl\/index.php\/wp-json\/wp\/v2\/media?parent=22185"}],"curies":[{"name":"wp","href":"https:\/\/api.w.org\/{rel}","templated":true}]}}