{"id":22002,"date":"2023-10-18T22:33:36","date_gmt":"2023-10-18T20:33:36","guid":{"rendered":"https:\/\/sp1hrubieszow.pl\/?page_id=22002"},"modified":"2023-10-18T22:34:10","modified_gmt":"2023-10-18T20:34:10","slug":"podziekowanie","status":"publish","type":"page","link":"https:\/\/sp1hrubieszow.pl\/index.php\/kronika-2020-2021\/podziekowanie\/","title":{"rendered":"PODZI\u0118KOWANIE"},"content":{"rendered":"\n<p><span style=\"color: #000080;\">Dyrektor Szko\u0142y Podstawowej Nr1w Hrubieszowie&nbsp; wraz z ca\u0142\u0105 spo\u0142eczno\u015bci\u0105 ,,Jedynki\u2019\u2019 sk\u0142ada serdeczne podzi\u0119kowanie Pani Annie&nbsp; Kusiak Wiceprezesowi Sp\u00f3\u0142ki Lubelskie Dworce S.A. w Lublinie za przekazanie &nbsp;dw\u00f3ch rower\u00f3w szkoleniowych. S\u0142owo ,,dzi\u0119kuj\u0119 \u2018\u2019to&nbsp; dzi\u015b za ma\u0142o \u2013 czujemy wielka satysfakcj\u0119, rado\u015b\u0107&nbsp; oraz zadowolenie&nbsp; z tak wspania\u0142ego prezentu.<\/span><\/p>\n<p><span style=\"color: #000080;\">Zapewniamy, \u017ce rowery zostan\u0105 wykorzystane&nbsp; podczas zaj\u0119\u0107 o tematyce wychowania komunikacyjnego, jednocze\u015bnie pos\u0142u\u017c\u0105 naszym uczniom klas 4 do&nbsp;nauki w celu uzyskania karty rowerowej i bezpiecznego poruszania si\u0119 po&nbsp;drodze.<\/span><\/p>\n<p style=\"text-align: center;\"><span style=\"color: #000080;\">Z wyrazami szacunku<\/span><\/p>\n<p style=\"text-align: center;\"><span style=\"color: #000080;\">dyrektor szko\u0142y<\/span><\/p>\n<p style=\"text-align: center;\"><span style=\"color: #000080;\">wraz ze spo\u0142eczno\u015bci\u0105 SP Nr 1 w Hrubieszowie.<\/span><\/p>\nngg_shortcode_0_placeholder\n<p>&nbsp;<\/p>\n","protected":false},"excerpt":{"rendered":"<p>Dyrektor Szko\u0142y Podstawowej Nr1w Hrubieszowie&nbsp; wraz z ca\u0142\u0105 spo\u0142eczno\u015bci\u0105 ,,Jedynki\u2019\u2019 sk\u0142ada serdeczne podzi\u0119kowanie Pani Annie&nbsp; Kusiak Wiceprezesowi Sp\u00f3\u0142ki Lubelskie Dworce S.A. w Lublinie za przekazanie &nbsp;dw\u00f3ch rower\u00f3w szkoleniowych. S\u0142owo ,,dzi\u0119kuj\u0119 \u2018\u2019to&nbsp; dzi\u015b za ma\u0142o \u2013 czujemy wielka satysfakcj\u0119, rado\u015b\u0107&nbsp; oraz zadowolenie&nbsp; z tak wspania\u0142ego prezentu. Zapewniamy, \u017ce rowery zostan\u0105 wykorzystane&nbsp; podczas zaj\u0119\u0107 o tematyce wychowania [&hellip;]<\/p>\n","protected":false},"author":2,"featured_media":0,"parent":5983,"menu_order":0,"comment_status":"closed","ping_status":"closed","template":"","meta":{"ngg_post_thumbnail":0,"footnotes":""},"class_list":["post-22002","page","type-page","status-publish","hentry"],"_links":{"self":[{"href":"https:\/\/sp1hrubieszow.pl\/index.php\/wp-json\/wp\/v2\/pages\/22002","targetHints":{"allow":["GET"]}}],"collection":[{"href":"https:\/\/sp1hrubieszow.pl\/index.php\/wp-json\/wp\/v2\/pages"}],"about":[{"href":"https:\/\/sp1hrubieszow.pl\/index.php\/wp-json\/wp\/v2\/types\/page"}],"author":[{"embeddable":true,"href":"https:\/\/sp1hrubieszow.pl\/index.php\/wp-json\/wp\/v2\/users\/2"}],"replies":[{"embeddable":true,"href":"https:\/\/sp1hrubieszow.pl\/index.php\/wp-json\/wp\/v2\/comments?post=22002"}],"version-history":[{"count":1,"href":"https:\/\/sp1hrubieszow.pl\/index.php\/wp-json\/wp\/v2\/pages\/22002\/revisions"}],"predecessor-version":[{"id":22003,"href":"https:\/\/sp1hrubieszow.pl\/index.php\/wp-json\/wp\/v2\/pages\/22002\/revisions\/22003"}],"up":[{"embeddable":true,"href":"https:\/\/sp1hrubieszow.pl\/index.php\/wp-json\/wp\/v2\/pages\/5983"}],"wp:attachment":[{"href":"https:\/\/sp1hrubieszow.pl\/index.php\/wp-json\/wp\/v2\/media?parent=22002"}],"curies":[{"name":"wp","href":"https:\/\/api.w.org\/{rel}","templated":true}]}}