{"id":21862,"date":"2023-10-06T09:39:42","date_gmt":"2023-10-06T07:39:42","guid":{"rendered":"https:\/\/sp1hrubieszow.pl\/?page_id=21862"},"modified":"2023-10-06T09:39:42","modified_gmt":"2023-10-06T07:39:42","slug":"czytam-na-7","status":"publish","type":"page","link":"https:\/\/sp1hrubieszow.pl\/index.php\/kronika-2020-2021\/czytam-na-7\/","title":{"rendered":"CZYTAM NA 7"},"content":{"rendered":"\n\n\n<p>We wrze\u015bniu 2023r. uczniowie klas pierwszych odwiedzili Miejsk\u0105 Bibliotek\u0119 Publiczn\u0105 \u2013 Hrubieszowskie Centrum Dziedzictwa w celu zapoznania si\u0119 z akcj\u0105 CZYTAM NA 7.<br>Panie bibliotekarki w bardzo ciekawy spos\u00f3b zach\u0119ci\u0142y dzieci do udzia\u0142u w projekcie.<br>W tym dniu by\u0142a te\u017c okazja do zabawy oraz zwiedzenia nowoczesnej biblioteki, kt\u00f3ra zrobi\u0142a na dzieciach ogromne wra\u017cenie.<\/p>\nngg_shortcode_0_placeholder\n","protected":false},"excerpt":{"rendered":"<p>We wrze\u015bniu 2023r. uczniowie klas pierwszych odwiedzili Miejsk\u0105 Bibliotek\u0119 Publiczn\u0105 \u2013 Hrubieszowskie Centrum Dziedzictwa w celu zapoznania si\u0119 z akcj\u0105 CZYTAM NA 7.Panie bibliotekarki w bardzo ciekawy spos\u00f3b zach\u0119ci\u0142y dzieci do udzia\u0142u w projekcie.W tym dniu by\u0142a te\u017c okazja do zabawy oraz zwiedzenia nowoczesnej biblioteki, kt\u00f3ra zrobi\u0142a na dzieciach ogromne wra\u017cenie.<\/p>\n","protected":false},"author":1,"featured_media":0,"parent":5983,"menu_order":0,"comment_status":"closed","ping_status":"closed","template":"","meta":{"ngg_post_thumbnail":0,"footnotes":""},"class_list":["post-21862","page","type-page","status-publish","hentry"],"_links":{"self":[{"href":"https:\/\/sp1hrubieszow.pl\/index.php\/wp-json\/wp\/v2\/pages\/21862","targetHints":{"allow":["GET"]}}],"collection":[{"href":"https:\/\/sp1hrubieszow.pl\/index.php\/wp-json\/wp\/v2\/pages"}],"about":[{"href":"https:\/\/sp1hrubieszow.pl\/index.php\/wp-json\/wp\/v2\/types\/page"}],"author":[{"embeddable":true,"href":"https:\/\/sp1hrubieszow.pl\/index.php\/wp-json\/wp\/v2\/users\/1"}],"replies":[{"embeddable":true,"href":"https:\/\/sp1hrubieszow.pl\/index.php\/wp-json\/wp\/v2\/comments?post=21862"}],"version-history":[{"count":2,"href":"https:\/\/sp1hrubieszow.pl\/index.php\/wp-json\/wp\/v2\/pages\/21862\/revisions"}],"predecessor-version":[{"id":21864,"href":"https:\/\/sp1hrubieszow.pl\/index.php\/wp-json\/wp\/v2\/pages\/21862\/revisions\/21864"}],"up":[{"embeddable":true,"href":"https:\/\/sp1hrubieszow.pl\/index.php\/wp-json\/wp\/v2\/pages\/5983"}],"wp:attachment":[{"href":"https:\/\/sp1hrubieszow.pl\/index.php\/wp-json\/wp\/v2\/media?parent=21862"}],"curies":[{"name":"wp","href":"https:\/\/api.w.org\/{rel}","templated":true}]}}