{"id":21850,"date":"2023-10-05T20:23:07","date_gmt":"2023-10-05T18:23:07","guid":{"rendered":"https:\/\/sp1hrubieszow.pl\/?page_id=21850"},"modified":"2023-10-05T20:23:31","modified_gmt":"2023-10-05T18:23:31","slug":"sprzatamy-dla-polski","status":"publish","type":"page","link":"https:\/\/sp1hrubieszow.pl\/index.php\/kronika-2020-2021\/sprzatamy-dla-polski\/","title":{"rendered":",,Sprz\u0105tamy dla Polski&#8221;"},"content":{"rendered":"\n\n\n<p><span style=\"color: #000080;\">4 pa\u017adziernika nasza szko\u0142a w\u0142\u0105czy\u0142a si\u0119 do Vl jesiennej edycji ,,Sprz\u0105tamy dla Polski&#8221; pod honorowym patronatem Prezesa Rady Ministr\u00f3w Mateusza Morawieckiego. Wsp\u00f3lnie mo\u017cemy zadba\u0107 o \u015brodowisko naszej pi\u0119knej Polski. Los naszego \u015brodowiska nie jest nam oboj\u0119tny! Dlatego wyruszyli\u015bmy posprz\u0105ta\u0107 nasze najbli\u017csze otoczenie. Zapami\u0119tajcie! Wyrzucajcie \u015bmieci do kosza, segregujcie odpady!<\/span><\/p>\n<p>#Sprz\u0105tamyDlaPolski<\/p>\nngg_shortcode_0_placeholder\n","protected":false},"excerpt":{"rendered":"<p>4 pa\u017adziernika nasza szko\u0142a w\u0142\u0105czy\u0142a si\u0119 do Vl jesiennej edycji ,,Sprz\u0105tamy dla Polski&#8221; pod honorowym patronatem Prezesa Rady Ministr\u00f3w Mateusza Morawieckiego. Wsp\u00f3lnie mo\u017cemy zadba\u0107 o \u015brodowisko naszej pi\u0119knej Polski. Los naszego \u015brodowiska nie jest nam oboj\u0119tny! Dlatego wyruszyli\u015bmy posprz\u0105ta\u0107 nasze najbli\u017csze otoczenie. Zapami\u0119tajcie! Wyrzucajcie \u015bmieci do kosza, segregujcie odpady! #Sprz\u0105tamyDlaPolski<\/p>\n","protected":false},"author":2,"featured_media":0,"parent":5983,"menu_order":0,"comment_status":"closed","ping_status":"closed","template":"","meta":{"ngg_post_thumbnail":0,"footnotes":""},"class_list":["post-21850","page","type-page","status-publish","hentry"],"_links":{"self":[{"href":"https:\/\/sp1hrubieszow.pl\/index.php\/wp-json\/wp\/v2\/pages\/21850","targetHints":{"allow":["GET"]}}],"collection":[{"href":"https:\/\/sp1hrubieszow.pl\/index.php\/wp-json\/wp\/v2\/pages"}],"about":[{"href":"https:\/\/sp1hrubieszow.pl\/index.php\/wp-json\/wp\/v2\/types\/page"}],"author":[{"embeddable":true,"href":"https:\/\/sp1hrubieszow.pl\/index.php\/wp-json\/wp\/v2\/users\/2"}],"replies":[{"embeddable":true,"href":"https:\/\/sp1hrubieszow.pl\/index.php\/wp-json\/wp\/v2\/comments?post=21850"}],"version-history":[{"count":1,"href":"https:\/\/sp1hrubieszow.pl\/index.php\/wp-json\/wp\/v2\/pages\/21850\/revisions"}],"predecessor-version":[{"id":21851,"href":"https:\/\/sp1hrubieszow.pl\/index.php\/wp-json\/wp\/v2\/pages\/21850\/revisions\/21851"}],"up":[{"embeddable":true,"href":"https:\/\/sp1hrubieszow.pl\/index.php\/wp-json\/wp\/v2\/pages\/5983"}],"wp:attachment":[{"href":"https:\/\/sp1hrubieszow.pl\/index.php\/wp-json\/wp\/v2\/media?parent=21850"}],"curies":[{"name":"wp","href":"https:\/\/api.w.org\/{rel}","templated":true}]}}