{"id":21770,"date":"2023-10-01T22:08:22","date_gmt":"2023-10-01T20:08:22","guid":{"rendered":"https:\/\/sp1hrubieszow.pl\/?page_id=21770"},"modified":"2023-10-02T10:20:00","modified_gmt":"2023-10-02T08:20:00","slug":"kreatywnosc-w-dobie-cyfryzacji","status":"publish","type":"page","link":"https:\/\/sp1hrubieszow.pl\/index.php\/kronika-2020-2021\/kreatywnosc-w-dobie-cyfryzacji\/","title":{"rendered":"Kreatywno\u015b\u0107 w dobie cyfryzacji"},"content":{"rendered":"\n<p><span style=\"color: #000080;\">W obecnych czasach ka\u017cdy z nas ma nieograniczony dost\u0119p do wiedzy przy pomocy nowoczesnych narz\u0119dzi. W zwi\u0105zku z post\u0119pem technologicznym zmienia si\u0119 tak\u017ce rola wsp\u00f3\u0142czesnego nauczyciela. Musimy \u2013 jako nauczyciele \u2013 by\u0107 \u015bwiadomi, \u017ce najlepsze efekty kszta\u0142cenia osi\u0105gniemy stosuj\u0105c nowoczesne narz\u0119dzia oraz uaktywniaj\u0105c pok\u0142ady kreatywno\u015bci. \u015awiadome konieczno\u015bci zmian w pracy nauczyciela oraz kieruj\u0105c si\u0119 wytycznymi polityki o\u015bwiatowej na ten rok szkolny, &nbsp;wzi\u0119\u0142y\u015bmy udzia\u0142 w konferencji dla dyrektor\u00f3w i nauczycieli wojew\u00f3dztwa lubelskiego \u201eKreatywno\u015b\u0107 w dobie cyfryzacji\u201d. Konferencja odby\u0142a si\u0119 w Wy\u017cszej Szkole Przedsi\u0119biorczo\u015bci i Administracji w Lublinie, a jej wsp\u00f3\u0142organizatorem by\u0142o Lubelskie Samorz\u0105dowe Centrum Doskonalenia Nauczycieli. Patronat honorowy nad wydarzeniem obj\u0105\u0142 Wojewoda Lubelski pan Lech Sprawka.<\/span><\/p>\n<p><span style=\"color: #000080;\">Po cz\u0119\u015bci oficjalnej odby\u0142a si\u0119 cz\u0119\u015b\u0107 warsztatowa. By\u0142a mo\u017cliwo\u015b\u0107 skorzystania z szerokiego wachlarza zaproponowanych warsztat\u00f3w. Nas najbardziej zainteresowa\u0142y nast\u0119puj\u0105ce zaj\u0119cia: \u201eInspiruj\u0105ce i aktywne dzia\u0142anie uczni\u00f3w na lekcji z zastosowaniem platformy Neardpod\u201d, \u201eNienudne notatki, czyli jak zacz\u0105\u0107 rysowa\u0107 sketchnotki\u201d, \u201eMi\u0119dzy konkurencj\u0105 a wsp\u00f3\u0142prac\u0105 \u2013 jak budowa\u0107 kompetencje przysz\u0142o\u015bci u dzieci i m\u0142odzie\u017cy\u201d, \u201eZadania od \u0142atwych do trudnych \u2013 podstawy programowania w J\u0119zyku Python\u201d oraz \u201e Budowanie umiej\u0119tno\u015bci prowadzenia dyskusji na r\u00f3\u017cnych przedmiotach z edukacyjn\u0105 gr\u0105 IMLO\u201d.<\/span><\/p>\n<p><span style=\"color: #000080;\">By\u0142 to bardzo owocny czas i na pewno w swojej pracy wykorzystany to, czego si\u0119 nauczy\u0142y\u015bmy.&nbsp; A za rok wybierzemy si\u0119 do Lublina na kolejn\u0105 edycj\u0119 konferencji.<\/span><\/p>\n<p style=\"text-align: right;\"><span style=\"color: #000080;\">Monika Jako\u015b &#8211; W\u00f3r<\/span><\/p>\n<p style=\"text-align: right;\"><span style=\"color: #000080;\">Edyta Miller Wiatrowska<\/span><\/p>\n<p style=\"text-align: right;\"><span style=\"color: #000080;\">Marta Lackowska<\/span><\/p>\nngg_shortcode_0_placeholder\n\n\n","protected":false},"excerpt":{"rendered":"<p>W obecnych czasach ka\u017cdy z nas ma nieograniczony dost\u0119p do wiedzy przy pomocy nowoczesnych narz\u0119dzi. W zwi\u0105zku z post\u0119pem technologicznym zmienia si\u0119 tak\u017ce rola wsp\u00f3\u0142czesnego nauczyciela. Musimy \u2013 jako nauczyciele \u2013 by\u0107 \u015bwiadomi, \u017ce najlepsze efekty kszta\u0142cenia osi\u0105gniemy stosuj\u0105c nowoczesne narz\u0119dzia oraz uaktywniaj\u0105c pok\u0142ady kreatywno\u015bci. \u015awiadome konieczno\u015bci zmian w pracy nauczyciela oraz kieruj\u0105c si\u0119 wytycznymi [&hellip;]<\/p>\n","protected":false},"author":2,"featured_media":0,"parent":5983,"menu_order":0,"comment_status":"closed","ping_status":"closed","template":"","meta":{"ngg_post_thumbnail":0,"footnotes":""},"class_list":["post-21770","page","type-page","status-publish","hentry"],"_links":{"self":[{"href":"https:\/\/sp1hrubieszow.pl\/index.php\/wp-json\/wp\/v2\/pages\/21770","targetHints":{"allow":["GET"]}}],"collection":[{"href":"https:\/\/sp1hrubieszow.pl\/index.php\/wp-json\/wp\/v2\/pages"}],"about":[{"href":"https:\/\/sp1hrubieszow.pl\/index.php\/wp-json\/wp\/v2\/types\/page"}],"author":[{"embeddable":true,"href":"https:\/\/sp1hrubieszow.pl\/index.php\/wp-json\/wp\/v2\/users\/2"}],"replies":[{"embeddable":true,"href":"https:\/\/sp1hrubieszow.pl\/index.php\/wp-json\/wp\/v2\/comments?post=21770"}],"version-history":[{"count":2,"href":"https:\/\/sp1hrubieszow.pl\/index.php\/wp-json\/wp\/v2\/pages\/21770\/revisions"}],"predecessor-version":[{"id":21777,"href":"https:\/\/sp1hrubieszow.pl\/index.php\/wp-json\/wp\/v2\/pages\/21770\/revisions\/21777"}],"up":[{"embeddable":true,"href":"https:\/\/sp1hrubieszow.pl\/index.php\/wp-json\/wp\/v2\/pages\/5983"}],"wp:attachment":[{"href":"https:\/\/sp1hrubieszow.pl\/index.php\/wp-json\/wp\/v2\/media?parent=21770"}],"curies":[{"name":"wp","href":"https:\/\/api.w.org\/{rel}","templated":true}]}}