{"id":21533,"date":"2023-09-19T20:23:32","date_gmt":"2023-09-19T18:23:32","guid":{"rendered":"https:\/\/sp1hrubieszow.pl\/?page_id=21533"},"modified":"2023-09-19T20:23:46","modified_gmt":"2023-09-19T18:23:46","slug":"jak-sie-uczyc-zeby-sie-nauczyc","status":"publish","type":"page","link":"https:\/\/sp1hrubieszow.pl\/index.php\/kronika-2020-2021\/jak-sie-uczyc-zeby-sie-nauczyc\/","title":{"rendered":"Jak si\u0119 uczy\u0107, \u017ceby si\u0119 nauczy\u0107?"},"content":{"rendered":"\n<div class=\"xdj266r x11i5rnm xat24cr x1mh8g0r x1vvkbs x126k92a\">\n<div dir=\"auto\"><span style=\"color: #000080;\">Zaanga\u017cowanie w nauk\u0119 to klucz do sukcesu. Je\u015bli zamienisz s\u0142owo \u201emusz\u0119\u201d na \u201echc\u0119\u201d, zmieni\u0107 si\u0119 mo\u017ce bardzo wiele.<\/span><\/div>\n<\/div>\n<div class=\"x11i5rnm xat24cr x1mh8g0r x1vvkbs xtlvy1s x126k92a\">\n<div dir=\"auto\"><span style=\"color: #000080;\">Ka\u017cdy ucze\u0144 marzy o tym, aby uczy\u0107 si\u0119 bez wysi\u0142ku, ale jednocze\u015bnie trwale zapami\u0119tywa\u0107 kolejne informacje.<\/span><\/div>\n<div dir=\"auto\"><span style=\"color: #000080;\">Podczas warsztat\u00f3w prowadzonych przez pani\u0105 Aleksandr\u0119 Kopczy\u0144sk\u0105 z Biblioteki Miejskiej w Hrubieszowie, klasa 6c mia\u0142a mo\u017cliwo\u015b\u0107 pozna\u0107 techniki i metody uczenia si\u0119.<\/span><\/div>\n<\/div>\n<div class=\"x11i5rnm xat24cr x1mh8g0r x1vvkbs xtlvy1s x126k92a\">\n<div dir=\"auto\"><span style=\"color: #000080;\">Dzi\u0119kujemy <span class=\"x3nfvp2 x1j61x8r x1fcty0u xdj266r xhhsvwb xat24cr xgzva0m xxymvpz xlup9mm x1kky2od\"><img loading=\"lazy\" decoding=\"async\" src=\"https:\/\/static.xx.fbcdn.net\/images\/emoji.php\/v9\/t68\/1\/16\/1f495.png\" alt=\"?\" width=\"16\" height=\"16\"><\/span><\/span><\/div>\n<div dir=\"auto\">\nngg_shortcode_0_placeholder\n<\/div>\n<\/div>\n","protected":false},"excerpt":{"rendered":"<p>Zaanga\u017cowanie w nauk\u0119 to klucz do sukcesu. Je\u015bli zamienisz s\u0142owo \u201emusz\u0119\u201d na \u201echc\u0119\u201d, zmieni\u0107 si\u0119 mo\u017ce bardzo wiele. Ka\u017cdy ucze\u0144 marzy o tym, aby uczy\u0107 si\u0119 bez wysi\u0142ku, ale jednocze\u015bnie trwale zapami\u0119tywa\u0107 kolejne informacje. Podczas warsztat\u00f3w prowadzonych przez pani\u0105 Aleksandr\u0119 Kopczy\u0144sk\u0105 z Biblioteki Miejskiej w Hrubieszowie, klasa 6c mia\u0142a mo\u017cliwo\u015b\u0107 pozna\u0107 techniki i metody uczenia [&hellip;]<\/p>\n","protected":false},"author":2,"featured_media":0,"parent":5983,"menu_order":0,"comment_status":"closed","ping_status":"closed","template":"","meta":{"ngg_post_thumbnail":0,"footnotes":""},"class_list":["post-21533","page","type-page","status-publish","hentry"],"_links":{"self":[{"href":"https:\/\/sp1hrubieszow.pl\/index.php\/wp-json\/wp\/v2\/pages\/21533","targetHints":{"allow":["GET"]}}],"collection":[{"href":"https:\/\/sp1hrubieszow.pl\/index.php\/wp-json\/wp\/v2\/pages"}],"about":[{"href":"https:\/\/sp1hrubieszow.pl\/index.php\/wp-json\/wp\/v2\/types\/page"}],"author":[{"embeddable":true,"href":"https:\/\/sp1hrubieszow.pl\/index.php\/wp-json\/wp\/v2\/users\/2"}],"replies":[{"embeddable":true,"href":"https:\/\/sp1hrubieszow.pl\/index.php\/wp-json\/wp\/v2\/comments?post=21533"}],"version-history":[{"count":1,"href":"https:\/\/sp1hrubieszow.pl\/index.php\/wp-json\/wp\/v2\/pages\/21533\/revisions"}],"predecessor-version":[{"id":21534,"href":"https:\/\/sp1hrubieszow.pl\/index.php\/wp-json\/wp\/v2\/pages\/21533\/revisions\/21534"}],"up":[{"embeddable":true,"href":"https:\/\/sp1hrubieszow.pl\/index.php\/wp-json\/wp\/v2\/pages\/5983"}],"wp:attachment":[{"href":"https:\/\/sp1hrubieszow.pl\/index.php\/wp-json\/wp\/v2\/media?parent=21533"}],"curies":[{"name":"wp","href":"https:\/\/api.w.org\/{rel}","templated":true}]}}