{"id":21016,"date":"2023-06-19T20:39:00","date_gmt":"2023-06-19T18:39:00","guid":{"rendered":"https:\/\/sp1hrubieszow.pl\/?page_id=21016"},"modified":"2023-06-19T20:39:38","modified_gmt":"2023-06-19T18:39:38","slug":"klasa-2c-z-wizyta-w-mbp","status":"publish","type":"page","link":"https:\/\/sp1hrubieszow.pl\/index.php\/kronika-2020-2021\/klasa-2c-z-wizyta-w-mbp\/","title":{"rendered":"Klasa 2c z wizyt\u0105 w MBP"},"content":{"rendered":"\n\n\n<p><span style=\"color: #000080;\">19 czerwca klasa 2c odwiedzi\u0142a MBP. By\u0142a to ich pierwsza wizyta w nowej lokalizacji biblioteki. Wizyta w nowym budynku przynios\u0142a du\u017co niezapomnianych wra\u017ce\u0144. Poza tym na dzieci czeka\u0142y ciekawe zabawy. Uczniowie odczytywali zaszyfrowane wiadomo\u015bci oraz rozwi\u0105zywali \u0142amig\u0142\u00f3wki logiczne. W nowym roku szkolnym na pewno jeszcze wr\u00f3cimy do tego wspania\u0142ego miejsca.<\/span><\/p>\nngg_shortcode_0_placeholder\n","protected":false},"excerpt":{"rendered":"<p>19 czerwca klasa 2c odwiedzi\u0142a MBP. By\u0142a to ich pierwsza wizyta w nowej lokalizacji biblioteki. Wizyta w nowym budynku przynios\u0142a du\u017co niezapomnianych wra\u017ce\u0144. Poza tym na dzieci czeka\u0142y ciekawe zabawy. Uczniowie odczytywali zaszyfrowane wiadomo\u015bci oraz rozwi\u0105zywali \u0142amig\u0142\u00f3wki logiczne. W nowym roku szkolnym na pewno jeszcze wr\u00f3cimy do tego wspania\u0142ego miejsca.<\/p>\n","protected":false},"author":2,"featured_media":0,"parent":5983,"menu_order":0,"comment_status":"closed","ping_status":"closed","template":"","meta":{"ngg_post_thumbnail":0,"footnotes":""},"class_list":["post-21016","page","type-page","status-publish","hentry"],"_links":{"self":[{"href":"https:\/\/sp1hrubieszow.pl\/index.php\/wp-json\/wp\/v2\/pages\/21016","targetHints":{"allow":["GET"]}}],"collection":[{"href":"https:\/\/sp1hrubieszow.pl\/index.php\/wp-json\/wp\/v2\/pages"}],"about":[{"href":"https:\/\/sp1hrubieszow.pl\/index.php\/wp-json\/wp\/v2\/types\/page"}],"author":[{"embeddable":true,"href":"https:\/\/sp1hrubieszow.pl\/index.php\/wp-json\/wp\/v2\/users\/2"}],"replies":[{"embeddable":true,"href":"https:\/\/sp1hrubieszow.pl\/index.php\/wp-json\/wp\/v2\/comments?post=21016"}],"version-history":[{"count":1,"href":"https:\/\/sp1hrubieszow.pl\/index.php\/wp-json\/wp\/v2\/pages\/21016\/revisions"}],"predecessor-version":[{"id":21017,"href":"https:\/\/sp1hrubieszow.pl\/index.php\/wp-json\/wp\/v2\/pages\/21016\/revisions\/21017"}],"up":[{"embeddable":true,"href":"https:\/\/sp1hrubieszow.pl\/index.php\/wp-json\/wp\/v2\/pages\/5983"}],"wp:attachment":[{"href":"https:\/\/sp1hrubieszow.pl\/index.php\/wp-json\/wp\/v2\/media?parent=21016"}],"curies":[{"name":"wp","href":"https:\/\/api.w.org\/{rel}","templated":true}]}}