{"id":20999,"date":"2023-06-17T21:20:40","date_gmt":"2023-06-17T19:20:40","guid":{"rendered":"https:\/\/sp1hrubieszow.pl\/?page_id=20999"},"modified":"2023-06-17T21:21:07","modified_gmt":"2023-06-17T19:21:07","slug":"zajecia-gdybym-byla-ksiazka","status":"publish","type":"page","link":"https:\/\/sp1hrubieszow.pl\/index.php\/kronika-2020-2021\/zajecia-gdybym-byla-ksiazka\/","title":{"rendered":"Zaj\u0119cia \u201eGdybym by\u0142a ksi\u0105\u017ck\u0105\u2026\u201d"},"content":{"rendered":"\n<p><span style=\"color: #000080;\">15 czerwca uczniowie klasy 5 b wraz z wychowawc\u0105 p. Mart\u0105 Lackowsk\u0105 wybrali si\u0119 do Miejskiej Biblioteki Publicznej. Dla niekt\u00f3rych os\u00f3b by\u0142a to pierwsza wizyta w nowej siedzibie biblioteki, wi\u0119c przy okazji troch\u0119 pozwiedzali\u015bmy. G\u0142\u00f3wnym jednak celem naszego wyj\u015bcia by\u0142y zaj\u0119cia \u201eGdybym by\u0142a ksi\u0105\u017ck\u0105\u2026\u201d prowadzone przez p. Beat\u0119 Panasiewicz. Spotkanie by\u0142o fascynuj\u0105ce! Okaza\u0142o si\u0119, \u017ce ka\u017cdy ucze\u0144 ma zadanie stworzy\u0107 stron\u0119 do ksi\u0105\u017cki \u2013 tak, powsta\u0142a ksi\u0105\u017cka klasy 5b. Mimo porannej pory, obudzi\u0142a si\u0119 nasza wyobra\u017ania i kreatywno\u015b\u0107. Dzi\u0119kujemy pani Beacie za wspania\u0142e zaj\u0119cia i obiecujemy, \u017ce powr\u00f3cimy na kolejne. ?<\/span><\/p>\nngg_shortcode_0_placeholder\n","protected":false},"excerpt":{"rendered":"<p>15 czerwca uczniowie klasy 5 b wraz z wychowawc\u0105 p. Mart\u0105 Lackowsk\u0105 wybrali si\u0119 do Miejskiej Biblioteki Publicznej. Dla niekt\u00f3rych os\u00f3b by\u0142a to pierwsza wizyta w nowej siedzibie biblioteki, wi\u0119c przy okazji troch\u0119 pozwiedzali\u015bmy. G\u0142\u00f3wnym jednak celem naszego wyj\u015bcia by\u0142y zaj\u0119cia \u201eGdybym by\u0142a ksi\u0105\u017ck\u0105\u2026\u201d prowadzone przez p. Beat\u0119 Panasiewicz. Spotkanie by\u0142o fascynuj\u0105ce! Okaza\u0142o si\u0119, \u017ce [&hellip;]<\/p>\n","protected":false},"author":2,"featured_media":0,"parent":5983,"menu_order":0,"comment_status":"closed","ping_status":"closed","template":"","meta":{"ngg_post_thumbnail":0,"footnotes":""},"class_list":["post-20999","page","type-page","status-publish","hentry"],"_links":{"self":[{"href":"https:\/\/sp1hrubieszow.pl\/index.php\/wp-json\/wp\/v2\/pages\/20999","targetHints":{"allow":["GET"]}}],"collection":[{"href":"https:\/\/sp1hrubieszow.pl\/index.php\/wp-json\/wp\/v2\/pages"}],"about":[{"href":"https:\/\/sp1hrubieszow.pl\/index.php\/wp-json\/wp\/v2\/types\/page"}],"author":[{"embeddable":true,"href":"https:\/\/sp1hrubieszow.pl\/index.php\/wp-json\/wp\/v2\/users\/2"}],"replies":[{"embeddable":true,"href":"https:\/\/sp1hrubieszow.pl\/index.php\/wp-json\/wp\/v2\/comments?post=20999"}],"version-history":[{"count":1,"href":"https:\/\/sp1hrubieszow.pl\/index.php\/wp-json\/wp\/v2\/pages\/20999\/revisions"}],"predecessor-version":[{"id":21000,"href":"https:\/\/sp1hrubieszow.pl\/index.php\/wp-json\/wp\/v2\/pages\/20999\/revisions\/21000"}],"up":[{"embeddable":true,"href":"https:\/\/sp1hrubieszow.pl\/index.php\/wp-json\/wp\/v2\/pages\/5983"}],"wp:attachment":[{"href":"https:\/\/sp1hrubieszow.pl\/index.php\/wp-json\/wp\/v2\/media?parent=20999"}],"curies":[{"name":"wp","href":"https:\/\/api.w.org\/{rel}","templated":true}]}}