{"id":20930,"date":"2023-06-14T17:33:07","date_gmt":"2023-06-14T15:33:07","guid":{"rendered":"https:\/\/sp1hrubieszow.pl\/?page_id=20930"},"modified":"2025-02-11T19:51:57","modified_gmt":"2025-02-11T18:51:57","slug":"szkolne-talenty","status":"publish","type":"page","link":"https:\/\/sp1hrubieszow.pl\/index.php\/szkolne-talenty\/","title":{"rendered":"SZKOLNE TALENTY"},"content":{"rendered":"\n<div class=\"html-div xdj266r x11i5rnm xat24cr x1mh8g0r xexx8yu x4uap5 x18d9i69 xkhd6sd x78zum5 x1eb86dx\">\n<div class=\"html-div xdj266r x11i5rnm xat24cr x1mh8g0r xexx8yu x4uap5 x18d9i69 xkhd6sd xeuugli x1vjfegm\">\n<div class=\"html-div xdj266r x11i5rnm xat24cr x1mh8g0r xexx8yu x4uap5 x18d9i69 xkhd6sd x78zum5 xh8yej3\" role=\"presentation\">\n<div class=\"x1cy8zhl x78zum5 xdt5ytf x193iq5w x1n2onr6 x1kxipp6\">\n<div class=\"x78zum5 xh8yej3\" role=\"none\">\n<div class=\"html-div xdj266r x11i5rnm xat24cr x1mh8g0r xexx8yu x4uap5 x18d9i69 xkhd6sd x6ikm8r x10wlt62\">\n<div class=\"html-div xdj266r x11i5rnm xat24cr x1mh8g0r x14ctfv x1okitfd x6ikm8r x10wlt62 xerhiuh x1pn3fxy x12xxe5f x1szedp3 x1n2onr6 x1vjfegm x1k4qllp x1mzt3pk x13faqbe x1xr0vuk x1jm4cbz x1lmq8lz xrrpcnn x1xtl47e x13fuv20 xu3j5b3 x1q0q8m5 x26u7qi x19livfd x2t687o x3p3xfz x5od304 xp5s12f x11ucwad xgtuqic x155c047\" role=\"presentation\">\n<div dir=\"auto\"><strong><span style=\"color: #000080;\">Szkolny plastyczny talent \u2013 Maja Bakalarczuk <\/span><\/strong><\/div>\n<div dir=\"auto\"><span style=\"color: #000080;\">Maja Bakalarczuk, uczennica klasy 6a, to m\u0142oda artystka, kt\u00f3ra swoj\u0105 pasj\u0119 do rysunku i malarstwa rozwija w niezwykle kreatywny spos\u00f3b. Zwykle szkicuje postacie z bajek, kt\u00f3re przenosz\u0105 nas w \u015bwiat fantazji i magii. Inspiruj\u0105 j\u0105 r\u00f3wnie\u017c pi\u0119kne suknie z dawnych epok, kt\u00f3re przedstawia z dba\u0142o\u015bci\u0105 o detale, ukazuj\u0105c ich elegancj\u0119 i bogactwo. Dodatkowo, Maja czerpie inspiracj\u0119 z architektury, tworz\u0105c dzie\u0142a, kt\u00f3re ukazuj\u0105 harmoni\u0119 form i przestrzeni. Jej talent artystyczny z pewno\u015bci\u0105 zas\u0142uguje na uwag\u0119 i rozw\u00f3j, a jej prace pe\u0142ne pasji stanowi\u0105 prawdziw\u0105 ozdob\u0119 szkolnej galerii.<\/span><\/div>\n<div dir=\"auto\">\nngg_shortcode_0_placeholder\n<\/div>\n<div dir=\"auto\">&nbsp;<\/div>\n<div dir=\"auto\">&nbsp;<\/div>\n<div class=\"html-div xexx8yu x4uap5 x18d9i69 xkhd6sd x1gslohp x11i5rnm x12nagc x1mh8g0r x1yc453h x126k92a x18lvrbx\" dir=\"auto\"><span style=\"color: #000080;\"><strong>Odkryty talent \u2013 Aleksandra Paczos<\/strong><\/span><\/div>\n<div class=\"html-div xexx8yu x4uap5 x18d9i69 xkhd6sd x1gslohp x11i5rnm x12nagc x1mh8g0r x1yc453h x126k92a x18lvrbx\" dir=\"auto\"><span style=\"color: #000080;\">Aleksandra Paczos, uczennica klasy 6a<strong>,<\/strong> to obiecuj\u0105ca tw\u00f3rczyni, kt\u00f3rej prace zachwycaj\u0105 subtelno\u015bci\u0105 i precyzj\u0105. Jej urokliwe szkice kwiat\u00f3w oraz malutkich kotk\u00f3w przyci\u0105gaj\u0105 wzrok swoj\u0105 delikatno\u015bci\u0105. Aleksandra maluje tak\u017ce przepi\u0119kne budynki, pe\u0142ne detali, kt\u00f3re ukazuj\u0105 jej wra\u017cliwo\u015b\u0107 na architektur\u0119. Lubi eksperymentowa\u0107 z r\u00f3\u017cnymi perspektywami, co nadaje jej dzie\u0142om unikaln\u0105 g\u0142\u0119bi\u0119. Ka\u017cdy kolejny rysunek czy obraz pokazuje, jak rozwija si\u0119 jej talent, inspiruj\u0105c innych do tw\u00f3rczego wyra\u017cania siebie.<\/span><\/div>\n<\/div>\n<\/div>\n<div class=\"html-div xdj266r x11i5rnm xat24cr x1mh8g0r xexx8yu x4uap5 x18d9i69 xkhd6sd x1h91t0o xkh2ocl x78zum5 xdt5ytf x13a6bvl x193iq5w x1iyjqo2 x1eb86dx\" role=\"presentation\">\n<div class=\"html-div xdj266r x11i5rnm xat24cr x1mh8g0r xexx8yu x4uap5 x18d9i69 xkhd6sd x1r8uery x1iyjqo2\" role=\"presentation\">\nngg_shortcode_1_placeholder\n<\/div>\n<\/div>\n<\/div>\n<\/div>\n<div class=\"html-div xdj266r x11i5rnm xat24cr x1mh8g0r xexx8yu x4uap5 x18d9i69 xkhd6sd x1h91t0o xkh2ocl x78zum5 xdt5ytf x13a6bvl x193iq5w x1iyjqo2 x1eb86dx\" role=\"presentation\">\n<div class=\"html-div xdj266r x11i5rnm xat24cr x1mh8g0r xexx8yu x4uap5 x18d9i69 xkhd6sd x1r8uery x1iyjqo2\" role=\"presentation\">&nbsp;<\/div>\n<\/div>\n<\/div>\n<div class=\"html-div xdj266r x11i5rnm xat24cr x1mh8g0r xexx8yu x4uap5 x18d9i69 xkhd6sd x1h91t0o xkh2ocl x78zum5 xdt5ytf x13a6bvl x193iq5w x1c4vz4f x1eb86dx\" role=\"presentation\">\n<div class=\"html-div xdj266r x11i5rnm xat24cr x1mh8g0r xexx8yu x4uap5 x18d9i69 xkhd6sd\">&nbsp;<\/div>\n<\/div>\n<\/div>\n<div class=\"html-div xdj266r x11i5rnm xat24cr x1mh8g0r xexx8yu x4uap5 x1eb86dx x78zum5 x1c4vz4f x2lah0s x18061mc xjz4gdx\">\n<div class=\"html-div xdj266r x11i5rnm xat24cr x1mh8g0r xexx8yu x4uap5 x18d9i69 xkhd6sd x78zum5 xamitd3\">\n<div class=\"html-div xdj266r x11i5rnm xat24cr x1mh8g0r xexx8yu x4uap5 x18d9i69 x78zum5 xdt5ytf x1iyjqo2 x2lah0s xl56j7k x1n2onr6 x1mqs8db x1n327nk x1t2a60a\" aria-hidden=\"true\">\n<div class=\"html-div xdj266r x11i5rnm xat24cr x1mh8g0r xexx8yu x4uap5 x18d9i69 xkhd6sd x6s0dn4 xl5lk40 x78zum5 x1mqs8db x1q0g3np\" role=\"presentation\">\n<div class=\"html-div xdj266r x11i5rnm xat24cr x1mh8g0r xexx8yu x4uap5 x18d9i69 xkhd6sd x6s0dn4 xl5lk40 x78zum5 x1mqs8db x1q0g3np\" role=\"presentation\">\n<div class=\"html-div xdj266r x11i5rnm xat24cr x1mh8g0r xexx8yu x4uap5 x18d9i69 xkhd6sd\" aria-hidden=\"false\">\n<div class=\"x9f619 x1n2onr6 x1ja2u2z __fb-light-mode\">\n<div class=\"x1i10hfl xjqpnuy xa49m3k xqeqjp1 x2hbi6w x13fuv20 xu3j5b3 x1q0q8m5 x26u7qi x1ypdohk xdl72j9 x2lah0s xe8uvvx xdj266r x11i5rnm xat24cr x1mh8g0r x2lwn1j xeuugli x16tdsg8 x1hl2dhg xggy1nq x1ja2u2z x1t137rt x1q0g3np x87ps6o x1lku1pv x1a2a7pz x6s0dn4 xzolkzo x12go9s9 x1rnf11y xprq8jg x972fbf xcfux6l x1qhh985 xm0m39n x9f619 x78zum5 xl56j7k xexx8yu x4uap5 x18d9i69 xkhd6sd x1n2onr6 x1fgtraw xgd8bvy xjbqb8w\" tabindex=\"0\" role=\"button\" aria-label=\"Odpowiedz\">\n<div class=\"x1ey2m1c xds687c x17qophe xg01cxk x47corl x10l6tqk x13vifvy x1ebt8du x19991ni x1dhq9h xzolkzo x12go9s9 x1rnf11y xprq8jg\" role=\"none\" data-visualcompletion=\"ignore\"><span style=\"font-size: revert; color: #000080;\">Z rado\u015bci\u0105 prezentujemy kolejny szkolny <\/span><strong style=\"font-size: revert; color: #000080;\">talent &#8211; Krystiana Szymczuka, ucznia klasy 7c,<\/strong><span style=\"font-size: revert; color: #000080;\"> kt\u00f3ry swoj\u0105 pasj\u0119 do sztuki rozwija w wyj\u0105tkowy spos\u00f3b. Krystian z zapa\u0142em i kreatywno\u015bci\u0105 sp\u0119dza czas, maluj\u0105c i szkicuj\u0105c prace plastyczne. Jego ulubionymi tematami s\u0105 szybkie samochody i motory, kt\u00f3re cz\u0119sto pojawiaj\u0105 si\u0119 w jego malarskich i rysunkowych dzie\u0142ach. Co wi\u0119cej, Krystian szkicuje tak\u017ce nietuzinkowe portrety, kt\u00f3re wyr\u00f3\u017cniaj\u0105 si\u0119 oryginalno\u015bci\u0105, szczeg\u00f3\u0142owo\u015bci\u0105. Jego prace to nie tylko spos\u00f3b na wyra\u017cenie siebie, ale tak\u017ce inspiracja dla innych uczni\u00f3w do rozwijania swoich talent\u00f3w. Jeste\u015bmy dumni, \u017ce Krystian jest cz\u0119\u015bci\u0105 naszej szkolnej spo\u0142eczno\u015bci.<\/span><\/div>\n<\/div>\n<\/div>\n<\/div>\n<\/div>\n<\/div>\n<\/div>\n<\/div>\n<\/div>\n<\/div>\nngg_shortcode_2_placeholder\n<p>&nbsp;<\/p>\n<p><span style=\"color: #000080;\"><strong>Jakub Kalbarczyk, ucze\u0144 klasy 4a<\/strong> posiada talent muzyczny &#8211; gra na fortepianie <br>i pianinie. Bierze r\u00f3wnie\u017c udzia\u0142 w r\u00f3\u017cnych konkursach muzycznych, na kt\u00f3rych prezentuje swoje umiej\u0119tno\u015bci gry na instrumentach.<\/span><\/p>\n<div style=\"width: 625px;\" class=\"wp-video\"><video class=\"wp-video-shortcode\" id=\"video-20930-1\" width=\"625\" height=\"469\" preload=\"metadata\" controls=\"controls\"><source type=\"video\/mp4\" src=\"http:\/\/sp1hrubieszow.pl\/wp-content\/uploads\/2024\/02\/J.-Kalbarczyk.mp4?_=1\" \/><a href=\"http:\/\/sp1hrubieszow.pl\/wp-content\/uploads\/2024\/02\/J.-Kalbarczyk.mp4\">http:\/\/sp1hrubieszow.pl\/wp-content\/uploads\/2024\/02\/J.-Kalbarczyk.mp4<\/a><\/video><\/div>\n<div style=\"width: 625px;\" class=\"wp-video\"><video class=\"wp-video-shortcode\" id=\"video-20930-2\" width=\"625\" height=\"352\" preload=\"metadata\" controls=\"controls\"><source type=\"video\/mp4\" src=\"http:\/\/sp1hrubieszow.pl\/wp-content\/uploads\/2024\/02\/05.mp4?_=2\" \/><a href=\"http:\/\/sp1hrubieszow.pl\/wp-content\/uploads\/2024\/02\/05.mp4\">http:\/\/sp1hrubieszow.pl\/wp-content\/uploads\/2024\/02\/05.mp4<\/a><\/video><\/div>\n<p>&nbsp;<\/p>\n<p><span style=\"color: #000080;\"><strong>Danilczuk Karolina, uczennica kl.5a<\/strong> anga\u017cuje si\u0119 w \u017cycie klasy i szko\u0142y. Przygotowuje si\u0119 do roli mediatora szkolnego. Ponadto rozwija swoje talenty poza murami szko\u0142y: ta\u0144czy i \u015bpiewa &#8211; odnosz\u0105c przy tym sukcesy. Nagrania powsta\u0142y na II Konkurs Wokalny CSK \u015apiewamy Marzenia 2023.<\/span><br><span style=\"color: #000080;\"><strong><a style=\"color: #000080;\" href=\"https:\/\/www.youtube.com\/watch?v=kBpsYpvR6wQ\">Karolina Danilczuk Ta melodia gra we mnie 12 lat, III Konkurs Wokalny CSK ,, \u015apiewamy Marzenia&#8217; 2023 &#8211; YouTube<\/a><\/strong><\/span><\/p>\n<p><span style=\"color: #000080;\"><strong><a style=\"color: #000080;\" href=\"https:\/\/www.youtube.com\/watch?v=6Xnx7PgnszY\">Karolina Danilczuk Wy\u015bni\u0142am sen 12 lat, II Konkurs Wokalny CSK ,, \u015apiewamy Marzenia&#8217; 2023 &#8211; YouTube<\/a><\/strong><\/span><\/p>\n\n\n\n<p><span style=\"color: #000080;\"><strong><a style=\"color: #000080;\" href=\"https:\/\/sp1hrubieszow.pl\/wp-content\/uploads\/2025\/02\/WIERSZE-UCZNIOW.docx\">WIERSZE UCZNI\u00d3W<\/a><\/strong><\/span><\/p>\n","protected":false},"excerpt":{"rendered":"<p>Szkolny plastyczny talent \u2013 Maja Bakalarczuk Maja Bakalarczuk, uczennica klasy 6a, to m\u0142oda artystka, kt\u00f3ra swoj\u0105 pasj\u0119 do rysunku i malarstwa rozwija w niezwykle kreatywny spos\u00f3b. Zwykle szkicuje postacie z bajek, kt\u00f3re przenosz\u0105 nas w \u015bwiat fantazji i magii. Inspiruj\u0105 j\u0105 r\u00f3wnie\u017c pi\u0119kne suknie z dawnych epok, kt\u00f3re przedstawia z dba\u0142o\u015bci\u0105 o detale, ukazuj\u0105c ich [&hellip;]<\/p>\n","protected":false},"author":2,"featured_media":0,"parent":0,"menu_order":0,"comment_status":"closed","ping_status":"closed","template":"","meta":{"ngg_post_thumbnail":0,"footnotes":""},"class_list":["post-20930","page","type-page","status-publish","hentry"],"_links":{"self":[{"href":"https:\/\/sp1hrubieszow.pl\/index.php\/wp-json\/wp\/v2\/pages\/20930","targetHints":{"allow":["GET"]}}],"collection":[{"href":"https:\/\/sp1hrubieszow.pl\/index.php\/wp-json\/wp\/v2\/pages"}],"about":[{"href":"https:\/\/sp1hrubieszow.pl\/index.php\/wp-json\/wp\/v2\/types\/page"}],"author":[{"embeddable":true,"href":"https:\/\/sp1hrubieszow.pl\/index.php\/wp-json\/wp\/v2\/users\/2"}],"replies":[{"embeddable":true,"href":"https:\/\/sp1hrubieszow.pl\/index.php\/wp-json\/wp\/v2\/comments?post=20930"}],"version-history":[{"count":11,"href":"https:\/\/sp1hrubieszow.pl\/index.php\/wp-json\/wp\/v2\/pages\/20930\/revisions"}],"predecessor-version":[{"id":28026,"href":"https:\/\/sp1hrubieszow.pl\/index.php\/wp-json\/wp\/v2\/pages\/20930\/revisions\/28026"}],"wp:attachment":[{"href":"https:\/\/sp1hrubieszow.pl\/index.php\/wp-json\/wp\/v2\/media?parent=20930"}],"curies":[{"name":"wp","href":"https:\/\/api.w.org\/{rel}","templated":true}]}}