{"id":20908,"date":"2023-06-14T13:45:17","date_gmt":"2023-06-14T11:45:17","guid":{"rendered":"https:\/\/sp1hrubieszow.pl\/?page_id=20908"},"modified":"2023-06-14T13:45:56","modified_gmt":"2023-06-14T11:45:56","slug":"zajecia-z-pierwszej-pomocy-przedmedycznej","status":"publish","type":"page","link":"https:\/\/sp1hrubieszow.pl\/index.php\/kronika-2020-2021\/zajecia-z-pierwszej-pomocy-przedmedycznej\/","title":{"rendered":"Zaj\u0119cia z pierwszej pomocy przedmedycznej"},"content":{"rendered":"\n\n\n<p><span style=\"color: #000080;\">13 czerwca 2023 roku uczniowie klas 1-3 wzi\u0119li udzia\u0142 w spotkaniu z funkcjonariuszami Pa\u0144stwowej Stra\u017cy Po\u017carnej w Hrubieszowie, kt\u00f3rzy w ciekawy spos\u00f3b przeprowadzili zaj\u0119cia na temat pierwszej pomocy przedmedycznej oraz bezpiecznego zachowania si\u0119 dzieci podczas wakacji. Serdecznie dzi\u0119kujemy stra\u017cakom za udzielenie uczniom cennych rad i wskaz\u00f3wek.&nbsp;<\/span><\/p>\nngg_shortcode_0_placeholder\n","protected":false},"excerpt":{"rendered":"<p>13 czerwca 2023 roku uczniowie klas 1-3 wzi\u0119li udzia\u0142 w spotkaniu z funkcjonariuszami Pa\u0144stwowej Stra\u017cy Po\u017carnej w Hrubieszowie, kt\u00f3rzy w ciekawy spos\u00f3b przeprowadzili zaj\u0119cia na temat pierwszej pomocy przedmedycznej oraz bezpiecznego zachowania si\u0119 dzieci podczas wakacji. Serdecznie dzi\u0119kujemy stra\u017cakom za udzielenie uczniom cennych rad i wskaz\u00f3wek.&nbsp;<\/p>\n","protected":false},"author":2,"featured_media":0,"parent":5983,"menu_order":0,"comment_status":"closed","ping_status":"closed","template":"","meta":{"ngg_post_thumbnail":0,"footnotes":""},"class_list":["post-20908","page","type-page","status-publish","hentry"],"_links":{"self":[{"href":"https:\/\/sp1hrubieszow.pl\/index.php\/wp-json\/wp\/v2\/pages\/20908","targetHints":{"allow":["GET"]}}],"collection":[{"href":"https:\/\/sp1hrubieszow.pl\/index.php\/wp-json\/wp\/v2\/pages"}],"about":[{"href":"https:\/\/sp1hrubieszow.pl\/index.php\/wp-json\/wp\/v2\/types\/page"}],"author":[{"embeddable":true,"href":"https:\/\/sp1hrubieszow.pl\/index.php\/wp-json\/wp\/v2\/users\/2"}],"replies":[{"embeddable":true,"href":"https:\/\/sp1hrubieszow.pl\/index.php\/wp-json\/wp\/v2\/comments?post=20908"}],"version-history":[{"count":1,"href":"https:\/\/sp1hrubieszow.pl\/index.php\/wp-json\/wp\/v2\/pages\/20908\/revisions"}],"predecessor-version":[{"id":20909,"href":"https:\/\/sp1hrubieszow.pl\/index.php\/wp-json\/wp\/v2\/pages\/20908\/revisions\/20909"}],"up":[{"embeddable":true,"href":"https:\/\/sp1hrubieszow.pl\/index.php\/wp-json\/wp\/v2\/pages\/5983"}],"wp:attachment":[{"href":"https:\/\/sp1hrubieszow.pl\/index.php\/wp-json\/wp\/v2\/media?parent=20908"}],"curies":[{"name":"wp","href":"https:\/\/api.w.org\/{rel}","templated":true}]}}