{"id":20777,"date":"2023-06-10T20:55:26","date_gmt":"2023-06-10T18:55:26","guid":{"rendered":"https:\/\/sp1hrubieszow.pl\/?page_id=20777"},"modified":"2023-06-10T20:57:40","modified_gmt":"2023-06-10T18:57:40","slug":"niezwykle-e-lekcje-angielskiego-hrubieszow-peru-wietnam-indie","status":"publish","type":"page","link":"https:\/\/sp1hrubieszow.pl\/index.php\/kronika-2020-2021\/niezwykle-e-lekcje-angielskiego-hrubieszow-peru-wietnam-indie\/","title":{"rendered":"Niezwyk\u0142e e-lekcje angielskiego: Hrubiesz\u00f3w \u2013 Peru \u2013 Wietnam &#8211; Indie"},"content":{"rendered":"\n\n\n<p><span style=\"color: #000080;\">Uczniowie klasy 4c zako\u0144czyli cykl spotka\u0144 online z uczniami z Indii, Wietnamu i Peru. Podczas zaj\u0119\u0107 dowiedzieli\u015bmy si\u0119 wiele ciekawych informacji o tych egzotycznych krajach, po\u0142o\u017conych w odleg\u0142ych cz\u0119\u015bciach \u015bwiata, w r\u00f3\u017cnych strefach czasowych. Spotykali\u015bmy si\u0119 o godzinie 14.00 \u015brodkowoeuropejskiego czasu. W tym czasie w Indiach by\u0142a godzina 17:30, w Wietnamie 19:00, a w Peru 7:00 rano, a wi\u0119c ustalenie godziny spotka\u0144 stanowi\u0142o nie lada wyzwanie. Ale warto by\u0142o po\u015bwi\u0119ci\u0107 sw\u00f3j wolny czas w weekendy, \u017ceby cho\u0107 troch\u0119 pozna\u0107 kultur\u0119 tych niesamowitych pa\u0144stw. Przede wszystkim do ka\u017cdego spotkania musieli\u015bmy si\u0119 przygotowa\u0107, tj.: wyszuka\u0107 informacje na dany temat, przygotowa\u0107 prezentacj\u0119 oraz opracowa\u0107 pytania do dyskusji. Poruszali\u015bmy zagadnienia dotycz\u0105ce naszych kraj\u00f3w, ta\u0144c\u00f3w narodowych, sposob\u00f3w sp\u0119dzania wolnego czasu, prezentowali\u015bmy swoje miasta.<\/span><\/p>\n<p><span style=\"color: #000080;\">Udzia\u0142 w projekcie stwarza uczniom niepowtarzaln\u0105 okazj\u0119 do porozumiewania si\u0119 w j\u0119zyku angielskim na ca\u0142ym \u015bwiecie. Pozwala im zrozumie\u0107 wag\u0119 nauki tego j\u0119zyka. Uczniowie staj\u0105 si\u0119 otwarci i tolerancyjni wobec innych kultur, promuj\u0105 pi\u0119kno Polski i naszego regionu w \u015bwiecie. <\/span><\/p>\n<p><span style=\"color: #000080;\">Opiekun: Justyna Przybik<\/span><\/p>\nngg_shortcode_0_placeholder\n","protected":false},"excerpt":{"rendered":"<p>Uczniowie klasy 4c zako\u0144czyli cykl spotka\u0144 online z uczniami z Indii, Wietnamu i Peru. Podczas zaj\u0119\u0107 dowiedzieli\u015bmy si\u0119 wiele ciekawych informacji o tych egzotycznych krajach, po\u0142o\u017conych w odleg\u0142ych cz\u0119\u015bciach \u015bwiata, w r\u00f3\u017cnych strefach czasowych. Spotykali\u015bmy si\u0119 o godzinie 14.00 \u015brodkowoeuropejskiego czasu. W tym czasie w Indiach by\u0142a godzina 17:30, w Wietnamie 19:00, a w Peru [&hellip;]<\/p>\n","protected":false},"author":2,"featured_media":0,"parent":5983,"menu_order":0,"comment_status":"closed","ping_status":"closed","template":"","meta":{"ngg_post_thumbnail":0,"footnotes":""},"class_list":["post-20777","page","type-page","status-publish","hentry"],"_links":{"self":[{"href":"https:\/\/sp1hrubieszow.pl\/index.php\/wp-json\/wp\/v2\/pages\/20777","targetHints":{"allow":["GET"]}}],"collection":[{"href":"https:\/\/sp1hrubieszow.pl\/index.php\/wp-json\/wp\/v2\/pages"}],"about":[{"href":"https:\/\/sp1hrubieszow.pl\/index.php\/wp-json\/wp\/v2\/types\/page"}],"author":[{"embeddable":true,"href":"https:\/\/sp1hrubieszow.pl\/index.php\/wp-json\/wp\/v2\/users\/2"}],"replies":[{"embeddable":true,"href":"https:\/\/sp1hrubieszow.pl\/index.php\/wp-json\/wp\/v2\/comments?post=20777"}],"version-history":[{"count":2,"href":"https:\/\/sp1hrubieszow.pl\/index.php\/wp-json\/wp\/v2\/pages\/20777\/revisions"}],"predecessor-version":[{"id":20781,"href":"https:\/\/sp1hrubieszow.pl\/index.php\/wp-json\/wp\/v2\/pages\/20777\/revisions\/20781"}],"up":[{"embeddable":true,"href":"https:\/\/sp1hrubieszow.pl\/index.php\/wp-json\/wp\/v2\/pages\/5983"}],"wp:attachment":[{"href":"https:\/\/sp1hrubieszow.pl\/index.php\/wp-json\/wp\/v2\/media?parent=20777"}],"curies":[{"name":"wp","href":"https:\/\/api.w.org\/{rel}","templated":true}]}}