{"id":20676,"date":"2023-06-06T14:11:09","date_gmt":"2023-06-06T12:11:09","guid":{"rendered":"https:\/\/sp1hrubieszow.pl\/?page_id=20676"},"modified":"2023-06-06T14:11:38","modified_gmt":"2023-06-06T12:11:38","slug":"zakonczenie-ogolnopolskiego-programu-edukacyjnego-akademia-bezpiecznego-puchatka","status":"publish","type":"page","link":"https:\/\/sp1hrubieszow.pl\/index.php\/kronika-2020-2021\/zakonczenie-ogolnopolskiego-programu-edukacyjnego-akademia-bezpiecznego-puchatka\/","title":{"rendered":"Zako\u0144czenie og\u00f3lnopolskiego programu edukacyjnego Akademia Bezpiecznego Puchatka"},"content":{"rendered":"\n<p><span style=\"color: #000080;\">W dniu 02.06.2023r. uczniowie klas pierwszych, kt\u00f3rzy w roku szkolnym 2022\/2023 brali udzia\u0142 w XIV edycji programu Akademia Bezpiecznego Puchatka, odebrali pami\u0105tkowe dyplomy. Pierwszoklasi\u015bci uczestniczyli w cyklu zaj\u0119\u0107 profilaktycznych, apelu i spotkaniach, maj\u0105cych na celu utrwalenie zasad bezpiecze\u0144stwa na co dzie\u0144. Na zako\u0144czenie programu uczestniczyli w Og\u00f3lnopolskim Te\u015bcie Bezpiecze\u0144stwa, kt\u00f3ry sprawdzi\u0142 nabyt\u0105 przez nich wiedz\u0119. Gratuluj\u0119 wszystkim uczniom oraz dzi\u0119kuj\u0119 za wsp\u00f3\u0142prac\u0119 Wychowawcom klas pierwszych i Rodzicom. <\/span><\/p>\n<p><span style=\"color: #000080;\">Szkolny koordynator programu-Marta Kuczy\u0144ska<\/span><\/p>\nngg_shortcode_0_placeholder\n","protected":false},"excerpt":{"rendered":"<p>W dniu 02.06.2023r. uczniowie klas pierwszych, kt\u00f3rzy w roku szkolnym 2022\/2023 brali udzia\u0142 w XIV edycji programu Akademia Bezpiecznego Puchatka, odebrali pami\u0105tkowe dyplomy. Pierwszoklasi\u015bci uczestniczyli w cyklu zaj\u0119\u0107 profilaktycznych, apelu i spotkaniach, maj\u0105cych na celu utrwalenie zasad bezpiecze\u0144stwa na co dzie\u0144. Na zako\u0144czenie programu uczestniczyli w Og\u00f3lnopolskim Te\u015bcie Bezpiecze\u0144stwa, kt\u00f3ry sprawdzi\u0142 nabyt\u0105 przez nich wiedz\u0119. [&hellip;]<\/p>\n","protected":false},"author":2,"featured_media":0,"parent":5983,"menu_order":0,"comment_status":"closed","ping_status":"closed","template":"","meta":{"ngg_post_thumbnail":0,"footnotes":""},"class_list":["post-20676","page","type-page","status-publish","hentry"],"_links":{"self":[{"href":"https:\/\/sp1hrubieszow.pl\/index.php\/wp-json\/wp\/v2\/pages\/20676","targetHints":{"allow":["GET"]}}],"collection":[{"href":"https:\/\/sp1hrubieszow.pl\/index.php\/wp-json\/wp\/v2\/pages"}],"about":[{"href":"https:\/\/sp1hrubieszow.pl\/index.php\/wp-json\/wp\/v2\/types\/page"}],"author":[{"embeddable":true,"href":"https:\/\/sp1hrubieszow.pl\/index.php\/wp-json\/wp\/v2\/users\/2"}],"replies":[{"embeddable":true,"href":"https:\/\/sp1hrubieszow.pl\/index.php\/wp-json\/wp\/v2\/comments?post=20676"}],"version-history":[{"count":1,"href":"https:\/\/sp1hrubieszow.pl\/index.php\/wp-json\/wp\/v2\/pages\/20676\/revisions"}],"predecessor-version":[{"id":20677,"href":"https:\/\/sp1hrubieszow.pl\/index.php\/wp-json\/wp\/v2\/pages\/20676\/revisions\/20677"}],"up":[{"embeddable":true,"href":"https:\/\/sp1hrubieszow.pl\/index.php\/wp-json\/wp\/v2\/pages\/5983"}],"wp:attachment":[{"href":"https:\/\/sp1hrubieszow.pl\/index.php\/wp-json\/wp\/v2\/media?parent=20676"}],"curies":[{"name":"wp","href":"https:\/\/api.w.org\/{rel}","templated":true}]}}