{"id":20394,"date":"2023-05-24T16:21:06","date_gmt":"2023-05-24T14:21:06","guid":{"rendered":"https:\/\/sp1hrubieszow.pl\/?page_id=20394"},"modified":"2023-05-24T16:23:57","modified_gmt":"2023-05-24T14:23:57","slug":"warsztaty-cyfrowy-plac-zabaw","status":"publish","type":"page","link":"https:\/\/sp1hrubieszow.pl\/index.php\/kronika-2020-2021\/warsztaty-cyfrowy-plac-zabaw\/","title":{"rendered":"Warsztaty &#8222;Cyfrowy plac zabaw&#8221;"},"content":{"rendered":"\n<p><span style=\"color: #000080;\">Uczniowie klasy 4c uczestniczyli w warsztatach pt. &#8222;Cyfrowy plac zabaw&#8221; zorganizowanych przez Miejsk\u0105 Bibliotek\u0119 Publiczn\u0105 w Hrubieszowie. Uczniowie zaprogramowali tras\u0119 Photon\u00f3w, tworzyli konstrukcje z klock\u00f3w Lego Mindstorm, uk\u0142adali tory kulkowe z wykorzystaniem konstrukcji Gravitax oraz trenowali kondycj\u0119 fizyczn\u0105 graj\u0105c w Nintendo Switch. Dzi\u0119kujemy Paniom z biblioteki za przeprowadzenie fantastycznych zaj\u0119\u0107, wycieczk\u0119 po obiekcie oraz mi\u0142o sp\u0119dzony czas.<\/span><\/p>\n<div style=\"width: 625px;\" class=\"wp-video\"><video class=\"wp-video-shortcode\" id=\"video-20394-1\" width=\"625\" height=\"359\" preload=\"metadata\" controls=\"controls\"><source type=\"video\/mp4\" src=\"http:\/\/sp1hrubieszow.pl\/wp-content\/uploads\/2023\/05\/345500466_6388443677883597_1451738324368470647_n.mp4?_=1\" \/><a href=\"http:\/\/sp1hrubieszow.pl\/wp-content\/uploads\/2023\/05\/345500466_6388443677883597_1451738324368470647_n.mp4\">http:\/\/sp1hrubieszow.pl\/wp-content\/uploads\/2023\/05\/345500466_6388443677883597_1451738324368470647_n.mp4<\/a><\/video><\/div>\n<div style=\"width: 625px;\" class=\"wp-video\"><video class=\"wp-video-shortcode\" id=\"video-20394-2\" width=\"625\" height=\"359\" preload=\"metadata\" controls=\"controls\"><source type=\"video\/mp4\" src=\"http:\/\/sp1hrubieszow.pl\/wp-content\/uploads\/2023\/05\/345501181_6999924096688440_3926786210515475476_n.mp4?_=2\" \/><a href=\"http:\/\/sp1hrubieszow.pl\/wp-content\/uploads\/2023\/05\/345501181_6999924096688440_3926786210515475476_n.mp4\">http:\/\/sp1hrubieszow.pl\/wp-content\/uploads\/2023\/05\/345501181_6999924096688440_3926786210515475476_n.mp4<\/a><\/video><\/div>\nngg_shortcode_0_placeholder\n","protected":false},"excerpt":{"rendered":"<p>Uczniowie klasy 4c uczestniczyli w warsztatach pt. &#8222;Cyfrowy plac zabaw&#8221; zorganizowanych przez Miejsk\u0105 Bibliotek\u0119 Publiczn\u0105 w Hrubieszowie. Uczniowie zaprogramowali tras\u0119 Photon\u00f3w, tworzyli konstrukcje z klock\u00f3w Lego Mindstorm, uk\u0142adali tory kulkowe z wykorzystaniem konstrukcji Gravitax oraz trenowali kondycj\u0119 fizyczn\u0105 graj\u0105c w Nintendo Switch. Dzi\u0119kujemy Paniom z biblioteki za przeprowadzenie fantastycznych zaj\u0119\u0107, wycieczk\u0119 po obiekcie oraz mi\u0142o [&hellip;]<\/p>\n","protected":false},"author":2,"featured_media":0,"parent":5983,"menu_order":0,"comment_status":"closed","ping_status":"closed","template":"","meta":{"ngg_post_thumbnail":0,"footnotes":""},"class_list":["post-20394","page","type-page","status-publish","hentry"],"_links":{"self":[{"href":"https:\/\/sp1hrubieszow.pl\/index.php\/wp-json\/wp\/v2\/pages\/20394","targetHints":{"allow":["GET"]}}],"collection":[{"href":"https:\/\/sp1hrubieszow.pl\/index.php\/wp-json\/wp\/v2\/pages"}],"about":[{"href":"https:\/\/sp1hrubieszow.pl\/index.php\/wp-json\/wp\/v2\/types\/page"}],"author":[{"embeddable":true,"href":"https:\/\/sp1hrubieszow.pl\/index.php\/wp-json\/wp\/v2\/users\/2"}],"replies":[{"embeddable":true,"href":"https:\/\/sp1hrubieszow.pl\/index.php\/wp-json\/wp\/v2\/comments?post=20394"}],"version-history":[{"count":3,"href":"https:\/\/sp1hrubieszow.pl\/index.php\/wp-json\/wp\/v2\/pages\/20394\/revisions"}],"predecessor-version":[{"id":20401,"href":"https:\/\/sp1hrubieszow.pl\/index.php\/wp-json\/wp\/v2\/pages\/20394\/revisions\/20401"}],"up":[{"embeddable":true,"href":"https:\/\/sp1hrubieszow.pl\/index.php\/wp-json\/wp\/v2\/pages\/5983"}],"wp:attachment":[{"href":"https:\/\/sp1hrubieszow.pl\/index.php\/wp-json\/wp\/v2\/media?parent=20394"}],"curies":[{"name":"wp","href":"https:\/\/api.w.org\/{rel}","templated":true}]}}