{"id":20218,"date":"2023-05-04T17:22:47","date_gmt":"2023-05-04T15:22:47","guid":{"rendered":"https:\/\/sp1hrubieszow.pl\/?page_id=20218"},"modified":"2023-05-04T17:23:26","modified_gmt":"2023-05-04T15:23:26","slug":"rozstrzygniecie-konkursu-wiosna-ach-to-ty","status":"publish","type":"page","link":"https:\/\/sp1hrubieszow.pl\/index.php\/kronika-2020-2021\/rozstrzygniecie-konkursu-wiosna-ach-to-ty\/","title":{"rendered":"Rozstrzygni\u0119cie konkursu &#8222;Wiosna, ach to Ty&#8230;&#8221;"},"content":{"rendered":"\n<p><span style=\"color: #000080;\">W kwietniu zosta\u0142 zorganizowany konkurs literacki \u201eWiosna, ach to Ty\u2026\u201d skierowany do uczni\u00f3w klas 4 \u2013 8. Zadanie konkursowe polega\u0142o na napisaniu wiersza o tematyce wiosennej. Komisja konkursowa w sk\u0142adzie: pani Anna Czernysz, Pani Ilona Winogrodzka i pani Sylwia Wojak nagrodzi\u0142y nast\u0119puj\u0105cych uczni\u00f3w:<\/span><\/p>\n<p><span style=\"color: #000080;\">I miejsce \u2013 Emilia Karpik klasa 4a<\/span><\/p>\n<p><span style=\"color: #000080;\">II miejsce \u2013 Karolina Jasi\u0144ska klasa 8d<\/span><\/p>\n<p><span style=\"color: #000080;\">III miejsce \u2013 Marcin Lackowski klasa 7a<\/span><\/p>\n<p><span style=\"color: #000080;\">Przyznano tak\u017ce trzy wyr\u00f3\u017cnienia: Martyna Balcer klasa 5b, Dawid Dworak klasa 6b oraz Kseniya Pustylnikova klasa 7a.<\/span><\/p>\n<p><span style=\"color: #000080;\">Gratulujemy nagrodzonym talentu i \u017cyczymy sukces\u00f3w w kolejnych konkursach. &nbsp;<\/span><\/p>\nngg_shortcode_0_placeholder\n","protected":false},"excerpt":{"rendered":"<p>W kwietniu zosta\u0142 zorganizowany konkurs literacki \u201eWiosna, ach to Ty\u2026\u201d skierowany do uczni\u00f3w klas 4 \u2013 8. Zadanie konkursowe polega\u0142o na napisaniu wiersza o tematyce wiosennej. Komisja konkursowa w sk\u0142adzie: pani Anna Czernysz, Pani Ilona Winogrodzka i pani Sylwia Wojak nagrodzi\u0142y nast\u0119puj\u0105cych uczni\u00f3w: I miejsce \u2013 Emilia Karpik klasa 4a II miejsce \u2013 Karolina Jasi\u0144ska [&hellip;]<\/p>\n","protected":false},"author":2,"featured_media":0,"parent":5983,"menu_order":0,"comment_status":"closed","ping_status":"closed","template":"","meta":{"ngg_post_thumbnail":0,"footnotes":""},"class_list":["post-20218","page","type-page","status-publish","hentry"],"_links":{"self":[{"href":"https:\/\/sp1hrubieszow.pl\/index.php\/wp-json\/wp\/v2\/pages\/20218","targetHints":{"allow":["GET"]}}],"collection":[{"href":"https:\/\/sp1hrubieszow.pl\/index.php\/wp-json\/wp\/v2\/pages"}],"about":[{"href":"https:\/\/sp1hrubieszow.pl\/index.php\/wp-json\/wp\/v2\/types\/page"}],"author":[{"embeddable":true,"href":"https:\/\/sp1hrubieszow.pl\/index.php\/wp-json\/wp\/v2\/users\/2"}],"replies":[{"embeddable":true,"href":"https:\/\/sp1hrubieszow.pl\/index.php\/wp-json\/wp\/v2\/comments?post=20218"}],"version-history":[{"count":1,"href":"https:\/\/sp1hrubieszow.pl\/index.php\/wp-json\/wp\/v2\/pages\/20218\/revisions"}],"predecessor-version":[{"id":20219,"href":"https:\/\/sp1hrubieszow.pl\/index.php\/wp-json\/wp\/v2\/pages\/20218\/revisions\/20219"}],"up":[{"embeddable":true,"href":"https:\/\/sp1hrubieszow.pl\/index.php\/wp-json\/wp\/v2\/pages\/5983"}],"wp:attachment":[{"href":"https:\/\/sp1hrubieszow.pl\/index.php\/wp-json\/wp\/v2\/media?parent=20218"}],"curies":[{"name":"wp","href":"https:\/\/api.w.org\/{rel}","templated":true}]}}