{"id":19671,"date":"2023-03-18T18:18:37","date_gmt":"2023-03-18T17:18:37","guid":{"rendered":"https:\/\/sp1hrubieszow.pl\/?page_id=19671"},"modified":"2023-03-18T18:18:50","modified_gmt":"2023-03-18T17:18:50","slug":"co-sadza-dzieci-o-naszej-szkole-zapraszamy-na-dzien-otwarty","status":"publish","type":"page","link":"https:\/\/sp1hrubieszow.pl\/index.php\/kronika-2020-2021\/co-sadza-dzieci-o-naszej-szkole-zapraszamy-na-dzien-otwarty\/","title":{"rendered":"&#8222;Co s\u0105dz\u0105 dzieci o naszej szkole\u2026&#8221; Zapraszamy na Dzie\u0144 Otwarty!"},"content":{"rendered":"\n<p><span style=\"color: #000080;\">Dzie\u0144 Otwarty w naszej szkole ju\u017c tu\u017c &#8211; tu\u017c! W oczekiwaniu na ten dzie\u0144 zach\u0119camy do obejrzenia filmiku &#8222;Co s\u0105dz\u0105 dzieci o naszej szkole&#8230;&#8221;. \u017byczymy mi\u0142ego ogl\u0105dania i zapraszamy do SP Nr 1!<\/span><\/p>\n<div style=\"width: 625px;\" class=\"wp-video\"><video class=\"wp-video-shortcode\" id=\"video-19671-1\" width=\"625\" height=\"352\" preload=\"metadata\" controls=\"controls\"><source type=\"video\/mp4\" src=\"http:\/\/sp1hrubieszow.pl\/wp-content\/uploads\/2023\/03\/Dzien-otwarty-2023-film-3-Wykonano-za-pomoca-Clipchamp_1678695127102.mp4?_=1\" \/><a href=\"http:\/\/sp1hrubieszow.pl\/wp-content\/uploads\/2023\/03\/Dzien-otwarty-2023-film-3-Wykonano-za-pomoca-Clipchamp_1678695127102.mp4\">http:\/\/sp1hrubieszow.pl\/wp-content\/uploads\/2023\/03\/Dzien-otwarty-2023-film-3-Wykonano-za-pomoca-Clipchamp_1678695127102.mp4<\/a><\/video><\/div>\n","protected":false},"excerpt":{"rendered":"<p>Dzie\u0144 Otwarty w naszej szkole ju\u017c tu\u017c &#8211; tu\u017c! W oczekiwaniu na ten dzie\u0144 zach\u0119camy do obejrzenia filmiku &#8222;Co s\u0105dz\u0105 dzieci o naszej szkole&#8230;&#8221;. \u017byczymy mi\u0142ego ogl\u0105dania i zapraszamy do SP Nr 1!<\/p>\n","protected":false},"author":2,"featured_media":0,"parent":5983,"menu_order":0,"comment_status":"closed","ping_status":"closed","template":"","meta":{"ngg_post_thumbnail":0,"footnotes":""},"class_list":["post-19671","page","type-page","status-publish","hentry"],"_links":{"self":[{"href":"https:\/\/sp1hrubieszow.pl\/index.php\/wp-json\/wp\/v2\/pages\/19671","targetHints":{"allow":["GET"]}}],"collection":[{"href":"https:\/\/sp1hrubieszow.pl\/index.php\/wp-json\/wp\/v2\/pages"}],"about":[{"href":"https:\/\/sp1hrubieszow.pl\/index.php\/wp-json\/wp\/v2\/types\/page"}],"author":[{"embeddable":true,"href":"https:\/\/sp1hrubieszow.pl\/index.php\/wp-json\/wp\/v2\/users\/2"}],"replies":[{"embeddable":true,"href":"https:\/\/sp1hrubieszow.pl\/index.php\/wp-json\/wp\/v2\/comments?post=19671"}],"version-history":[{"count":1,"href":"https:\/\/sp1hrubieszow.pl\/index.php\/wp-json\/wp\/v2\/pages\/19671\/revisions"}],"predecessor-version":[{"id":19672,"href":"https:\/\/sp1hrubieszow.pl\/index.php\/wp-json\/wp\/v2\/pages\/19671\/revisions\/19672"}],"up":[{"embeddable":true,"href":"https:\/\/sp1hrubieszow.pl\/index.php\/wp-json\/wp\/v2\/pages\/5983"}],"wp:attachment":[{"href":"https:\/\/sp1hrubieszow.pl\/index.php\/wp-json\/wp\/v2\/media?parent=19671"}],"curies":[{"name":"wp","href":"https:\/\/api.w.org\/{rel}","templated":true}]}}