{"id":19631,"date":"2023-03-08T19:03:55","date_gmt":"2023-03-08T18:03:55","guid":{"rendered":"https:\/\/sp1hrubieszow.pl\/?page_id=19631"},"modified":"2023-03-08T19:04:14","modified_gmt":"2023-03-08T18:04:14","slug":"dzien-kobiet","status":"publish","type":"page","link":"https:\/\/sp1hrubieszow.pl\/index.php\/kronika-2020-2021\/dzien-kobiet\/","title":{"rendered":"Dzie\u0144 Kobiet"},"content":{"rendered":"\n<p><span style=\"color: #000080;\">Samorz\u0105d Uczniowski z\u0142o\u017cy\u0142 dzi\u015b najlepsze \u017cyczenia wszystkim Paniom pracuj\u0105cym w naszej szkole. Uczniowie wyrazili jednocze\u015bnie wdzi\u0119czno\u015b\u0107 za trud i po\u015bwi\u0119cenie wszystkich Kobiet z SP NR 1.<\/span><\/p>\nngg_shortcode_0_placeholder\n","protected":false},"excerpt":{"rendered":"<p>Samorz\u0105d Uczniowski z\u0142o\u017cy\u0142 dzi\u015b najlepsze \u017cyczenia wszystkim Paniom pracuj\u0105cym w naszej szkole. Uczniowie wyrazili jednocze\u015bnie wdzi\u0119czno\u015b\u0107 za trud i po\u015bwi\u0119cenie wszystkich Kobiet z SP NR 1.<\/p>\n","protected":false},"author":2,"featured_media":0,"parent":5983,"menu_order":0,"comment_status":"closed","ping_status":"closed","template":"","meta":{"ngg_post_thumbnail":0,"footnotes":""},"class_list":["post-19631","page","type-page","status-publish","hentry"],"_links":{"self":[{"href":"https:\/\/sp1hrubieszow.pl\/index.php\/wp-json\/wp\/v2\/pages\/19631","targetHints":{"allow":["GET"]}}],"collection":[{"href":"https:\/\/sp1hrubieszow.pl\/index.php\/wp-json\/wp\/v2\/pages"}],"about":[{"href":"https:\/\/sp1hrubieszow.pl\/index.php\/wp-json\/wp\/v2\/types\/page"}],"author":[{"embeddable":true,"href":"https:\/\/sp1hrubieszow.pl\/index.php\/wp-json\/wp\/v2\/users\/2"}],"replies":[{"embeddable":true,"href":"https:\/\/sp1hrubieszow.pl\/index.php\/wp-json\/wp\/v2\/comments?post=19631"}],"version-history":[{"count":1,"href":"https:\/\/sp1hrubieszow.pl\/index.php\/wp-json\/wp\/v2\/pages\/19631\/revisions"}],"predecessor-version":[{"id":19632,"href":"https:\/\/sp1hrubieszow.pl\/index.php\/wp-json\/wp\/v2\/pages\/19631\/revisions\/19632"}],"up":[{"embeddable":true,"href":"https:\/\/sp1hrubieszow.pl\/index.php\/wp-json\/wp\/v2\/pages\/5983"}],"wp:attachment":[{"href":"https:\/\/sp1hrubieszow.pl\/index.php\/wp-json\/wp\/v2\/media?parent=19631"}],"curies":[{"name":"wp","href":"https:\/\/api.w.org\/{rel}","templated":true}]}}