{"id":19073,"date":"2023-02-09T20:06:00","date_gmt":"2023-02-09T19:06:00","guid":{"rendered":"https:\/\/sp1hrubieszow.pl\/?page_id=19073"},"modified":"2023-02-09T20:06:40","modified_gmt":"2023-02-09T19:06:40","slug":"lektura-na-wieszaku","status":"publish","type":"page","link":"https:\/\/sp1hrubieszow.pl\/index.php\/kronika-2020-2021\/lektura-na-wieszaku\/","title":{"rendered":"Lektura na wieszaku"},"content":{"rendered":"\n<div class=\"x11i5rnm xat24cr x1mh8g0r x1vvkbs xdj266r x126k92a\">\n<div dir=\"auto\"><span style=\"color: #000080;\">Uczniowie klasy 6b mieli okazj\u0119 wykaza\u0107 si\u0119 niezwyk\u0142\u0105 kreatywno\u015bci\u0105 podczas omawiania lektury &#8222;Opium w rosole&#8221; Ma\u0142gorzaty Musierowicz. Podczas lekcji j\u0119zyka polskiego tworzyli samodzielnie \u201elektur\u0119 na wieszaku\u201d.<\/span><\/div>\n<\/div>\n<div class=\"x11i5rnm xat24cr x1mh8g0r x1vvkbs xtlvy1s x126k92a\">\n<div dir=\"auto\"><span style=\"color: #000080;\">Jest to metoda aktywizuj\u0105ca, dzi\u0119ki kt\u00f3rej mo\u017cna zebra\u0107 informacje o lekturze w nietypowej formie i umie\u015bci\u0107 je na wieszaku.<\/span><\/div>\n<\/div>\n<div class=\"x11i5rnm xat24cr x1mh8g0r x1vvkbs xtlvy1s x126k92a\">\n<div dir=\"auto\"><span style=\"color: #000080;\">Uczniowie doskonalili tak\u017ce umiej\u0119tno\u015b\u0107 wyst\u0105pie\u0144 publicznych prezentuj\u0105c swoje prace.<\/span><\/div>\n<\/div>\n<div class=\"x11i5rnm xat24cr x1mh8g0r x1vvkbs xtlvy1s x126k92a\">\n<div dir=\"auto\" style=\"text-align: right;\"><span style=\"color: #000080;\">Marta Lackowska<\/span><\/div>\n<div dir=\"auto\">\nngg_shortcode_0_placeholder\n<\/div>\n<\/div>\n","protected":false},"excerpt":{"rendered":"<p>Uczniowie klasy 6b mieli okazj\u0119 wykaza\u0107 si\u0119 niezwyk\u0142\u0105 kreatywno\u015bci\u0105 podczas omawiania lektury &#8222;Opium w rosole&#8221; Ma\u0142gorzaty Musierowicz. Podczas lekcji j\u0119zyka polskiego tworzyli samodzielnie \u201elektur\u0119 na wieszaku\u201d. Jest to metoda aktywizuj\u0105ca, dzi\u0119ki kt\u00f3rej mo\u017cna zebra\u0107 informacje o lekturze w nietypowej formie i umie\u015bci\u0107 je na wieszaku. Uczniowie doskonalili tak\u017ce umiej\u0119tno\u015b\u0107 wyst\u0105pie\u0144 publicznych prezentuj\u0105c swoje prace. Marta [&hellip;]<\/p>\n","protected":false},"author":2,"featured_media":0,"parent":5983,"menu_order":0,"comment_status":"closed","ping_status":"closed","template":"","meta":{"ngg_post_thumbnail":0,"footnotes":""},"class_list":["post-19073","page","type-page","status-publish","hentry"],"_links":{"self":[{"href":"https:\/\/sp1hrubieszow.pl\/index.php\/wp-json\/wp\/v2\/pages\/19073","targetHints":{"allow":["GET"]}}],"collection":[{"href":"https:\/\/sp1hrubieszow.pl\/index.php\/wp-json\/wp\/v2\/pages"}],"about":[{"href":"https:\/\/sp1hrubieszow.pl\/index.php\/wp-json\/wp\/v2\/types\/page"}],"author":[{"embeddable":true,"href":"https:\/\/sp1hrubieszow.pl\/index.php\/wp-json\/wp\/v2\/users\/2"}],"replies":[{"embeddable":true,"href":"https:\/\/sp1hrubieszow.pl\/index.php\/wp-json\/wp\/v2\/comments?post=19073"}],"version-history":[{"count":1,"href":"https:\/\/sp1hrubieszow.pl\/index.php\/wp-json\/wp\/v2\/pages\/19073\/revisions"}],"predecessor-version":[{"id":19074,"href":"https:\/\/sp1hrubieszow.pl\/index.php\/wp-json\/wp\/v2\/pages\/19073\/revisions\/19074"}],"up":[{"embeddable":true,"href":"https:\/\/sp1hrubieszow.pl\/index.php\/wp-json\/wp\/v2\/pages\/5983"}],"wp:attachment":[{"href":"https:\/\/sp1hrubieszow.pl\/index.php\/wp-json\/wp\/v2\/media?parent=19073"}],"curies":[{"name":"wp","href":"https:\/\/api.w.org\/{rel}","templated":true}]}}