{"id":18959,"date":"2023-01-16T14:41:05","date_gmt":"2023-01-16T13:41:05","guid":{"rendered":"https:\/\/sp1hrubieszow.pl\/?page_id=18959"},"modified":"2023-01-16T14:41:54","modified_gmt":"2023-01-16T13:41:54","slug":"rozowa-skrzyneczka","status":"publish","type":"page","link":"https:\/\/sp1hrubieszow.pl\/index.php\/kronika-2020-2021\/rozowa-skrzyneczka\/","title":{"rendered":"R\u00f3\u017cowa skrzyneczka"},"content":{"rendered":"\n\n\n<p><span style=\"color: #000080;\">R\u00f3\u017cowa skrzyneczka to og\u00f3lnopolski program przeciwdzia\u0142aj\u0105cy tak zwanemu wykluczeniu menstruacyjnemu.<\/span><\/p>\n<p><span style=\"color: #000080;\">Stowarzyszenie Aktywnych Animator\u00f3w Kultury we wsp\u00f3\u0142pracy z Fundacj\u0105 R\u00f3\u017cowa Skrzyneczka realizuj\u0105 inicjatyw\u0119 instalacji \u201eR\u00f3\u017cowych skrzyneczek\u201d w szko\u0142ach. Mi\u0142o mi poinformowa\u0107, \u017ce w naszej szkole w damskich toaletach zawis\u0142y r\u00f3\u017cowe skrzyneczki wype\u0142nione \u015brodkami higienicznymi dost\u0119pnymi nieodp\u0142atnie dla ka\u017cdej uczennicy.<\/span><\/p>\n<p><span style=\"color: #000080;\"><strong>R\u00f3\u017cowa skrzyneczka \u2013 materia\u0142y<\/strong><\/span><\/p>\n<p>&#8211;<span style=\"color: #000080;\"> <a style=\"color: #000080;\" href=\"https:\/\/cloud-d.edupage.org\/cloud?z%3At6aOB1k7r%2BOL98LouTmL3WRz1vDcXAC21%2BVowsxxYa6oiMlvD0R%2B7Y2HNitRDkcQ\">Podstawowe_informacje_o_Rozowej_skrzyneczce.pdf<\/a><\/span><\/p>\n<p><span style=\"color: #000080;\">&#8211; <a style=\"color: #000080;\" href=\"https:\/\/cloud-d.edupage.org\/cloud?z%3Axf%2BZkpHy51ygTJ90uIe7L%2B4ho8iYozZlpGi5U0Adje8vpJ0pJ3hfhu2ijUvOGjYn\">Broszurka_Mieszaczkowe_Love.pdf<\/a>&nbsp;&nbsp;&nbsp;&nbsp;&nbsp;&nbsp;&nbsp;&nbsp;&nbsp;&nbsp;&nbsp;&nbsp;&nbsp;&nbsp;&nbsp;<\/span>&nbsp;&nbsp;&nbsp;&nbsp;&nbsp;&nbsp;&nbsp;&nbsp;&nbsp;&nbsp;<\/p>\n<p>&#8211; <span style=\"color: #000080;\"><strong>linki do filmik\u00f3w z MenstrUlk\u0105 dla szk\u00f3\u0142 podstawowych:<\/strong><\/span><\/p>\n<p><span style=\"color: #000080;\"><a style=\"color: #000080;\" href=\"https:\/\/www.youtube.com\/watch?v=SF3UFXEnHZk&amp;t=1s\">https:\/\/www.youtube.com\/watch?v=SF3UFXEnHZk&amp;t=1s<\/a><\/span><\/p>\n<p><span style=\"color: #000080;\"><a style=\"color: #000080;\" href=\"https:\/\/www.youtube.com\/watch?v=r2t3b3as1Ns\">https:\/\/www.youtube.com\/watch?v=r2t3b3as1Ns<\/a><\/span><\/p>\n<p><span style=\"color: #000080;\"><a style=\"color: #000080;\" href=\"https:\/\/www.youtube.com\/watch?v=S_sLq80qrqE\">https:\/\/www.youtube.com\/watch?v=S_sLq80qrqE<\/a><\/span><\/p>\nngg_shortcode_0_placeholder\n","protected":false},"excerpt":{"rendered":"<p>R\u00f3\u017cowa skrzyneczka to og\u00f3lnopolski program przeciwdzia\u0142aj\u0105cy tak zwanemu wykluczeniu menstruacyjnemu. Stowarzyszenie Aktywnych Animator\u00f3w Kultury we wsp\u00f3\u0142pracy z Fundacj\u0105 R\u00f3\u017cowa Skrzyneczka realizuj\u0105 inicjatyw\u0119 instalacji \u201eR\u00f3\u017cowych skrzyneczek\u201d w szko\u0142ach. Mi\u0142o mi poinformowa\u0107, \u017ce w naszej szkole w damskich toaletach zawis\u0142y r\u00f3\u017cowe skrzyneczki wype\u0142nione \u015brodkami higienicznymi dost\u0119pnymi nieodp\u0142atnie dla ka\u017cdej uczennicy. R\u00f3\u017cowa skrzyneczka \u2013 materia\u0142y &#8211; Podstawowe_informacje_o_Rozowej_skrzyneczce.pdf &#8211; [&hellip;]<\/p>\n","protected":false},"author":2,"featured_media":0,"parent":5983,"menu_order":0,"comment_status":"closed","ping_status":"closed","template":"","meta":{"ngg_post_thumbnail":0,"footnotes":""},"class_list":["post-18959","page","type-page","status-publish","hentry"],"_links":{"self":[{"href":"https:\/\/sp1hrubieszow.pl\/index.php\/wp-json\/wp\/v2\/pages\/18959","targetHints":{"allow":["GET"]}}],"collection":[{"href":"https:\/\/sp1hrubieszow.pl\/index.php\/wp-json\/wp\/v2\/pages"}],"about":[{"href":"https:\/\/sp1hrubieszow.pl\/index.php\/wp-json\/wp\/v2\/types\/page"}],"author":[{"embeddable":true,"href":"https:\/\/sp1hrubieszow.pl\/index.php\/wp-json\/wp\/v2\/users\/2"}],"replies":[{"embeddable":true,"href":"https:\/\/sp1hrubieszow.pl\/index.php\/wp-json\/wp\/v2\/comments?post=18959"}],"version-history":[{"count":1,"href":"https:\/\/sp1hrubieszow.pl\/index.php\/wp-json\/wp\/v2\/pages\/18959\/revisions"}],"predecessor-version":[{"id":18960,"href":"https:\/\/sp1hrubieszow.pl\/index.php\/wp-json\/wp\/v2\/pages\/18959\/revisions\/18960"}],"up":[{"embeddable":true,"href":"https:\/\/sp1hrubieszow.pl\/index.php\/wp-json\/wp\/v2\/pages\/5983"}],"wp:attachment":[{"href":"https:\/\/sp1hrubieszow.pl\/index.php\/wp-json\/wp\/v2\/media?parent=18959"}],"curies":[{"name":"wp","href":"https:\/\/api.w.org\/{rel}","templated":true}]}}