{"id":18668,"date":"2022-12-14T23:26:22","date_gmt":"2022-12-14T22:26:22","guid":{"rendered":"https:\/\/sp1hrubieszow.pl\/?page_id=18668"},"modified":"2022-12-14T23:26:48","modified_gmt":"2022-12-14T22:26:48","slug":"warsztaty-z-projektorem","status":"publish","type":"page","link":"https:\/\/sp1hrubieszow.pl\/index.php\/kronika-2020-2021\/warsztaty-z-projektorem\/","title":{"rendered":"WARSZTATY Z PROJEKTOREM"},"content":{"rendered":"\n<div class=\"x11i5rnm xat24cr x1mh8g0r x1vvkbs xtlvy1s x126k92a\">\n<div dir=\"auto\"><span style=\"color: #000080;\">PROJEKTOR jest programem Polsko-Ameryka\u0144skiej Fundacji Wolno\u015bci realizowanym przez Fundacj\u0119 Edukacyjn\u0105 Przedsi\u0119biorczo\u015bci.<\/span><\/div>\n<\/div>\n<div class=\"x11i5rnm xat24cr x1mh8g0r x1vvkbs xtlvy1s x126k92a\">\n<div dir=\"auto\"><span style=\"color: #000080;\">Podczas warsztat\u00f3w, kt\u00f3re odby\u0142y si\u0119 w listopadzie i grudniu, uczniowie klasy 5c rozwijali aktywno\u015b\u0107 obywatelsk\u0105 w trzech obszarach: ochrona planety, \u015bwiadomo\u015b\u0107 medialna i szcz\u0119\u015bcie osobiste. Zaj\u0119cia z Projektorem stworzy\u0142y uczniom przestrze\u0144 do rozwijania kompetencji komunikacji, krytycznego my\u015blenia, kreatywno\u015bci i wsp\u00f3\u0142pracy. Warsztaty pozwoli\u0142y do\u015bwiadczy\u0107 poczucia sprawczo\u015bci i pokaza\u0142y pole do dokonywania zmian w lokalnej spo\u0142eczno\u015bci.<\/span><\/div>\n<\/div>\n<div class=\"x11i5rnm xat24cr x1mh8g0r x1vvkbs xtlvy1s x126k92a\">\n<div dir=\"auto\"><span style=\"color: #000080;\">Potrzeba ca\u0142ej dru\u017cyny, by zainspirowa\u0107 i wzmocni\u0107 klas\u0119.<\/span><\/div>\n<div dir=\"auto\">\nngg_shortcode_0_placeholder\n<\/div>\n<\/div>\n","protected":false},"excerpt":{"rendered":"<p>PROJEKTOR jest programem Polsko-Ameryka\u0144skiej Fundacji Wolno\u015bci realizowanym przez Fundacj\u0119 Edukacyjn\u0105 Przedsi\u0119biorczo\u015bci. Podczas warsztat\u00f3w, kt\u00f3re odby\u0142y si\u0119 w listopadzie i grudniu, uczniowie klasy 5c rozwijali aktywno\u015b\u0107 obywatelsk\u0105 w trzech obszarach: ochrona planety, \u015bwiadomo\u015b\u0107 medialna i szcz\u0119\u015bcie osobiste. Zaj\u0119cia z Projektorem stworzy\u0142y uczniom przestrze\u0144 do rozwijania kompetencji komunikacji, krytycznego my\u015blenia, kreatywno\u015bci i wsp\u00f3\u0142pracy. Warsztaty pozwoli\u0142y do\u015bwiadczy\u0107 poczucia [&hellip;]<\/p>\n","protected":false},"author":2,"featured_media":0,"parent":5983,"menu_order":0,"comment_status":"closed","ping_status":"closed","template":"","meta":{"ngg_post_thumbnail":0,"footnotes":""},"class_list":["post-18668","page","type-page","status-publish","hentry"],"_links":{"self":[{"href":"https:\/\/sp1hrubieszow.pl\/index.php\/wp-json\/wp\/v2\/pages\/18668","targetHints":{"allow":["GET"]}}],"collection":[{"href":"https:\/\/sp1hrubieszow.pl\/index.php\/wp-json\/wp\/v2\/pages"}],"about":[{"href":"https:\/\/sp1hrubieszow.pl\/index.php\/wp-json\/wp\/v2\/types\/page"}],"author":[{"embeddable":true,"href":"https:\/\/sp1hrubieszow.pl\/index.php\/wp-json\/wp\/v2\/users\/2"}],"replies":[{"embeddable":true,"href":"https:\/\/sp1hrubieszow.pl\/index.php\/wp-json\/wp\/v2\/comments?post=18668"}],"version-history":[{"count":1,"href":"https:\/\/sp1hrubieszow.pl\/index.php\/wp-json\/wp\/v2\/pages\/18668\/revisions"}],"predecessor-version":[{"id":18669,"href":"https:\/\/sp1hrubieszow.pl\/index.php\/wp-json\/wp\/v2\/pages\/18668\/revisions\/18669"}],"up":[{"embeddable":true,"href":"https:\/\/sp1hrubieszow.pl\/index.php\/wp-json\/wp\/v2\/pages\/5983"}],"wp:attachment":[{"href":"https:\/\/sp1hrubieszow.pl\/index.php\/wp-json\/wp\/v2\/media?parent=18668"}],"curies":[{"name":"wp","href":"https:\/\/api.w.org\/{rel}","templated":true}]}}