{"id":1858,"date":"2019-09-13T19:28:19","date_gmt":"2019-09-13T17:28:19","guid":{"rendered":"http:\/\/sp1.hrubieszow.info\/?page_id=1858"},"modified":"2025-09-04T16:29:17","modified_gmt":"2025-09-04T14:29:17","slug":"pzo","status":"publish","type":"page","link":"https:\/\/sp1hrubieszow.pl\/index.php\/przykladowa-strona\/pzo\/","title":{"rendered":"PZO"},"content":{"rendered":"\n<p><span style=\"color: #800080;\"><strong><a style=\"color: #800080;\" href=\"http:\/\/sp1hrubieszow.pl\/wp-content\/uploads\/2024\/09\/edb-pzo.doc\">EDB<\/a><\/strong><\/span><\/p>\n<p><span style=\"background-color: #ffffff; color: #800080;\"><strong><a style=\"background-color: #ffffff; color: #800080;\" href=\"http:\/\/sp1hrubieszow.pl\/wp-content\/uploads\/2024\/09\/PRZEDMIOTOWE-ZASADY-OCENIANIA-HISTORIA-1.docx\">HISTORIA<\/a><\/strong><\/span><\/p>\n<p><span style=\"color: #800080;\"><strong><a style=\"color: #800080;\" href=\"http:\/\/sp1hrubieszow.pl\/wp-content\/uploads\/2024\/09\/PRZEDMIOTOWE-ZASADY-OCENIANIA-JEZYK-POLSKI.docx\">J\u0118ZYK POLSKI<\/a><\/strong><\/span><\/p>\n<p><span style=\"color: #800080;\"><strong> <a style=\"color: #800080;\" href=\"http:\/\/sp1hrubieszow.pl\/wp-content\/uploads\/2024\/09\/PZO-matematyka-pop-1.docx\">MATEMATYKA<\/a><\/strong><\/span><\/p>\n<p><span style=\"color: #800080;\"><strong><a style=\"color: #800080;\" href=\"http:\/\/sp1hrubieszow.pl\/wp-content\/uploads\/2024\/09\/PZO-z-informatyki-pop-2.odt\">INFORMATYKA<\/a><\/strong><\/span><\/p>\n<p><span style=\"color: #800080;\"><strong><a style=\"color: #800080;\" href=\"http:\/\/sp1hrubieszow.pl\/wp-content\/uploads\/2024\/09\/PZO-fizyka-1.odt\">FIZYKA<\/a><\/strong><\/span><\/p>\n<p><span style=\"color: #800080;\"><strong><a style=\"color: #800080;\" href=\"http:\/\/sp1hrubieszow.pl\/wp-content\/uploads\/2024\/09\/PZO_chemia.docx\">CHEMIA<\/a><\/strong><\/span><\/p>\n<p><span style=\"color: #800080;\"><strong><a style=\"color: #800080;\" href=\"http:\/\/sp1hrubieszow.pl\/wp-content\/uploads\/2024\/09\/PZO-Przyroda-2024-25.docx\">PRZYRODA<\/a><\/strong><\/span><\/p>\n<p><span style=\"color: #800080;\"><strong><a style=\"color: #800080;\" href=\"http:\/\/sp1hrubieszow.pl\/wp-content\/uploads\/2024\/09\/PRZEDMIOTOWE-ZASADY-OCENIANIA.doc\">WYCHOWANIE FIZYCZNE<\/a><\/strong><\/span><\/p>\n<p><span style=\"color: #800080;\"><strong><a style=\"color: #800080;\" href=\"http:\/\/sp1hrubieszow.pl\/wp-content\/uploads\/2024\/09\/Przedmiotowy-System-Oceniania-z-wiedzy-o-spoleczenstwie.docx\">WOS<\/a><\/strong><\/span><\/p>\n<p><span style=\"color: #800080;\"><strong><a style=\"color: #800080;\" href=\"http:\/\/sp1hrubieszow.pl\/wp-content\/uploads\/2023\/10\/PZO-edukacja-wczesnoszkolna.doc\">EDUKACJA WCZESNOSZKOLNA<\/a><\/strong><\/span><\/p>\n<p><span style=\"color: #800080;\"><strong><a style=\"color: #800080;\" href=\"https:\/\/sp1hrubieszow.pl\/wp-content\/uploads\/2025\/09\/PZO-jezyk-angielski-i-rosyjski-1.doc\">PZO j\u0119zyk angielski i rosyjski (1)<\/a><\/strong><\/span><\/p>\n<p><span style=\"color: #800080;\"><strong><a style=\"color: #800080;\" href=\"http:\/\/sp1hrubieszow.pl\/wp-content\/uploads\/2024\/09\/Ocenianie-j.-ang-1-3.doc\">J\u0118ZYK ANGIELSKI 1-3<\/a><\/strong><\/span><\/p>\n<p><span style=\"color: #800080;\"><strong><a style=\"color: #800080;\" href=\"http:\/\/sp1hrubieszow.pl\/wp-content\/uploads\/2024\/09\/PZO-Z-GEOGRAFII-wersja-2024-25.docx\">GEOGRAFIA<\/a><\/strong><\/span><\/p>\n<p><span style=\"color: #000080;\"><strong><a style=\"color: #000080;\" href=\"http:\/\/sp1hrubieszow.pl\/wp-content\/uploads\/2023\/10\/PZO-z-geografii-2023-24.docx\">GEOGRAFIA<\/a><\/strong><\/span><\/p>\n<p><span style=\"color: #800080;\"><strong><a style=\"color: #800080;\" href=\"http:\/\/sp1hrubieszow.pl\/wp-content\/uploads\/2024\/09\/PZO-z-techniki-wersja-2024-25-1.doc\">TECHNIKA<\/a><\/strong><\/span><\/p>\n<p><span style=\"color: #800080;\"><strong><a style=\"color: #800080;\" href=\"http:\/\/sp1hrubieszow.pl\/wp-content\/uploads\/2024\/09\/PZO-Biologia-2024-2025.docx\">BIOLOGIA<\/a><\/strong><\/span><\/p>\n<p><span style=\"color: #800080;\"><strong><a style=\"color: #800080;\" href=\"http:\/\/sp1hrubieszow.pl\/wp-content\/uploads\/2024\/09\/plastyka-PZO-24-25.odt\">PLASTYKA<\/a><\/strong><\/span><\/p>\n<p><span style=\"color: #000080;\"><strong><a style=\"color: #000080;\" href=\"http:\/\/sp1hrubieszow.pl\/wp-content\/uploads\/2019\/09\/pzo-muzyka.pdf\">MUZYKA<\/a><\/strong><\/span><\/p>\n","protected":false},"excerpt":{"rendered":"<p>EDB HISTORIA J\u0118ZYK POLSKI MATEMATYKA INFORMATYKA FIZYKA CHEMIA PRZYRODA WYCHOWANIE FIZYCZNE WOS EDUKACJA WCZESNOSZKOLNA PZO j\u0119zyk angielski i rosyjski (1) J\u0118ZYK ANGIELSKI 1-3 GEOGRAFIA GEOGRAFIA TECHNIKA BIOLOGIA PLASTYKA MUZYKA<\/p>\n","protected":false},"author":2,"featured_media":0,"parent":2,"menu_order":0,"comment_status":"closed","ping_status":"closed","template":"","meta":{"ngg_post_thumbnail":0,"footnotes":""},"class_list":["post-1858","page","type-page","status-publish","hentry"],"_links":{"self":[{"href":"https:\/\/sp1hrubieszow.pl\/index.php\/wp-json\/wp\/v2\/pages\/1858","targetHints":{"allow":["GET"]}}],"collection":[{"href":"https:\/\/sp1hrubieszow.pl\/index.php\/wp-json\/wp\/v2\/pages"}],"about":[{"href":"https:\/\/sp1hrubieszow.pl\/index.php\/wp-json\/wp\/v2\/types\/page"}],"author":[{"embeddable":true,"href":"https:\/\/sp1hrubieszow.pl\/index.php\/wp-json\/wp\/v2\/users\/2"}],"replies":[{"embeddable":true,"href":"https:\/\/sp1hrubieszow.pl\/index.php\/wp-json\/wp\/v2\/comments?post=1858"}],"version-history":[{"count":36,"href":"https:\/\/sp1hrubieszow.pl\/index.php\/wp-json\/wp\/v2\/pages\/1858\/revisions"}],"predecessor-version":[{"id":28861,"href":"https:\/\/sp1hrubieszow.pl\/index.php\/wp-json\/wp\/v2\/pages\/1858\/revisions\/28861"}],"up":[{"embeddable":true,"href":"https:\/\/sp1hrubieszow.pl\/index.php\/wp-json\/wp\/v2\/pages\/2"}],"wp:attachment":[{"href":"https:\/\/sp1hrubieszow.pl\/index.php\/wp-json\/wp\/v2\/media?parent=1858"}],"curies":[{"name":"wp","href":"https:\/\/api.w.org\/{rel}","templated":true}]}}