{"id":18543,"date":"2022-12-12T22:38:57","date_gmt":"2022-12-12T21:38:57","guid":{"rendered":"https:\/\/sp1hrubieszow.pl\/?page_id=18543"},"modified":"2022-12-12T22:39:27","modified_gmt":"2022-12-12T21:39:27","slug":"zajecia-profilaktyczne-w-klasie-2a","status":"publish","type":"page","link":"https:\/\/sp1hrubieszow.pl\/index.php\/kronika-2020-2021\/zajecia-profilaktyczne-w-klasie-2a\/","title":{"rendered":"Zaj\u0119cia profilaktyczne w klasie 2a"},"content":{"rendered":"\n\n\n<p><span style=\"color: #000080;\">01.12.22r. bohater cyklu zaj\u0119\u0107 profilaktycznych, Leon, uczy\u0142 uczni\u00f3w klasy 2a jak rozpoznawa\u0107 uczucia innych oraz radzi\u0107 sobie z w\u0142asnymi trudnymi emocjami. Dzi\u0119kujemy paniom Anecie Dyl Tarnawskiej oraz Marii Malickiej, pracownicom PPP za cenne wskaz\u00f3wki i atrakcyjne warsztaty.<\/span><\/p>\nngg_shortcode_0_placeholder\n","protected":false},"excerpt":{"rendered":"<p>01.12.22r. bohater cyklu zaj\u0119\u0107 profilaktycznych, Leon, uczy\u0142 uczni\u00f3w klasy 2a jak rozpoznawa\u0107 uczucia innych oraz radzi\u0107 sobie z w\u0142asnymi trudnymi emocjami. Dzi\u0119kujemy paniom Anecie Dyl Tarnawskiej oraz Marii Malickiej, pracownicom PPP za cenne wskaz\u00f3wki i atrakcyjne warsztaty.<\/p>\n","protected":false},"author":2,"featured_media":0,"parent":5983,"menu_order":0,"comment_status":"closed","ping_status":"closed","template":"","meta":{"ngg_post_thumbnail":0,"footnotes":""},"class_list":["post-18543","page","type-page","status-publish","hentry"],"_links":{"self":[{"href":"https:\/\/sp1hrubieszow.pl\/index.php\/wp-json\/wp\/v2\/pages\/18543","targetHints":{"allow":["GET"]}}],"collection":[{"href":"https:\/\/sp1hrubieszow.pl\/index.php\/wp-json\/wp\/v2\/pages"}],"about":[{"href":"https:\/\/sp1hrubieszow.pl\/index.php\/wp-json\/wp\/v2\/types\/page"}],"author":[{"embeddable":true,"href":"https:\/\/sp1hrubieszow.pl\/index.php\/wp-json\/wp\/v2\/users\/2"}],"replies":[{"embeddable":true,"href":"https:\/\/sp1hrubieszow.pl\/index.php\/wp-json\/wp\/v2\/comments?post=18543"}],"version-history":[{"count":1,"href":"https:\/\/sp1hrubieszow.pl\/index.php\/wp-json\/wp\/v2\/pages\/18543\/revisions"}],"predecessor-version":[{"id":18544,"href":"https:\/\/sp1hrubieszow.pl\/index.php\/wp-json\/wp\/v2\/pages\/18543\/revisions\/18544"}],"up":[{"embeddable":true,"href":"https:\/\/sp1hrubieszow.pl\/index.php\/wp-json\/wp\/v2\/pages\/5983"}],"wp:attachment":[{"href":"https:\/\/sp1hrubieszow.pl\/index.php\/wp-json\/wp\/v2\/media?parent=18543"}],"curies":[{"name":"wp","href":"https:\/\/api.w.org\/{rel}","templated":true}]}}