{"id":17827,"date":"2022-11-08T19:27:02","date_gmt":"2022-11-08T18:27:02","guid":{"rendered":"https:\/\/sp1hrubieszow.pl\/?page_id=17827"},"modified":"2022-11-08T19:27:14","modified_gmt":"2022-11-08T18:27:14","slug":"czwarte-miejsce-chlopcow-podczas-mistrzostw-wojewodztwa-w-sztafetowych-biegach-przelajowych","status":"publish","type":"page","link":"https:\/\/sp1hrubieszow.pl\/index.php\/kronika-2020-2021\/czwarte-miejsce-chlopcow-podczas-mistrzostw-wojewodztwa-w-sztafetowych-biegach-przelajowych\/","title":{"rendered":"Czwarte miejsce ch\u0142opc\u00f3w, podczas Mistrzostw Wojew\u00f3dztwa w Sztafetowych Biegach Prze\u0142ajowych"},"content":{"rendered":"\n<div dir=\"auto\"><span style=\"color: #000080;\">W Tomaszowie Lubelskim odby\u0142y si\u0119 Mistrzostwa Wojew\u00f3dztwa w Sztafetowych Biegach Prze\u0142ajowych. Na bardzo wymagaj\u0105cej trasie nasi uczniowie spisali si\u0119 bardzo dobrze,do podium zabrak\u0142o naprawd\u0119 niewiele.<\/span><\/div>\n<div dir=\"auto\"><span style=\"color: #000080;\">Ch\u0142opcy wyst\u0105pili w sk\u0142adzie: Kajetan Szewc, Wojciech Malinowski, Miko\u0142aj Gardzio\u0142a, Dominik Dubienko, Robert Kraj, Karol Krajewski oraz rezerwowy Tomasz Rerak. Opiekunem podczas zawod\u00f3w by\u0142 Tomasz Magdziak<\/span><\/div>\n<div dir=\"auto\"><span style=\"color: #000080;\">Gratulujemy<\/span> <span class=\"x3nfvp2 x1j61x8r x1fcty0u xdj266r xhhsvwb xat24cr xgzva0m xxymvpz xlup9mm x1kky2od\"><img loading=\"lazy\" decoding=\"async\" src=\"https:\/\/static.xx.fbcdn.net\/images\/emoji.php\/v9\/tfe\/1\/16\/1f44f.png\" alt=\"?\" width=\"16\" height=\"16\"><\/span><\/div>\n<div dir=\"auto\">\nngg_shortcode_0_placeholder\n<\/div>\n","protected":false},"excerpt":{"rendered":"<p>W Tomaszowie Lubelskim odby\u0142y si\u0119 Mistrzostwa Wojew\u00f3dztwa w Sztafetowych Biegach Prze\u0142ajowych. Na bardzo wymagaj\u0105cej trasie nasi uczniowie spisali si\u0119 bardzo dobrze,do podium zabrak\u0142o naprawd\u0119 niewiele. Ch\u0142opcy wyst\u0105pili w sk\u0142adzie: Kajetan Szewc, Wojciech Malinowski, Miko\u0142aj Gardzio\u0142a, Dominik Dubienko, Robert Kraj, Karol Krajewski oraz rezerwowy Tomasz Rerak. Opiekunem podczas zawod\u00f3w by\u0142 Tomasz Magdziak Gratulujemy<\/p>\n","protected":false},"author":2,"featured_media":0,"parent":5983,"menu_order":0,"comment_status":"closed","ping_status":"closed","template":"","meta":{"ngg_post_thumbnail":0,"footnotes":""},"class_list":["post-17827","page","type-page","status-publish","hentry"],"_links":{"self":[{"href":"https:\/\/sp1hrubieszow.pl\/index.php\/wp-json\/wp\/v2\/pages\/17827","targetHints":{"allow":["GET"]}}],"collection":[{"href":"https:\/\/sp1hrubieszow.pl\/index.php\/wp-json\/wp\/v2\/pages"}],"about":[{"href":"https:\/\/sp1hrubieszow.pl\/index.php\/wp-json\/wp\/v2\/types\/page"}],"author":[{"embeddable":true,"href":"https:\/\/sp1hrubieszow.pl\/index.php\/wp-json\/wp\/v2\/users\/2"}],"replies":[{"embeddable":true,"href":"https:\/\/sp1hrubieszow.pl\/index.php\/wp-json\/wp\/v2\/comments?post=17827"}],"version-history":[{"count":1,"href":"https:\/\/sp1hrubieszow.pl\/index.php\/wp-json\/wp\/v2\/pages\/17827\/revisions"}],"predecessor-version":[{"id":17828,"href":"https:\/\/sp1hrubieszow.pl\/index.php\/wp-json\/wp\/v2\/pages\/17827\/revisions\/17828"}],"up":[{"embeddable":true,"href":"https:\/\/sp1hrubieszow.pl\/index.php\/wp-json\/wp\/v2\/pages\/5983"}],"wp:attachment":[{"href":"https:\/\/sp1hrubieszow.pl\/index.php\/wp-json\/wp\/v2\/media?parent=17827"}],"curies":[{"name":"wp","href":"https:\/\/api.w.org\/{rel}","templated":true}]}}