{"id":17817,"date":"2022-11-08T19:18:38","date_gmt":"2022-11-08T18:18:38","guid":{"rendered":"https:\/\/sp1hrubieszow.pl\/?page_id=17817"},"modified":"2022-11-08T19:19:43","modified_gmt":"2022-11-08T18:19:43","slug":"europejski-tydzien-swiadomosci-dysleksji-przelamujemy-bariery","status":"publish","type":"page","link":"https:\/\/sp1hrubieszow.pl\/index.php\/kronika-2020-2021\/europejski-tydzien-swiadomosci-dysleksji-przelamujemy-bariery\/","title":{"rendered":"Europejski Tydzie\u0144 \u015awiadomo\u015bci Dysleksji \u201ePrze\u0142amujemy bariery\u201d"},"content":{"rendered":"\n<div class=\"x11i5rnm xat24cr x1mh8g0r x1vvkbs xtlvy1s x126k92a\">\n<div dir=\"auto\"><span style=\"color: #000080;\">W pa\u017adzierniku w Szkole Podstawowej Nr 1 im. Boles\u0142awa Prusa w Hrubieszowie zorganizowano obchody Europejskiego Tygodnia \u015awiadomo\u015bci Dysleksji. W ramach tegorocznych obchod\u00f3w, w dniach 04-05.10.2022r. odby\u0142a si\u0119 akcja czytelnicza \u201ePoczytajki Bratka\u201d, w kt\u00f3rej wzi\u0119li udzia\u0142 wszyscy uczniowie z klas I-III. Akcja zosta\u0142a przeprowadzona przez Szkolny Klub Ortograffiti oraz Dyskusyjny Dzieci\u0119cy Klub Ksi\u0105\u017cki \u201eLekturynki\u201d; wolontariuszami czytaj\u0105cymi bajki Bratka byli uczniowie z kl. 2a, przygotowani przez pani\u0105 Ma\u0142gorzat\u0119 Serafin oraz cz\u0142onkowie Klubu Ortograffiti.<\/span><\/div>\n<div dir=\"auto\"><span style=\"color: #000080;\">Na korytarzach pojawi\u0142y si\u0119 gazetki i inspiruj\u0105ce instalacje, propaguj\u0105ce wiedz\u0119 na temat dysleksji i odmienno\u015bci w zakresie przyswajania wiedzy przez r\u00f3\u017cnych uczni\u00f3w, w tym uczni\u00f3w z dysleksj\u0105. W my\u015bl tegorocznego has\u0142a \u201ePrze\u0142amujemy bariery\u201d, uwra\u017cliwiano uczni\u00f3w na wykazanie postawy zrozumienia wobec os\u00f3b z dysleksj\u0105. Zorganizowano konsultacje z pedagogiem-terapeut\u0105 dla rodzic\u00f3w oraz przes\u0142ano im materia\u0142y edukacyjne, dotycz\u0105ce specyficznych trudno\u015bci w uczeniu si\u0119. W bibliotece szkolnej odby\u0142o si\u0119 spotkanie szkoleniowe dla nauczycieli pt. \u201eO dysleksji przy kawie\u201d, prowadzone przez pedagoga-terapeut\u0119 Mart\u0119 Kuczy\u0144sk\u0105, sprzyjaj\u0105ce wymianie nauczycielskich do\u015bwiadcze\u0144 w zakresie pracy z uczniami ryzyka dysleksji<\/span><\/div>\n<div dir=\"auto\"><span style=\"color: #000080;\">i z dysleksj\u0105 rozwojow\u0105 na lekcjach oraz podczas zaj\u0119\u0107 terapeutycznych. Na p\u00f3\u0142kach bibliotecznych wyeksponowano ksi\u0105\u017cki, u\u0142atwiaj\u0105ce nauk\u0119 czytania i pisania. Podczas wybranych lekcji j\u0119zyka polskiego oraz zaj\u0119\u0107 z zakresu pomocy psychologiczno-pedagogicznej odbywa\u0142y si\u0119 gry i zabawy ortograficzne. Uczniowie pani Marty Lackowskiej rysowali piktogramy ortograficzne, pisali dyktanda z lukami oraz otrzymali sklernotki ortograficzne.<\/span><\/div>\n<div dir=\"auto\"><span style=\"color: #000080;\">Jak co roku, uczni\u00f3w zaproszono do udzia\u0142u w konkursach utrwalaj\u0105cych zasady ortograficzne i pi\u0119kne pisanie.<\/span><\/div>\n<div dir=\"auto\"><span style=\"color: #000080;\">Klasy I-III wzi\u0119\u0142y udzia\u0142 w Konkursie Kaligraficznym, za\u015b uczni\u00f3w klas I-VIII zaproszono do udzia\u0142u w konkursie plastyczno-literackim pt. \u201eOrtografia w przyrodzie\u201d.<\/span><\/div>\n<div dir=\"auto\"><span style=\"color: #000080;\">Poni\u017cej przedstawiamy laureat\u00f3w konkurs\u00f3w szkolnych:<\/span><\/div>\n<div dir=\"auto\"><span style=\"color: #000080;\">Konkurs Kaligraficzny dla uczni\u00f3w klas I-III:<\/span><\/div>\n<div dir=\"auto\"><span style=\"color: #000080;\">Laureat klasy Ia: Zuzanna Kuras<\/span><\/div>\n<div dir=\"auto\"><span style=\"color: #000080;\">Laureat klasy Ib: Zofia Kisielewicz<\/span><\/div>\n<div dir=\"auto\"><span style=\"color: #000080;\">Laureat klasy IIa: Franciszek Kogut<\/span><\/div>\n<div dir=\"auto\"><span style=\"color: #000080;\">Laureat klasy IIb: Eliza Su\u0142ek<\/span><\/div>\n<div dir=\"auto\"><span style=\"color: #000080;\">Laureat klasy IIc: Maja Bury\u015b<\/span><\/div>\n<div dir=\"auto\"><span style=\"color: #000080;\">Laureat klasy IIIa: Iga Rutkowska<\/span><\/div>\n<div dir=\"auto\"><span style=\"color: #000080;\">Laureat klasy IIIb: Maja Szostak<\/span><\/div>\n<div dir=\"auto\"><span style=\"color: #000080;\">Konkurs plastyczno-literacki \u201eOrtografia w przyrodzie\u201d<\/span><\/div>\n<div dir=\"auto\"><span style=\"color: #000080;\">klasy I-III<\/span><\/div>\n<div dir=\"auto\"><span style=\"color: #000080;\">I miejsce: Franciszek Socha, kl. IIa<\/span><\/div>\n<div dir=\"auto\"><span style=\"color: #000080;\">II miejsce: Nina Lewandowska, kl. IIb<\/span><\/div>\n<div dir=\"auto\"><span style=\"color: #000080;\">III miejsce: Urszula Nowak, kl. IIIb<\/span><\/div>\n<div dir=\"auto\"><span style=\"color: #000080;\">Wyr\u00f3\u017cnienia:<\/span><\/div>\n<div dir=\"auto\"><span style=\"color: #000080;\">1.Julian Korkosz, kl. IIa<\/span><\/div>\n<div dir=\"auto\"><span style=\"color: #000080;\">2.Agata Rojek, kl. IIa<\/span><\/div>\n<div dir=\"auto\"><span style=\"color: #000080;\">3.Maja Nocek, kl. Ib<\/span><\/div>\n<div dir=\"auto\"><span style=\"color: #000080;\">4.Martyna Pomianowska, kl. Ib<\/span><\/div>\n<div dir=\"auto\"><span style=\"color: #000080;\">5.Laura Kusiak, kl. Ib<\/span><\/div>\n<div dir=\"auto\"><span style=\"color: #000080;\">6.Ada Kowalczuk, kl. IIIb<\/span><\/div>\n<div dir=\"auto\"><span style=\"color: #000080;\">7.Julia Michalczewska, kl. IIb<\/span><\/div>\n<div dir=\"auto\"><span style=\"color: #000080;\">8.Wiktoria Kawka, kl. Ib<\/span><\/div>\n<div dir=\"auto\"><span style=\"color: #000080;\">9.Zuzanna Korneluk, kl. IIa<\/span><\/div>\n<div dir=\"auto\"><span style=\"color: #000080;\">10.Mi\u0142osz Raczy\u0144ski, kl. IIb<\/span><\/div>\n<div dir=\"auto\"><span style=\"color: #000080;\">Klasy IV-VIII<\/span><\/div>\n<div dir=\"auto\"><span style=\"color: #000080;\">I miejsce: Nikola Dorosz, kl. VIc<\/span><\/div>\n<div dir=\"auto\"><span style=\"color: #000080;\">II miejsce: Maja Klimkowska, kl. Va<\/span><\/div>\n<div dir=\"auto\"><span style=\"color: #000080;\">III miejsce Nikola Pietryna, kl. VIb<\/span><\/div>\n<div dir=\"auto\"><span style=\"color: #000080;\">Wyr\u00f3\u017cnienia:<\/span><\/div>\n<div dir=\"auto\"><span style=\"color: #000080;\">1.Magdalena Baran, kl. Vc<\/span><\/div>\n<div dir=\"auto\"><span style=\"color: #000080;\">2.Maja Zapora, kl. VIIa<\/span><\/div>\n<div dir=\"auto\"><span style=\"color: #000080;\">3.Martyna Balcer, kl. Vb<\/span><\/div>\n<div dir=\"auto\"><span style=\"color: #000080;\">4.Krystian Szymczuk, kl. Vc<\/span><\/div>\n<div dir=\"auto\"><span style=\"color: #000080;\">5.Karolina Danilczuk, kl. Va<\/span><\/div>\n<div dir=\"auto\"><span style=\"color: #000080;\">6.Ewa Kudyk, kl. VIc<\/span><\/div>\n<div dir=\"auto\"><span style=\"color: #000080;\">7. Agata Szyma\u0144ska, kl. VIb<\/span><\/div>\n<div dir=\"auto\"><span style=\"color: #000080;\">8.Wiktoria Korzeniowska, kl. VIIIc<\/span><\/div>\n<div dir=\"auto\"><span style=\"color: #000080;\">9. Maja Kostecka, kl. VIIIc<\/span><\/div>\n<div dir=\"auto\"><span style=\"color: #000080;\">10. Martyna Jasic, kl. IVa<\/span><\/div>\n<div dir=\"auto\"><span style=\"color: #000080;\">11. Lena Ni\u017anikowska, kl. IVc<\/span><\/div>\n<div dir=\"auto\">&nbsp;<\/div>\n<\/div>\n<div class=\"x11i5rnm xat24cr x1mh8g0r x1vvkbs xtlvy1s x126k92a\">\n<div dir=\"auto\"><span style=\"color: #000080;\">Dzi\u0119kujemy wszystkim uczniom, rodzicom i nauczycielom, kt\u00f3rzy wzi\u0119li udzia\u0142 w tegorocznych obchodach \u201eEuropejskiego Tygodnia \u015awiadomo\u015bci Dysleksji\u201d.<\/span><\/div>\n<div dir=\"auto\">\nngg_shortcode_0_placeholder\n<\/div>\n<\/div>\n","protected":false},"excerpt":{"rendered":"<p>W pa\u017adzierniku w Szkole Podstawowej Nr 1 im. Boles\u0142awa Prusa w Hrubieszowie zorganizowano obchody Europejskiego Tygodnia \u015awiadomo\u015bci Dysleksji. W ramach tegorocznych obchod\u00f3w, w dniach 04-05.10.2022r. odby\u0142a si\u0119 akcja czytelnicza \u201ePoczytajki Bratka\u201d, w kt\u00f3rej wzi\u0119li udzia\u0142 wszyscy uczniowie z klas I-III. Akcja zosta\u0142a przeprowadzona przez Szkolny Klub Ortograffiti oraz Dyskusyjny Dzieci\u0119cy Klub Ksi\u0105\u017cki \u201eLekturynki\u201d; wolontariuszami czytaj\u0105cymi [&hellip;]<\/p>\n","protected":false},"author":2,"featured_media":0,"parent":5983,"menu_order":0,"comment_status":"closed","ping_status":"closed","template":"","meta":{"ngg_post_thumbnail":0,"footnotes":""},"class_list":["post-17817","page","type-page","status-publish","hentry"],"_links":{"self":[{"href":"https:\/\/sp1hrubieszow.pl\/index.php\/wp-json\/wp\/v2\/pages\/17817","targetHints":{"allow":["GET"]}}],"collection":[{"href":"https:\/\/sp1hrubieszow.pl\/index.php\/wp-json\/wp\/v2\/pages"}],"about":[{"href":"https:\/\/sp1hrubieszow.pl\/index.php\/wp-json\/wp\/v2\/types\/page"}],"author":[{"embeddable":true,"href":"https:\/\/sp1hrubieszow.pl\/index.php\/wp-json\/wp\/v2\/users\/2"}],"replies":[{"embeddable":true,"href":"https:\/\/sp1hrubieszow.pl\/index.php\/wp-json\/wp\/v2\/comments?post=17817"}],"version-history":[{"count":2,"href":"https:\/\/sp1hrubieszow.pl\/index.php\/wp-json\/wp\/v2\/pages\/17817\/revisions"}],"predecessor-version":[{"id":17819,"href":"https:\/\/sp1hrubieszow.pl\/index.php\/wp-json\/wp\/v2\/pages\/17817\/revisions\/17819"}],"up":[{"embeddable":true,"href":"https:\/\/sp1hrubieszow.pl\/index.php\/wp-json\/wp\/v2\/pages\/5983"}],"wp:attachment":[{"href":"https:\/\/sp1hrubieszow.pl\/index.php\/wp-json\/wp\/v2\/media?parent=17817"}],"curies":[{"name":"wp","href":"https:\/\/api.w.org\/{rel}","templated":true}]}}