{"id":17369,"date":"2022-10-09T21:28:34","date_gmt":"2022-10-09T19:28:34","guid":{"rendered":"https:\/\/sp1hrubieszow.pl\/?page_id=17369"},"modified":"2022-10-09T21:29:07","modified_gmt":"2022-10-09T19:29:07","slug":"wyjazd-na-mecz-pilki-recznej","status":"publish","type":"page","link":"https:\/\/sp1hrubieszow.pl\/index.php\/kronika-2020-2021\/wyjazd-na-mecz-pilki-recznej\/","title":{"rendered":"Wyjazd na mecz pi\u0142ki r\u0119cznej"},"content":{"rendered":"\n<div dir=\"auto\"><span style=\"color: #000080;\">Dzi\u0119ki zaproszeniu naszego by\u0142ego ucznia Rados\u0142awa Kozaczuka, kt\u00f3ry aktualnie pe\u0142ni rol\u0119 kierownika dru\u017cyny z Lublina, uczniowie naszej szko\u0142y mieli okazj\u0119 zobaczy\u0107 na \u017cywo mecz pi\u0142ki r\u0119cznej Ligi Europy, pomi\u0119dzy MKS FunFloor- Siofok KC (W\u0119gry).<\/span><\/div>\n<div dir=\"auto\">&nbsp;<\/div>\n<div dir=\"auto\"><span style=\"color: #000080;\">Po emocjonuj\u0105cym meczu mieli\u015bmy okazj\u0119 spotka\u0107 si\u0119 z zawodniczkami MKS-u. Podczas spotkania mo\u017cna by\u0142o zdoby\u0107 autograf oraz zrobi\u0107 pami\u0105tkowe zdj\u0119cie.<\/span><\/div>\n<div dir=\"auto\">&nbsp;<\/div>\n<div dir=\"auto\">\nngg_shortcode_0_placeholder\n<\/div>\n","protected":false},"excerpt":{"rendered":"<p>Dzi\u0119ki zaproszeniu naszego by\u0142ego ucznia Rados\u0142awa Kozaczuka, kt\u00f3ry aktualnie pe\u0142ni rol\u0119 kierownika dru\u017cyny z Lublina, uczniowie naszej szko\u0142y mieli okazj\u0119 zobaczy\u0107 na \u017cywo mecz pi\u0142ki r\u0119cznej Ligi Europy, pomi\u0119dzy MKS FunFloor- Siofok KC (W\u0119gry). &nbsp; Po emocjonuj\u0105cym meczu mieli\u015bmy okazj\u0119 spotka\u0107 si\u0119 z zawodniczkami MKS-u. Podczas spotkania mo\u017cna by\u0142o zdoby\u0107 autograf oraz zrobi\u0107 pami\u0105tkowe zdj\u0119cie. [&hellip;]<\/p>\n","protected":false},"author":2,"featured_media":0,"parent":5983,"menu_order":0,"comment_status":"closed","ping_status":"closed","template":"","meta":{"ngg_post_thumbnail":0,"footnotes":""},"class_list":["post-17369","page","type-page","status-publish","hentry"],"_links":{"self":[{"href":"https:\/\/sp1hrubieszow.pl\/index.php\/wp-json\/wp\/v2\/pages\/17369","targetHints":{"allow":["GET"]}}],"collection":[{"href":"https:\/\/sp1hrubieszow.pl\/index.php\/wp-json\/wp\/v2\/pages"}],"about":[{"href":"https:\/\/sp1hrubieszow.pl\/index.php\/wp-json\/wp\/v2\/types\/page"}],"author":[{"embeddable":true,"href":"https:\/\/sp1hrubieszow.pl\/index.php\/wp-json\/wp\/v2\/users\/2"}],"replies":[{"embeddable":true,"href":"https:\/\/sp1hrubieszow.pl\/index.php\/wp-json\/wp\/v2\/comments?post=17369"}],"version-history":[{"count":1,"href":"https:\/\/sp1hrubieszow.pl\/index.php\/wp-json\/wp\/v2\/pages\/17369\/revisions"}],"predecessor-version":[{"id":17370,"href":"https:\/\/sp1hrubieszow.pl\/index.php\/wp-json\/wp\/v2\/pages\/17369\/revisions\/17370"}],"up":[{"embeddable":true,"href":"https:\/\/sp1hrubieszow.pl\/index.php\/wp-json\/wp\/v2\/pages\/5983"}],"wp:attachment":[{"href":"https:\/\/sp1hrubieszow.pl\/index.php\/wp-json\/wp\/v2\/media?parent=17369"}],"curies":[{"name":"wp","href":"https:\/\/api.w.org\/{rel}","templated":true}]}}