{"id":17337,"date":"2022-10-03T14:10:21","date_gmt":"2022-10-03T12:10:21","guid":{"rendered":"https:\/\/sp1hrubieszow.pl\/?page_id=17337"},"modified":"2022-10-03T14:10:58","modified_gmt":"2022-10-03T12:10:58","slug":"zegnamy-sp-emilie-szczur","status":"publish","type":"page","link":"https:\/\/sp1hrubieszow.pl\/index.php\/kronika-2020-2021\/zegnamy-sp-emilie-szczur\/","title":{"rendered":"\u017begnamy \u015bp. Emili\u0119 Szczur"},"content":{"rendered":"\n<div class=\"m8h3af8h l7ghb35v kjdc1dyq kmwttqpk gh25dzvf n3t5jt4f\">\n<div dir=\"auto\"><img loading=\"lazy\" decoding=\"async\" class=\"alignnone size-medium wp-image-17336\" src=\"https:\/\/sp1hrubieszow.pl\/wp-content\/uploads\/2022\/10\/Rroza-300x200.jpg\" alt=\"\" width=\"300\" height=\"200\"><\/div>\n<div dir=\"auto\" style=\"text-align: right;\">&#8222;Nie \u017cyjemy, aby umiera\u0107; ale umieramy, aby \u017cy\u0107 wiecznie.&#8221;<\/div>\n<div dir=\"auto\" style=\"text-align: right;\">Michael Buchberger<\/div>\n<div dir=\"auto\">&nbsp;<\/div>\n<\/div>\n<div class=\"l7ghb35v kjdc1dyq kmwttqpk gh25dzvf jikcssrz n3t5jt4f\">\n<div dir=\"auto\">Z ogromnym smutkiem i \u017calem dowiedzieli\u015bmy si\u0119 o odej\u015bciu naszej kole\u017canki Emilii Szczur &#8211; d\u0142ugoletniej nauczycielki Szko\u0142y Podstawowej Nr 1 w Hrubieszowie.<\/div>\n<\/div>\n<div class=\"l7ghb35v kjdc1dyq kmwttqpk gh25dzvf jikcssrz n3t5jt4f\">\n<div dir=\"auto\">Rodzinie, przyjacio\u0142om i znajomym sk\u0142adamy wyrazy wsp\u00f3\u0142czucia.<\/div>\n<div dir=\"auto\">&nbsp;<\/div>\n<\/div>\n<div class=\"l7ghb35v kjdc1dyq kmwttqpk gh25dzvf jikcssrz n3t5jt4f\">\n<div dir=\"auto\">Informujemy, \u017ce pogrzeb \u015bp. Emilii Szczur odb\u0119dzie si\u0119 05 pa\u017adziernika o godzinie 11 w Ko\u015bciele Ducha \u015awi\u0119tego.<\/div>\n<div dir=\"auto\">&nbsp;<\/div>\n<\/div>\n<div class=\"l7ghb35v kjdc1dyq kmwttqpk gh25dzvf jikcssrz n3t5jt4f\">\n<div dir=\"auto\" style=\"text-align: right;\">Dyrekcja, nauczyciele i pracownicy SP NR 1<\/div>\n<\/div>\n","protected":false},"excerpt":{"rendered":"<p>&#8222;Nie \u017cyjemy, aby umiera\u0107; ale umieramy, aby \u017cy\u0107 wiecznie.&#8221; Michael Buchberger &nbsp; Z ogromnym smutkiem i \u017calem dowiedzieli\u015bmy si\u0119 o odej\u015bciu naszej kole\u017canki Emilii Szczur &#8211; d\u0142ugoletniej nauczycielki Szko\u0142y Podstawowej Nr 1 w Hrubieszowie. Rodzinie, przyjacio\u0142om i znajomym sk\u0142adamy wyrazy wsp\u00f3\u0142czucia. &nbsp; Informujemy, \u017ce pogrzeb \u015bp. Emilii Szczur odb\u0119dzie si\u0119 05 pa\u017adziernika o godzinie 11 [&hellip;]<\/p>\n","protected":false},"author":2,"featured_media":0,"parent":5983,"menu_order":0,"comment_status":"closed","ping_status":"closed","template":"","meta":{"ngg_post_thumbnail":0,"footnotes":""},"class_list":["post-17337","page","type-page","status-publish","hentry"],"_links":{"self":[{"href":"https:\/\/sp1hrubieszow.pl\/index.php\/wp-json\/wp\/v2\/pages\/17337","targetHints":{"allow":["GET"]}}],"collection":[{"href":"https:\/\/sp1hrubieszow.pl\/index.php\/wp-json\/wp\/v2\/pages"}],"about":[{"href":"https:\/\/sp1hrubieszow.pl\/index.php\/wp-json\/wp\/v2\/types\/page"}],"author":[{"embeddable":true,"href":"https:\/\/sp1hrubieszow.pl\/index.php\/wp-json\/wp\/v2\/users\/2"}],"replies":[{"embeddable":true,"href":"https:\/\/sp1hrubieszow.pl\/index.php\/wp-json\/wp\/v2\/comments?post=17337"}],"version-history":[{"count":1,"href":"https:\/\/sp1hrubieszow.pl\/index.php\/wp-json\/wp\/v2\/pages\/17337\/revisions"}],"predecessor-version":[{"id":17338,"href":"https:\/\/sp1hrubieszow.pl\/index.php\/wp-json\/wp\/v2\/pages\/17337\/revisions\/17338"}],"up":[{"embeddable":true,"href":"https:\/\/sp1hrubieszow.pl\/index.php\/wp-json\/wp\/v2\/pages\/5983"}],"wp:attachment":[{"href":"https:\/\/sp1hrubieszow.pl\/index.php\/wp-json\/wp\/v2\/media?parent=17337"}],"curies":[{"name":"wp","href":"https:\/\/api.w.org\/{rel}","templated":true}]}}