{"id":17329,"date":"2022-10-02T12:22:27","date_gmt":"2022-10-02T10:22:27","guid":{"rendered":"https:\/\/sp1hrubieszow.pl\/?page_id=17329"},"modified":"2022-10-02T12:22:40","modified_gmt":"2022-10-02T10:22:40","slug":"gdyby-zyl-mialby-175-lat","status":"publish","type":"page","link":"https:\/\/sp1hrubieszow.pl\/index.php\/kronika-2020-2021\/gdyby-zyl-mialby-175-lat\/","title":{"rendered":"Gdyby \u017cy\u0142, mia\u0142by 175 lat\u2026"},"content":{"rendered":"\n<p><span style=\"color: #000080;\">Babcine ubrania i stare bibeloty otrzyma\u0142y na chwil\u0119 nowe \u017cycie. A wszystko to z okazji wielkiego \u015bwi\u0119ta jakie obchodzi\u0142o miasto Hrubiesz\u00f3w oraz nasza Szko\u0142a Podstawowa nr 1 im. Boles\u0142awa Prusa.<\/span><\/p>\n<p><span style=\"color: #000080;\">Ten wielki pisarz rozs\u0142awi\u0142 Hrubiesz\u00f3w na ca\u0142\u0105 Polsk\u0119, a teraz my sk\u0142adamy w ho\u0142dzie jemu i jego dorobkowi kwiaty.<\/span><\/p>\n<p><span style=\"color: #000080;\">W swojej tw\u00f3rczo\u015bci Boles\u0142aw Prus po\u015bwi\u0119ca\u0142 wiele miejsca problemom wsp\u00f3\u0142czesnym, ale r\u00f3wnie\u017c przedstawia\u0142 losy dzieci, kt\u00f3re by\u0142y mu bliskie w spos\u00f3b szczeg\u00f3lny.<\/span><\/p>\n<p><span style=\"color: #000080;\">Wszystko czego dokona\u0142a ten wielki pisarz zas\u0142uguje zatem na upami\u0119tnienie. I sta\u0142o si\u0119 to 30.09.2022 roku w Hrubieszowie.<\/span><\/p>\n<p><span style=\"color: #000080;\">Ods\u0142oni\u0119cie pami\u0105tkowej tablicy i murali, kt\u00f3re w tym roku ozdobi\u0142y budynki hrubieszowskich szk\u00f3l zapocz\u0105tkowa\u0142y wiele wydarze\u0144, po\u015bwi\u0119conych Boles\u0142awowi Prusowi.<\/span><\/p>\n<p><span style=\"color: #000080;\">Znamienici go\u015bcie poprowadzili uroczysty poch\u00f3d uczni\u00f3w ulicami naszego miasteczka, by pod domem urodzenia Boles\u0142awa Prusa i pod pomnikiem po\u015bwi\u0119conym pisarzowi z\u0142o\u017cy\u0107 symboliczne kwiaty.<\/span><\/p>\n<p><span style=\"color: #000080;\">Poch\u00f3d by\u0142 dla nas szczeg\u00f3ln\u0105 atrakcj\u0105, gdy\u017c od dw\u00f3ch lat symbolem uczni\u00f3w naszej szko\u0142y s\u0105 charakterystyczne meloniki, kt\u00f3re wyr\u00f3\u017cniaj\u0105 nas spo\u015br\u00f3d innych mieszka\u0144c\u00f3w, a bohaterowie \u201eLalki\u201d Boles\u0142awa Prusa, \u0141\u0119cka i Wokulski, patronowali ca\u0142emu przedsi\u0119wzi\u0119ciu.<\/span><\/p>\n<p><span style=\"color: #000080;\">Przem\u00f3wienie Pani Burmistrz Marty Majewskiej, rozdanie nagr\u00f3d konkursowych i niezwyk\u0142y wyk\u0142ad o Prusie pani Joanny Wi\u015bniewskiej, sta\u0142y si\u0119 oficjaln\u0105 cz\u0119\u015bci\u0105 uroczysto\u015bci, zamkni\u0119tej ta\u0144cami dumy naszego miasta, Zespo\u0142u Pie\u015bni i Ta\u0144ca Ziemi Hrubieszowskiej<\/span><\/p>\n<p><span style=\"color: #000080;\">No i przyszed\u0142 czas na artyst\u00f3w ze szko\u0142y Podstawowej nr 1 im. Boles\u0142awa Prusa w Hrubieszowie.<\/span><\/p>\n<p><span style=\"color: #000080;\">Zrezygnowali\u015bmy z konwencjonalnej akademii, kt\u00f3re wszyscy znamy, na rzecz przeniesienia wszystkich go\u015bci do \u015bwiata ukazywanego przez Prusa w jego dzie\u0142ach. Plac przed HDK na godzin\u0119 zamieni\u0142 si\u0119 w ulic\u0119 z \u201eLalki\u201d. Mo\u017cna tam by\u0142o zaj\u015b\u0107 do sklepu Reckiego, zobaczy\u0107 \u0141\u0119ck\u0105 i Wokulskiego w kawiarni oraz podziwia\u0107 muzyk\u0119 kataryniarza i ta\u0144cz\u0105ce przy niej lalki z pozytywki.<\/span><\/p>\n<p><span style=\"color: #000080;\">Kto chcia\u0142 m\u00f3g\u0142 r\u00f3wnie\u017c pozna\u0107 histori\u0119 biednych dzieci, Antka i Rozalki oraz smutne \u017cycie bohater\u00f3w \u201eKamizelki\u201d. W odleg\u0142\u0105 przesz\u0142o\u015b\u0107 zabra\u0142 nas ze sob\u0105 na chwil\u0119 dumny Faraon a swym urokiem zachwyca\u0142y nas r\u00f3wnie\u017c bohaterki noweli Boles\u0142awa Prusa. Wszystkie postaci zabra\u0142y nas w magiczny \u015bwiat ksi\u0105\u017cek wielkiego pisarza, da\u0142y przyjemno\u015b\u0107 podziwiania ich w scenkach kostiumowych, a arty\u015bci, kt\u00f3rzy stali si\u0119 na chwil\u0119 warszawskimi przechodniami, swoj\u0105 autentyczno\u015bci\u0105 uj\u0119li niejednego go\u015bcia.<\/span><\/p>\n<p><span style=\"color: #000080;\">Jeste\u015bmy dumni z naszego przedsi\u0119wzi\u0119cia, kt\u00f3re mo\u017cliwe by\u0142o do zrealizowania dzi\u0119ki zaanga\u017cowaniu Uczni\u00f3w, Rodzic\u00f3w no i oczywi\u015bcie Nauczycieli. To by\u0142 udany dzie\u0144.<\/span><\/p>\nngg_shortcode_0_placeholder\n<p>&nbsp;<\/p>\n<p>&nbsp;<\/p>\n","protected":false},"excerpt":{"rendered":"<p>Babcine ubrania i stare bibeloty otrzyma\u0142y na chwil\u0119 nowe \u017cycie. A wszystko to z okazji wielkiego \u015bwi\u0119ta jakie obchodzi\u0142o miasto Hrubiesz\u00f3w oraz nasza Szko\u0142a Podstawowa nr 1 im. Boles\u0142awa Prusa. Ten wielki pisarz rozs\u0142awi\u0142 Hrubiesz\u00f3w na ca\u0142\u0105 Polsk\u0119, a teraz my sk\u0142adamy w ho\u0142dzie jemu i jego dorobkowi kwiaty. W swojej tw\u00f3rczo\u015bci Boles\u0142aw Prus po\u015bwi\u0119ca\u0142 [&hellip;]<\/p>\n","protected":false},"author":2,"featured_media":0,"parent":5983,"menu_order":0,"comment_status":"closed","ping_status":"closed","template":"","meta":{"ngg_post_thumbnail":0,"footnotes":""},"class_list":["post-17329","page","type-page","status-publish","hentry"],"_links":{"self":[{"href":"https:\/\/sp1hrubieszow.pl\/index.php\/wp-json\/wp\/v2\/pages\/17329","targetHints":{"allow":["GET"]}}],"collection":[{"href":"https:\/\/sp1hrubieszow.pl\/index.php\/wp-json\/wp\/v2\/pages"}],"about":[{"href":"https:\/\/sp1hrubieszow.pl\/index.php\/wp-json\/wp\/v2\/types\/page"}],"author":[{"embeddable":true,"href":"https:\/\/sp1hrubieszow.pl\/index.php\/wp-json\/wp\/v2\/users\/2"}],"replies":[{"embeddable":true,"href":"https:\/\/sp1hrubieszow.pl\/index.php\/wp-json\/wp\/v2\/comments?post=17329"}],"version-history":[{"count":1,"href":"https:\/\/sp1hrubieszow.pl\/index.php\/wp-json\/wp\/v2\/pages\/17329\/revisions"}],"predecessor-version":[{"id":17330,"href":"https:\/\/sp1hrubieszow.pl\/index.php\/wp-json\/wp\/v2\/pages\/17329\/revisions\/17330"}],"up":[{"embeddable":true,"href":"https:\/\/sp1hrubieszow.pl\/index.php\/wp-json\/wp\/v2\/pages\/5983"}],"wp:attachment":[{"href":"https:\/\/sp1hrubieszow.pl\/index.php\/wp-json\/wp\/v2\/media?parent=17329"}],"curies":[{"name":"wp","href":"https:\/\/api.w.org\/{rel}","templated":true}]}}