{"id":1715,"date":"2019-08-13T10:56:28","date_gmt":"2019-08-13T08:56:28","guid":{"rendered":"http:\/\/sp1.hrubieszow.info\/?page_id=1715"},"modified":"2019-10-15T12:15:31","modified_gmt":"2019-10-15T10:15:31","slug":"podreczniki-na-nowy-rok-szkolny","status":"publish","type":"page","link":"https:\/\/sp1hrubieszow.pl\/index.php\/kronika-2019-2020\/podreczniki-na-nowy-rok-szkolny\/","title":{"rendered":"PODR\u0118CZNIKI NA NOWY ROK SZKOLNY"},"content":{"rendered":"\n<p><a href=\"http:\/\/sp1.hrubieszow.info\/wp-content\/uploads\/2019\/08\/wykaz-podr\u0119cznik\u00f3w-do-klasy-3-i-6.docx\">wykaz podr\u0119cznik\u00f3w do klasy 3 i 6<\/a><\/p>\n<p><a href=\"http:\/\/sp1.hrubieszow.info\/wp-content\/uploads\/2019\/08\/WYKAZ-PODR\u0118CZNIK\u00d3W-W-SZKOLE-PODSTAWOWEJ-Nr-1-1.docx\">WYKAZ PODR\u0118CZNIK\u00d3W W SZKOLE PODSTAWOWEJ Nr 1<\/a><\/p>\n<p><a href=\"http:\/\/sp1.hrubieszow.info\/wp-content\/uploads\/2019\/08\/religia-podreczniki-1.docx\">religia -podreczniki<\/a><\/p>\n<p>&nbsp;<\/p>\n","protected":false},"excerpt":{"rendered":"<p>wykaz podr\u0119cznik\u00f3w do klasy 3 i 6 WYKAZ PODR\u0118CZNIK\u00d3W W SZKOLE PODSTAWOWEJ Nr 1 religia -podreczniki &nbsp;<\/p>\n","protected":false},"author":2,"featured_media":0,"parent":2167,"menu_order":2,"comment_status":"closed","ping_status":"closed","template":"","meta":{"ngg_post_thumbnail":0,"footnotes":""},"class_list":["post-1715","page","type-page","status-publish","hentry"],"_links":{"self":[{"href":"https:\/\/sp1hrubieszow.pl\/index.php\/wp-json\/wp\/v2\/pages\/1715","targetHints":{"allow":["GET"]}}],"collection":[{"href":"https:\/\/sp1hrubieszow.pl\/index.php\/wp-json\/wp\/v2\/pages"}],"about":[{"href":"https:\/\/sp1hrubieszow.pl\/index.php\/wp-json\/wp\/v2\/types\/page"}],"author":[{"embeddable":true,"href":"https:\/\/sp1hrubieszow.pl\/index.php\/wp-json\/wp\/v2\/users\/2"}],"replies":[{"embeddable":true,"href":"https:\/\/sp1hrubieszow.pl\/index.php\/wp-json\/wp\/v2\/comments?post=1715"}],"version-history":[{"count":3,"href":"https:\/\/sp1hrubieszow.pl\/index.php\/wp-json\/wp\/v2\/pages\/1715\/revisions"}],"predecessor-version":[{"id":1725,"href":"https:\/\/sp1hrubieszow.pl\/index.php\/wp-json\/wp\/v2\/pages\/1715\/revisions\/1725"}],"up":[{"embeddable":true,"href":"https:\/\/sp1hrubieszow.pl\/index.php\/wp-json\/wp\/v2\/pages\/2167"}],"wp:attachment":[{"href":"https:\/\/sp1hrubieszow.pl\/index.php\/wp-json\/wp\/v2\/media?parent=1715"}],"curies":[{"name":"wp","href":"https:\/\/api.w.org\/{rel}","templated":true}]}}